000
CDUS43 KUNR 180043
CLIUNR


CLIMATE REPORT
NATIONAL WEATHER SERVICE RAPID CITY SD
643 PM MDT WED SEP 17 2014


...................................

...THE EAST RAPID CITY SD CLIMATE SUMMARY FOR SEPTEMBER 17 2014...
VALID TODAY AS OF 0500 PM LOCAL TIME.

CLIMATE NORMAL PERIOD 1981 TO 2010
CLIMATE RECORD PERIOD 1888 TO 2014


WEATHER ITEM   OBSERVED RECORD YEAR NORMAL DEPARTURE LAST
                VALUE   VALUE       VALUE  FROM      YEAR
                                           NORMAL
...........................................................
TEMPERATURE (F)
 TODAY
  MAXIMUM         78     94    2000  72      6       90
  MINIMUM         57     30    1901  50      7       52
  AVERAGE         68                 61      7       71

PRECIPITATION (IN)
  TODAY            0.00   1.10 1908   0.05  -0.05     0.00
  MONTH TO DATE    0.99               0.89   0.10     0.58
  SINCE SEP 1      0.99               0.89   0.10     0.58
  SINCE JAN 1     18.39              16.57   1.82    16.33

SNOWFALL (IN)
  TODAY            0.0                0.0    0.0      0.0
  MONTH TO DATE    1.6                0.0    1.6      0.0
  SINCE SEP 1      1.6                0.0    1.6      0.0
  SINCE JUL 1      1.6                0.0    1.6      0.0
  SNOW DEPTH       0

DEGREE DAYS
 HEATING
  TODAY            0                  6     -6        0
  MONTH TO DATE  148                 64     84       13
  SINCE SEP 1    148                 64     84       13
  SINCE JUL 1    172                 94     78       19

 COOLING
  TODAY            3                  2      1        6
  MONTH TO DATE   29                 55    -26      120
  SINCE SEP 1     29                 55    -26      120
  SINCE JAN 1    465                650   -185      805
...........................................................





WEATHER CONDITIONS
 THE FOLLOWING WEATHER WAS RECORDED TODAY.
  NO SIGNIFICANT WEATHER WAS OBSERVED.


..........................................................


THE EAST RAPID CITY SD CLIMATE NORMALS FOR TOMORROW
                         NORMAL    RECORD    YEAR
 MAXIMUM TEMPERATURE (F)   71        96      2004
 MINIMUM TEMPERATURE (F)   49        27      1901


SUNRISE AND SUNSET
SEPTEMBER 17 2014.....SUNRISE   634 AM MDT   SUNSET   659 PM MDT
SEPTEMBER 18 2014.....SUNRISE   635 AM MDT   SUNSET   658 PM MDT


-  INDICATES NEGATIVE NUMBERS.
R  INDICATES RECORD WAS SET OR TIED.
MM INDICATES DATA IS MISSING.
T  INDICATES TRACE AMOUNT.




$$
