000
CDUS43 KUNR 170921
CLIUNR


CLIMATE REPORT
NATIONAL WEATHER SERVICE RAPID CITY SD
221 AM MST WED JAN 17 2018


...................................

...THE EAST RAPID CITY SD CLIMATE SUMMARY FOR JANUARY 16 2018...

CLIMATE NORMAL PERIOD 1981 TO 2010
CLIMATE RECORD PERIOD 1888 TO 2018


WEATHER ITEM   OBSERVED RECORD YEAR NORMAL DEPARTURE LAST
                VALUE   VALUE       VALUE  FROM      YEAR
                                           NORMAL
...........................................................
TEMPERATURE (F)
 YESTERDAY
  MAXIMUM         26     65    1972  38    -12       38
  MINIMUM        -13    -22    1916  16    -29       23
  AVERAGE          7                 27    -20       31

PRECIPITATION (IN)
  YESTERDAY        0.00   0.20 1897   0.01  -0.01     0.00
  MONTH TO DATE    0.21               0.14   0.07     0.12
  SINCE DEC 1      0.51               0.46   0.05     0.94
  SINCE JAN 1      0.21               0.14   0.07     0.12

SNOWFALL (IN)
  YESTERDAY        0.0    2.3  1936   0.2   -0.2      0.0
  MONTH TO DATE    2.9                2.5    0.4      3.6
  SINCE DEC 1     10.2                7.7    2.5     15.7
  SINCE JUL 1     11.3               16.3   -5.0     19.4
  SNOW DEPTH       1

DEGREE DAYS
 HEATING
  YESTERDAY       58                 38     20       34
  MONTH TO DATE  705                608     97      827
  SINCE DEC 1   1896               1775    121     2220
  SINCE JUL 1   3276               3355    -79     3251

 COOLING
  YESTERDAY        0                  0      0        0
  MONTH TO DATE    0                  0      0        0
  SINCE DEC 1      0                  0      0        0
  SINCE JAN 1      0                  0      0        0
...........................................................


WIND (MPH)
  HIGHEST GUST SPEED    21   HIGHEST GUST DIRECTION    SE (140)



WEATHER CONDITIONS
 THE FOLLOWING WEATHER WAS RECORDED YESTERDAY.
  NO SIGNIFICANT WEATHER WAS OBSERVED.


..........................................................


THE EAST RAPID CITY SD CLIMATE NORMALS FOR TODAY
                         NORMAL    RECORD    YEAR
 MAXIMUM TEMPERATURE (F)   38        64      1946
 MINIMUM TEMPERATURE (F)   16       -33      1930


SUNRISE AND SUNSET
JANUARY 17 2018.......SUNRISE   723 AM MST   SUNSET   443 PM MST
JANUARY 18 2018.......SUNRISE   723 AM MST   SUNSET   444 PM MST


-  INDICATES NEGATIVE NUMBERS.
R  INDICATES RECORD WAS SET OR TIED.
MM INDICATES DATA IS MISSING.
T  INDICATES TRACE AMOUNT.




$$
