444
CDUS43 KUNR 240039
CLIUNR


CLIMATE REPORT
NATIONAL WEATHER SERVICE RAPID CITY SD
639 PM MDT MON OCT 23 2017


...................................

...THE EAST RAPID CITY SD CLIMATE SUMMARY FOR OCTOBER 23 2017...
VALID TODAY AS OF 0500 PM LOCAL TIME.

CLIMATE NORMAL PERIOD 1981 TO 2010
CLIMATE RECORD PERIOD 1888 TO 2017


WEATHER ITEM   OBSERVED RECORD YEAR NORMAL DEPARTURE LAST
                VALUE   VALUE       VALUE  FROM      YEAR
                                           NORMAL
...........................................................
TEMPERATURE (F)
 TODAY
  MAXIMUM         55     82    1952  57     -2       62
  MINIMUM         48     18    2002  35     13       40
                               1917
  AVERAGE         52                 46      6       51

PRECIPITATION (IN)
  TODAY            T      0.35 1925   0.05  -0.05     0.00
  MONTH TO DATE    0.75               1.26  -0.51     0.48
  SINCE SEP 1      2.37               2.80  -0.43     1.35
  SINCE JAN 1     12.34              18.48  -6.14    12.65

SNOWFALL (IN)
  TODAY            0.0    2.5  1925   0.2   -0.2      0.0
  MONTH TO DATE    0.0                1.2   -1.2       T
  SINCE SEP 1      0.0                1.3   -1.3       T
  SINCE JUL 1      0.0                1.3   -1.3       T
  SNOW DEPTH       0

DEGREE DAYS
 HEATING
  TODAY           13                 19     -6       14
  MONTH TO DATE  271                356    -85      280
  SINCE SEP 1    453                535    -82      379
  SINCE JUL 1    458                565   -107      404

 COOLING
  TODAY            0                  0      0        0
  MONTH TO DATE    2                  0      2        2
  SINCE SEP 1    115                 66     49       49
  SINCE JAN 1    852                661    191      809
...........................................................





WEATHER CONDITIONS
 THE FOLLOWING WEATHER WAS RECORDED TODAY.
  LIGHT RAIN


..........................................................


THE EAST RAPID CITY SD CLIMATE NORMALS FOR TOMORROW
                         NORMAL    RECORD    YEAR
 MAXIMUM TEMPERATURE (F)   56        81      1965
 MINIMUM TEMPERATURE (F)   35        15      1919


SUNRISE AND SUNSET
OCTOBER 23 2017.......SUNRISE   718 AM MDT   SUNSET   556 PM MDT
OCTOBER 24 2017.......SUNRISE   719 AM MDT   SUNSET   554 PM MDT


-  INDICATES NEGATIVE NUMBERS.
R  INDICATES RECORD WAS SET OR TIED.
MM INDICATES DATA IS MISSING.
T  INDICATES TRACE AMOUNT.




$$
