000
CDUS43 KUNR 200836
CLIUNR


CLIMATE REPORT
NATIONAL WEATHER SERVICE RAPID CITY SD
234 AM MDT SUN APR 20 2014


...................................

...THE EAST RAPID CITY SD CLIMATE SUMMARY FOR APRIL 19 2014...

CLIMATE NORMAL PERIOD 1981 TO 2010
CLIMATE RECORD PERIOD 1888 TO 2014


WEATHER ITEM   OBSERVED RECORD YEAR NORMAL DEPARTURE LAST
                VALUE   VALUE       VALUE  FROM      YEAR
                                           NORMAL
...........................................................
TEMPERATURE (F)
 YESTERDAY
  MAXIMUM         65     85    1936  57      8       38
  MINIMUM         43     18    1966  35      8       28
  AVERAGE         54                 46      8       33

PRECIPITATION (IN)
  YESTERDAY        0.00   1.63 1891   0.08  -0.08     0.03
  MONTH TO DATE    0.68               1.15  -0.47     2.01
  SINCE MAR 1      1.81               2.14  -0.33     2.70
  SINCE JAN 1      2.32               2.91  -0.59     3.38

SNOWFALL (IN)
  YESTERDAY        0.0                0.2   -0.2      0.4
  MONTH TO DATE    7.8                6.4    1.4     29.8
  SINCE MAR 1     22.2               18.2    4.0     41.6
  SINCE JUL 1     72.3               44.9   27.4     63.3
  SNOW DEPTH       0

DEGREE DAYS
 HEATING
  YESTERDAY       11                 19     -8       32
  MONTH TO DATE  433                420     13      591
  SINCE MAR 1   1453               1328    125     1535
  SINCE JUL 1   6801               6282    519     6163

 COOLING
  YESTERDAY        0                  0      0        0
  MONTH TO DATE    0                  0      0        0
  SINCE MAR 1      0                  0      0        0
  SINCE JAN 1      0                  0      0        0
...........................................................


WIND (MPH)
  HIGHEST GUST SPEED    38   HIGHEST GUST DIRECTION    NW (320)



WEATHER CONDITIONS
 THE FOLLOWING WEATHER WAS RECORDED YESTERDAY.
  NO SIGNIFICANT WEATHER WAS OBSERVED.


..........................................................


THE EAST RAPID CITY SD CLIMATE NORMALS FOR TODAY
                         NORMAL    RECORD    YEAR
 MAXIMUM TEMPERATURE (F)   57        88      1910
 MINIMUM TEMPERATURE (F)   36        11      1927


SUNRISE AND SUNSET
APRIL 20 2014.........SUNRISE   601 AM MDT   SUNSET   743 PM MDT
APRIL 21 2014.........SUNRISE   600 AM MDT   SUNSET   744 PM MDT


-  INDICATES NEGATIVE NUMBERS.
R  INDICATES RECORD WAS SET OR TIED.
MM INDICATES DATA IS MISSING.
T  INDICATES TRACE AMOUNT.




$$
