079
CDUS43 KUNR 080832
CLIUNR


CLIMATE REPORT
NATIONAL WEATHER SERVICE RAPID CITY SD
131 AM MST MON FEB 8 2016


...................................

...THE EAST RAPID CITY SD CLIMATE SUMMARY FOR FEBRUARY 7 2016...

CLIMATE NORMAL PERIOD 1981 TO 2010
CLIMATE RECORD PERIOD 1888 TO 2016


WEATHER ITEM   OBSERVED RECORD YEAR NORMAL DEPARTURE LAST
                VALUE   VALUE       VALUE  FROM      YEAR
                                           NORMAL
...........................................................
TEMPERATURE (F)
 YESTERDAY
  MAXIMUM         38     69    2015  37      1       69
  MINIMUM         30    -28    1933  17     13       52
  AVERAGE         34                 27      7       61

PRECIPITATION (IN)
  YESTERDAY        0.00   0.51 1888   0.02  -0.02     0.00
  MONTH TO DATE    0.24               0.12   0.12     0.01
  SINCE DEC 1      1.14               0.73   0.41     0.54
  SINCE JAN 1      0.41               0.41   0.00     0.16

SNOWFALL (IN)
  YESTERDAY        0.0   10.8  2001   0.2   -0.2      0.0
  MONTH TO DATE    3.8                1.8    2.0      0.4
  SINCE DEC 1     21.8               12.5    9.3     12.2
  SINCE JUL 1     27.8               21.1    6.7     27.5
  SNOW DEPTH       T

DEGREE DAYS
 HEATING
  YESTERDAY       31                 38     -7        4
  MONTH TO DATE  234                266    -32      229
  SINCE DEC 1   2460               2614   -154     2319
  SINCE JUL 1   3718               4194   -476     3933

 COOLING
  YESTERDAY        0                  0      0        0
  MONTH TO DATE    0                  0      0        0
  SINCE DEC 1      0                  0      0        0
  SINCE JAN 1      0                  0      0        0
...........................................................


WIND (MPH)
  HIGHEST GUST SPEED    72   HIGHEST GUST DIRECTION    NW (320)



WEATHER CONDITIONS
 THE FOLLOWING WEATHER WAS RECORDED YESTERDAY.
  NO SIGNIFICANT WEATHER WAS OBSERVED.


..........................................................


THE EAST RAPID CITY SD CLIMATE NORMALS FOR TODAY
                         NORMAL    RECORD    YEAR
 MAXIMUM TEMPERATURE (F)   37        74      1954
 MINIMUM TEMPERATURE (F)   17       -33      1936


SUNRISE AND SUNSET
FEBRUARY  8 2016......SUNRISE   702 AM MST   SUNSET   512 PM MST
FEBRUARY  9 2016......SUNRISE   701 AM MST   SUNSET   514 PM MST


-  INDICATES NEGATIVE NUMBERS.
R  INDICATES RECORD WAS SET OR TIED.
MM INDICATES DATA IS MISSING.
T  INDICATES TRACE AMOUNT.




$$
