415
CDUS43 KUNR 190832
CLIUNR


CLIMATE REPORT
NATIONAL WEATHER SERVICE RAPID CITY SD
231 AM MDT SAT AUG 19 2017


...................................

...THE EAST RAPID CITY SD CLIMATE SUMMARY FOR AUGUST 18 2017...

CLIMATE NORMAL PERIOD 1981 TO 2010
CLIMATE RECORD PERIOD 1888 TO 2017


WEATHER ITEM   OBSERVED RECORD YEAR NORMAL DEPARTURE LAST
                VALUE   VALUE       VALUE  FROM      YEAR
                                           NORMAL
...........................................................
TEMPERATURE (F)
 YESTERDAY
  MAXIMUM         85    101    1959  84      1       76
  MINIMUM         63     48    1950  60      3       61
  AVERAGE         74                 72      2       69

PRECIPITATION (IN)
  YESTERDAY        0.00   0.92 1968   0.06  -0.06     0.02
  MONTH TO DATE    2.39               1.31   1.08     1.91
  SINCE JUN 1      5.16               6.97  -1.81     5.35
  SINCE JAN 1      9.79              15.02  -5.23     9.89

SNOWFALL (IN)
  YESTERDAY        0.0    0.0  2002   0.0    0.0      0.0
                               2001
                               1949
  MONTH TO DATE    0.0                0.0    0.0      0.0
  SINCE JUN 1      0.0                0.0    0.0      0.0
  SINCE JUL 1      0.0                0.0    0.0      0.0
  SNOW DEPTH       0

DEGREE DAYS
 HEATING
  YESTERDAY        0                  0      0        0
  MONTH TO DATE    5                  0      5        0
  SINCE JUN 1     17                100    -83        6
  SINCE JUL 1      5                 12     -7        1

 COOLING
  YESTERDAY        9                  7      2        4
  MONTH TO DATE   60                149    -89      165
  SINCE JUN 1    626                500    126      695
  SINCE JAN 1    639                518    121      701
...........................................................


WIND (MPH)
  HIGHEST GUST SPEED    24   HIGHEST GUST DIRECTION    NE (30)



WEATHER CONDITIONS
 THE FOLLOWING WEATHER WAS RECORDED YESTERDAY.
  NO SIGNIFICANT WEATHER WAS OBSERVED.


..........................................................


THE EAST RAPID CITY SD CLIMATE NORMALS FOR TODAY
                         NORMAL    RECORD    YEAR
 MAXIMUM TEMPERATURE (F)   84       100      1948
 MINIMUM TEMPERATURE (F)   60        46      1908


SUNRISE AND SUNSET
AUGUST 19 2017........SUNRISE   601 AM MDT   SUNSET   750 PM MDT
AUGUST 20 2017........SUNRISE   603 AM MDT   SUNSET   749 PM MDT


-  INDICATES NEGATIVE NUMBERS.
R  INDICATES RECORD WAS SET OR TIED.
MM INDICATES DATA IS MISSING.
T  INDICATES TRACE AMOUNT.




$$
