000
CDUS43 KUNR 290830
CLIUNR


CLIMATE REPORT
NATIONAL WEATHER SERVICE RAPID CITY SD
230 AM MDT SAT AUG 29 2015


...................................

...THE EAST RAPID CITY SD CLIMATE SUMMARY FOR AUGUST 28 2015...

CLIMATE NORMAL PERIOD 1981 TO 2010
CLIMATE RECORD PERIOD 1888 TO 2015


WEATHER ITEM   OBSERVED RECORD YEAR NORMAL DEPARTURE LAST
                VALUE   VALUE       VALUE  FROM      YEAR
                                           NORMAL
...........................................................
TEMPERATURE (F)
 YESTERDAY
  MAXIMUM         85     98    2012  81      4       76
                               1924
  MINIMUM         62     36    1911  57      5       61
  AVERAGE         74                 69      5       69

PRECIPITATION (IN)
  YESTERDAY        0.00   0.78 1933   0.05  -0.05     0.00
  MONTH TO DATE    1.87               1.82   0.05     3.51
  SINCE JUN 1     12.36               7.48   4.88    10.98
  SINCE JAN 1     21.72              15.53   6.19    16.16

SNOWFALL (IN)
  YESTERDAY        0.0    0.0  2002   0.0    0.0      0.0
                               2001
                               2000
  MONTH TO DATE    0.0                0.0    0.0      0.0
  SINCE JUN 1      0.0                0.0    0.0      0.0
  SINCE JUL 1      0.0                0.0    0.0      0.0
  SNOW DEPTH       0

DEGREE DAYS
 HEATING
  YESTERDAY        0                  1     -1        0
  MONTH TO DATE   29                  8     21       10
  SINCE JUN 1     63                108    -45      129
  SINCE JUL 1     30                 20     10       21

 COOLING
  YESTERDAY        9                  5      4        4
  MONTH TO DATE  203                211     -8      163
  SINCE JUN 1    533                562    -29      400
  SINCE JAN 1    541                580    -39      428
...........................................................


WIND (MPH)
  HIGHEST GUST SPEED    18   HIGHEST GUST DIRECTION    NW (320)



WEATHER CONDITIONS
 THE FOLLOWING WEATHER WAS RECORDED YESTERDAY.
  NO SIGNIFICANT WEATHER WAS OBSERVED.


..........................................................


THE EAST RAPID CITY SD CLIMATE NORMALS FOR TODAY
                         NORMAL    RECORD    YEAR
 MAXIMUM TEMPERATURE (F)   81       106      2012
 MINIMUM TEMPERATURE (F)   57        43      1935


SUNRISE AND SUNSET
AUGUST 29 2015........SUNRISE   612 AM MDT   SUNSET   734 PM MDT
AUGUST 30 2015........SUNRISE   613 AM MDT   SUNSET   733 PM MDT


-  INDICATES NEGATIVE NUMBERS.
R  INDICATES RECORD WAS SET OR TIED.
MM INDICATES DATA IS MISSING.
T  INDICATES TRACE AMOUNT.




$$
