000
CDUS44 KCRP 260748
CLIVCT

CLIMATE REPORT
NATIONAL WEATHER SERVICE CORPUS CHRISTI TX
248 AM CDT WED APR 26 2017


...................................

...THE VICTORIA CLIMATE SUMMARY FOR APRIL 25 2017...

CLIMATE NORMAL PERIOD 1981 TO 2010
CLIMATE RECORD PERIOD 1893 TO 2017


WEATHER ITEM   OBSERVED TIME   RECORD YEAR NORMAL DEPARTURE LAST
                VALUE   (LST)  VALUE       VALUE  FROM      YEAR
                                                  NORMAL
..................................................................
TEMPERATURE (F)
 YESTERDAY
  MAXIMUM         86   1152 AM  96    1932  82      4       86
  MINIMUM         60    123 AM  45    1910  62     -2       68
  AVERAGE         73                        72      1       77

PRECIPITATION (IN)
  YESTERDAY        0.00          2.75 1966   0.10  -0.10     0.00
  MONTH TO DATE    2.78                      2.25   0.53     4.38
  SINCE MAR 1      7.76                      5.02   2.74     8.70
  SINCE JAN 1     16.36                      9.62   6.74    13.64

SNOWFALL (IN)
  YESTERDAY        0.0
  MONTH TO DATE    0.0
  SINCE MAR 1      0.0
  SINCE JUL 1      0.0
  SNOW DEPTH       0

DEGREE DAYS
 HEATING
  YESTERDAY        0                         0      0        0
  MONTH TO DATE    2                        29    -27        9
  SINCE MAR 1     36                       154   -118       63
  SINCE JUL 1    567                      1247   -680      913

 COOLING
  YESTERDAY        8                         7      1       12
  MONTH TO DATE  189                       136     53      124
  SINCE MAR 1    369                       210    159      246
  SINCE JAN 1    576                       248    328      281
..................................................................


WIND (MPH)
  HIGHEST WIND SPEED    29   HIGHEST WIND DIRECTION     S (160)
  HIGHEST GUST SPEED    34   HIGHEST GUST DIRECTION     S (160)
  AVERAGE WIND SPEED    16.6


SKY COVER
  POSSIBLE SUNSHINE  MM
  AVERAGE SKY COVER 0.7


WEATHER CONDITIONS
 THE FOLLOWING WEATHER WAS RECORDED YESTERDAY.
  NO SIGNIFICANT WEATHER WAS OBSERVED.


RELATIVE HUMIDITY (PERCENT)
 HIGHEST    93           300 AM
 LOWEST     55          1200 PM
 AVERAGE    74

..........................................................


THE VICTORIA CLIMATE NORMALS FOR TODAY
                         NORMAL    RECORD    YEAR
 MAXIMUM TEMPERATURE (F)   83        96      1933
 MINIMUM TEMPERATURE (F)   62        46      1913


SUNRISE AND SUNSET
APRIL 26 2017.........SUNRISE   651 AM CDT   SUNSET   800 PM CDT
APRIL 27 2017.........SUNRISE   650 AM CDT   SUNSET   801 PM CDT


-  INDICATES NEGATIVE NUMBERS.
R  INDICATES RECORD WAS SET OR TIED.
MM INDICATES DATA IS MISSING.
T  INDICATES TRACE AMOUNT.




$$
