000
CDUS44 KCRP 180045 RRA
CLIVCT

CLIMATE REPORT
NATIONAL WEATHER SERVICE CORPUS CHRISTI TX
640 PM CST SUN DEC 17 2017


...................................

...THE VICTORIA CLIMATE SUMMARY FOR DECEMBER 17 2017...
VALID TODAY AS OF 600 PM LOCAL TIME.

CLIMATE NORMAL PERIOD 1981 TO 2010
CLIMATE RECORD PERIOD 1893 TO 2017


WEATHER ITEM   OBSERVED TIME   RECORD YEAR NORMAL DEPARTURE LAST
                VALUE   (LST)  VALUE       VALUE  FROM      YEAR
                                                  NORMAL
..................................................................
TEMPERATURE (F)
 TODAY
  MAXIMUM         56    426 PM  84    1939  66    -10       83
  MINIMUM         47    551 AM  21    1932  44      3       43
  AVERAGE         52                        55     -3       63

PRECIPITATION (IN)
  TODAY            0.00          1.61 1995   0.07  -0.07     0.00
  MONTH TO DATE    1.77                      1.28   0.49     2.68
  SINCE DEC 1      1.77                      1.28   0.49     2.68
  SINCE JAN 1     46.35                     40.19   6.16    38.92

SNOWFALL (IN)
  TODAY            0.0
  MONTH TO DATE    2.0
  SINCE DEC 1      2.0
  SINCE JUL 1      2.0
  SNOW DEPTH       0

DEGREE DAYS
 HEATING
  TODAY           13                        11      2        2
  MONTH TO DATE  189                       167     22      132
  SINCE DEC 1    189                       167     22      132
  SINCE JUL 1    307                       330    -23      182

 COOLING
  TODAY            0                         1     -1        0
  MONTH TO DATE   14                        17     -3        2
  SINCE DEC 1     14                        17     -3        2
  SINCE JAN 1   3695                      3140    555     3429
..................................................................


WIND (MPH)
  HIGHEST WIND SPEED    10   HIGHEST WIND DIRECTION    NW (330)
  HIGHEST GUST SPEED    13   HIGHEST GUST DIRECTION    NW (330)


SKY COVER
  POSSIBLE SUNSHINE  MM
  AVERAGE SKY COVER 1.0


WEATHER CONDITIONS
 THE FOLLOWING WEATHER WAS RECORDED TODAY.
  FOG


RELATIVE HUMIDITY (PERCENT)
 HIGHEST   100           500 AM
 LOWEST     83           300 PM
 AVERAGE    92

..........................................................


THE VICTORIA CLIMATE NORMALS FOR TOMORROW
                         NORMAL    RECORD    YEAR
 MAXIMUM TEMPERATURE (F)   66        84      1924
 MINIMUM TEMPERATURE (F)   44        23      1996


SUNRISE AND SUNSET
DECEMBER 17 2017......SUNRISE   715 AM CST   SUNSET   533 PM CST
DECEMBER 18 2017......SUNRISE   715 AM CST   SUNSET   534 PM CST


-  INDICATES NEGATIVE NUMBERS.
R  INDICATES RECORD WAS SET OR TIED.
MM INDICATES DATA IS MISSING.
T  INDICATES TRACE AMOUNT.




$$
