000
CDUS44 KCRP 260035
CLIVCT

CLIMATE REPORT
NATIONAL WEATHER SERVICE CORPUS CHRISTI TX
731 PM CDT TUE JUL 25 2017

...................................

...THE VICTORIA CLIMATE SUMMARY FOR JULY 25 2017...
VALID TODAY AS OF 700 PM LOCAL TIME.

CLIMATE NORMAL PERIOD 1981 TO 2010
CLIMATE RECORD PERIOD 1893 TO 2017


WEATHER ITEM   OBSERVED TIME   RECORD YEAR NORMAL DEPARTURE LAST
                VALUE   (LST)  VALUE       VALUE  FROM      YEAR
                                                  NORMAL
..................................................................
TEMPERATURE (F)
 TODAY
  MAXIMUM         99    150 PM 105    1954  95      4       98
  MINIMUM         76    440 AM  64    1915  74      2       75
  AVERAGE         88                        84      4       87

PRECIPITATION (IN)
  TODAY            0.00          2.10 2006   0.12  -0.12     0.00
  MONTH TO DATE    0.37                      3.51  -3.14     0.04
  SINCE JUN 1      3.88                      7.97  -4.09     3.22
  SINCE JAN 1     23.46                     23.35   0.11    23.44

SNOWFALL (IN)
  TODAY            0.0
  MONTH TO DATE    0.0
  SINCE JUN 1      0.0
  SINCE JUL 1      0.0
  SNOW DEPTH       0

DEGREE DAYS
 HEATING
  TODAY            0                         0      0        0
  MONTH TO DATE    0                         0      0        0
  SINCE JUN 1      0                         0      0        0
  SINCE JUL 1      0                         0      0        0

 COOLING
  TODAY           23                        19      4       22
  MONTH TO DATE  517                       470     47      537
  SINCE JUN 1   1077                       978     99     1067
  SINCE JAN 1   2089                      1637    452     1780
..................................................................


WIND (MPH)
  HIGHEST WIND SPEED    24   HIGHEST WIND DIRECTION     S (170)
  HIGHEST GUST SPEED    29   HIGHEST GUST DIRECTION    SE (140)


SKY COVER
  POSSIBLE SUNSHINE  MM
  AVERAGE SKY COVER 0.2


WEATHER CONDITIONS
 THE FOLLOWING WEATHER WAS RECORDED TODAY.
  NO SIGNIFICANT WEATHER WAS OBSERVED.


RELATIVE HUMIDITY (PERCENT)
 HIGHEST    88           100 AM
 LOWEST     35           100 PM
 AVERAGE    62

..........................................................


THE VICTORIA CLIMATE NORMALS FOR TOMORROW
                         NORMAL    RECORD    YEAR
 MAXIMUM TEMPERATURE (F)   95       107      1954
 MINIMUM TEMPERATURE (F)   74        69      1904


SUNRISE AND SUNSET
JULY 25 2017..........SUNRISE   645 AM CDT   SUNSET   823 PM CDT
JULY 26 2017..........SUNRISE   646 AM CDT   SUNSET   823 PM CDT


-  INDICATES NEGATIVE NUMBERS.
R  INDICATES RECORD WAS SET OR TIED.
MM INDICATES DATA IS MISSING.
T  INDICATES TRACE AMOUNT.




$$
