000
CDUS44 KCRP 191038
CLIVCT

CLIMATE REPORT
NATIONAL WEATHER SERVICE CORPUS CHRISTI TX
436 AM CST THU JAN 19 2017

...THE VICTORIA CLIMATE SUMMARY FOR JANUARY 18 2017...

CLIMATE NORMAL PERIOD 1981 TO 2010
CLIMATE RECORD PERIOD 1893 TO 2017


WEATHER ITEM   OBSERVED TIME   RECORD YEAR NORMAL DEPARTURE LAST
                VALUE   (LST)  VALUE       VALUE  FROM      YEAR
                                                  NORMAL
..................................................................
TEMPERATURE (F)
 YESTERDAY
  MAXIMUM         62    119 AM  84    1938  65     -3       66
  MINIMUM         53   1103 AM   9    1930  43     10       38
  AVERAGE         58                        54      4       52

PRECIPITATION (IN)
  YESTERDAY        0.97          1.35 1991   0.08   0.89     0.00
  MONTH TO DATE    1.76                      1.49   0.27     3.08
  SINCE DEC 1      4.77                      3.80   0.97     4.68
  SINCE JAN 1      1.76                      1.49   0.27     3.08

SNOWFALL (IN)
  YESTERDAY        0.0
  MONTH TO DATE    0.0
  SINCE DEC 1      0.0
  SINCE JUL 1      0.0
  SNOW DEPTH       0

DEGREE DAYS
 HEATING
  YESTERDAY        7                        12     -5       13
  MONTH TO DATE  121                       216    -95      243
  SINCE DEC 1    356                       547   -191      456
  SINCE JUL 1    406                       710   -304      554

 COOLING
  YESTERDAY        0                         0      0        0
  MONTH TO DATE   60                         7     53        0
  SINCE DEC 1    117                        34     83       56
  SINCE JAN 1     60                         7     53        0
..................................................................


WIND (MPH)
  HIGHEST WIND SPEED    15   HIGHEST WIND DIRECTION    NW (330)
  HIGHEST GUST SPEED    19   HIGHEST GUST DIRECTION    NW (320)
  AVERAGE WIND SPEED     8.9


SKY COVER
  POSSIBLE SUNSHINE  MM
  AVERAGE SKY COVER 0.9


WEATHER CONDITIONS
 THE FOLLOWING WEATHER WAS RECORDED YESTERDAY.
  THUNDERSTORM
  HEAVY RAIN
  RAIN
  LIGHT RAIN
  FOG


RELATIVE HUMIDITY (PERCENT)
 HIGHEST    97           200 AM
 LOWEST     84           300 PM
 AVERAGE    91

..........................................................


THE VICTORIA CLIMATE NORMALS FOR TODAY
                         NORMAL    RECORD    YEAR
 MAXIMUM TEMPERATURE (F)   65        84      2000
 MINIMUM TEMPERATURE (F)   43        14      1940


SUNRISE AND SUNSET
JANUARY 19 2017.......SUNRISE   721 AM CST   SUNSET   556 PM CST
JANUARY 20 2017.......SUNRISE   721 AM CST   SUNSET   557 PM CST


-  INDICATES NEGATIVE NUMBERS.
R  INDICATES RECORD WAS SET OR TIED.
MM INDICATES DATA IS MISSING.
T  INDICATES TRACE AMOUNT.

$$

87
