000
CDUS44 KCRP 250910 RRA
CLIVCT

CLIMATE REPORT
NATIONAL WEATHER SERVICE CORPUS CHRISTI TX
406 AM CDT THU AUG 25 2016


...................................

...THE VICTORIA CLIMATE SUMMARY FOR AUGUST 24 2016...

CLIMATE NORMAL PERIOD 1981 TO 2010
CLIMATE RECORD PERIOD 1893 TO 2016


WEATHER ITEM   OBSERVED TIME   RECORD YEAR NORMAL DEPARTURE LAST
                VALUE   (LST)  VALUE       VALUE  FROM      YEAR
                                                  NORMAL
..................................................................
TEMPERATURE (F)
 YESTERDAY
  MAXIMUM         93    222 PM 104    1924  95     -2       97
  MINIMUM         74    624 AM  64    1961  74      0       73
                                      1949
  AVERAGE         84                        84      0       85

PRECIPITATION (IN)
  YESTERDAY        0.00          0.83 1996   0.11  -0.11     0.00
  MONTH TO DATE    3.90                      2.00   1.90     2.39
  SINCE JUN 1      7.74                     10.64  -2.90    12.46
  SINCE JAN 1     27.96                     26.02   1.94    40.19

SNOWFALL (IN)
  YESTERDAY        0.0
  MONTH TO DATE    0.0
  SINCE JUN 1      0.0
  SINCE JUL 1      0.0
  SNOW DEPTH       0

DEGREE DAYS
 HEATING
  YESTERDAY        0                         0      0        0
  MONTH TO DATE    0                         0      0        0
  SINCE JUN 1      0                         0      0        0
  SINCE JUL 1      0                         0      0        0

 COOLING
  YESTERDAY       19                        19      0       20
  MONTH TO DATE  476                       474      2      494
  SINCE JUN 1   1660                      1568     92     1605
  SINCE JAN 1   2373                      2227    146     2305
..................................................................


WIND (MPH)
  HIGHEST WIND SPEED    18   HIGHEST WIND DIRECTION    SE (140)
  HIGHEST GUST SPEED    25   HIGHEST GUST DIRECTION    SE (150)
  AVERAGE WIND SPEED     8.0


SKY COVER
  POSSIBLE SUNSHINE  MM
  AVERAGE SKY COVER 0.2


WEATHER CONDITIONS
 THE FOLLOWING WEATHER WAS RECORDED YESTERDAY.
  FOG


RELATIVE HUMIDITY (PERCENT)
 HIGHEST   100           200 AM
 LOWEST     56          1200 PM
 AVERAGE    78

..........................................................


THE VICTORIA CLIMATE NORMALS FOR TODAY
                         NORMAL    RECORD    YEAR
 MAXIMUM TEMPERATURE (F)   95       106      1924
 MINIMUM TEMPERATURE (F)   73        66      1966
                                             1961
                                             1949


SUNRISE AND SUNSET
AUGUST 25 2016........SUNRISE   702 AM CDT   SUNSET   756 PM CDT
AUGUST 26 2016........SUNRISE   703 AM CDT   SUNSET   755 PM CDT


-  INDICATES NEGATIVE NUMBERS.
R  INDICATES RECORD WAS SET OR TIED.
MM INDICATES DATA IS MISSING.
T  INDICATES TRACE AMOUNT.




$$
