000
CDUS44 KCRP 242325 RRA
CLIVCT

CLIMATE REPORT
NATIONAL WEATHER SERVICE CORPUS CHRISTI TX
624 PM CDT SUN SEP 24 2017

...................................

...THE VICTORIA CLIMATE SUMMARY FOR SEPTEMBER 24 2017...
VALID AS OF 624 PM LOCAL TIME.

CLIMATE NORMAL PERIOD 1981 TO 2010
CLIMATE RECORD PERIOD 1893 TO 2017


WEATHER ITEM   OBSERVED TIME   RECORD YEAR NORMAL DEPARTURE LAST
                VALUE   (LST)  VALUE       VALUE  FROM      YEAR
                                                  NORMAL
..................................................................
TEMPERATURE (F)
 TODAY
  MAXIMUM         87    420 PM 103    2005  89     -2       89
  MINIMUM         74    659 AM  51    1947  67      7       74
  AVERAGE         81                        78      3       82

PRECIPITATION (IN)
  TODAY            0.17          2.05 1972   0.12   0.05      T
  MONTH TO DATE    1.97                      3.41  -1.44     2.53
  SINCE SEP 1      1.97                      3.41  -1.44     2.53
  SINCE JAN 1     42.37                     30.28  12.09    32.11

SNOWFALL (IN)
  TODAY            0.0
  MONTH TO DATE    0.0
  SINCE SEP 1      0.0
  SINCE JUL 1      0.0
  SNOW DEPTH       0

DEGREE DAYS
 HEATING
  TODAY            0                         0      0        0
  MONTH TO DATE    0                         0      0        0
  SINCE SEP 1      0                         0      0        0
  SINCE JUL 1      0                         0      0        0

 COOLING
  TODAY           16                        13      3       17
  MONTH TO DATE  357                       374    -17      432
  SINCE SEP 1    357                       374    -17      432
  SINCE JAN 1   3190                      2727    463     2919
..................................................................


WIND (MPH)
  HIGHEST WIND SPEED    12   HIGHEST WIND DIRECTION    SE (120)
  HIGHEST GUST SPEED    12   HIGHEST GUST DIRECTION    SE (120)


SKY COVER
  POSSIBLE SUNSHINE  MM
  AVERAGE SKY COVER 0.3


WEATHER CONDITIONS
 THE FOLLOWING WEATHER WAS RECORDED TODAY.
  THUNDERSTORM
  HEAVY RAIN
  RAIN
  LIGHT RAIN
  FOG


RELATIVE HUMIDITY (PERCENT)
 HIGHEST   100           100 AM
 LOWEST     65          1100 AM
 AVERAGE    83

..........................................................


THE VICTORIA CLIMATE NORMALS FOR TOMORROW
                         NORMAL    RECORD    YEAR
 MAXIMUM TEMPERATURE (F)   88       104      2005
 MINIMUM TEMPERATURE (F)   67        51      1989


SUNRISE AND SUNSET
SEPTEMBER 24 2017.....SUNRISE   717 AM CDT   SUNSET   721 PM CDT
SEPTEMBER 25 2017.....SUNRISE   718 AM CDT   SUNSET   720 PM CDT


-  INDICATES NEGATIVE NUMBERS.
R  INDICATES RECORD WAS SET OR TIED.
MM INDICATES DATA IS MISSING.
T  INDICATES TRACE AMOUNT.




$$
