000
CDUS44 KCRP 200656
CLIVCT

CLIMATE REPORT
NATIONAL WEATHER SERVICE CORPUS CHRISTI TX
155 AM CDT MON OCT 20 2014


...THE VICTORIA CLIMATE SUMMARY FOR OCTOBER 19 2014...

CLIMATE NORMAL PERIOD 1981 TO 2010
CLIMATE RECORD PERIOD 1893 TO 2014


WEATHER ITEM   OBSERVED TIME   RECORD YEAR NORMAL DEPARTURE LAST
                VALUE   (LST)  VALUE       VALUE  FROM      YEAR
                                                  NORMAL
..................................................................
TEMPERATURE (F)
 YESTERDAY
  MAXIMUM         86   1253 PM 103    1926  83      3       72
  MINIMUM         65    605 AM  43    1976  60      5       51
  AVERAGE         76                        72      4       62

PRECIPITATION (IN)
  YESTERDAY        0.00          0.68 1984   0.17  -0.17      T
  MONTH TO DATE    1.84                      2.89  -1.05     2.98
  SINCE SEP 1      4.56                      7.05  -2.49     7.93
  SINCE JAN 1     23.45                     33.92 -10.47    22.85

SNOWFALL (IN)
  YESTERDAY        0.0
  MONTH TO DATE    0.0
  SINCE SEP 1      0.0
  SINCE JUL 1      0.0
  SNOW DEPTH       0

DEGREE DAYS
 HEATING
  YESTERDAY        0                         1     -1        3
  MONTH TO DATE    0                         4     -4        3
  SINCE SEP 1      0                         5     -5        3
  SINCE JUL 1      0                         5     -5        3

 COOLING
  YESTERDAY       11                         7      4        0
  MONTH TO DATE  239                       172     67      202
  SINCE SEP 1    777                       617    160      738
  SINCE JAN 1   3343                      2970    373     3232
..................................................................


WIND (MPH)
  HIGHEST WIND SPEED    16   HIGHEST WIND DIRECTION    NE (60)
  HIGHEST GUST SPEED    21   HIGHEST GUST DIRECTION    NE (60)
  AVERAGE WIND SPEED     8.0


SKY COVER
  POSSIBLE SUNSHINE  MM
  AVERAGE SKY COVER 0.2


WEATHER CONDITIONS
 THE FOLLOWING WEATHER WAS RECORDED YESTERDAY.
  FOG


RELATIVE HUMIDITY (PERCENT)
 HIGHEST   100           200 AM
 LOWEST     48           100 PM
 AVERAGE    74

..........................................................


THE VICTORIA CLIMATE NORMALS FOR TODAY
                         NORMAL    RECORD    YEAR
 MAXIMUM TEMPERATURE (F)   83        93      1947
                                             1939
 MINIMUM TEMPERATURE (F)   60        38      1976
                                             1964


SUNRISE AND SUNSET
OCTOBER 20 2014.......SUNRISE   732 AM CDT   SUNSET   653 PM CDT
OCTOBER 21 2014.......SUNRISE   732 AM CDT   SUNSET   652 PM CDT


-  INDICATES NEGATIVE NUMBERS.
R  INDICATES RECORD WAS SET OR TIED.
MM INDICATES DATA IS MISSING.
T  INDICATES TRACE AMOUNT.


$$

TMT
