000
CDUS44 KCRP 180024
CLIVCT

CLIMATE REPORT
NATIONAL WEATHER SERVICE CORPUS CHRISTI TX
721 PM CDT WED SEP 17 2014


...................................

...THE VICTORIA CLIMATE SUMMARY FOR SEPTEMBER 17 2014...
VALID TODAY AS OF 700 PM LOCAL TIME.

CLIMATE NORMAL PERIOD 1981 TO 2010
CLIMATE RECORD PERIOD 1893 TO 2014


WEATHER ITEM   OBSERVED TIME   RECORD YEAR NORMAL DEPARTURE LAST
                VALUE   (LST)  VALUE       VALUE  FROM      YEAR
                                                  NORMAL
..................................................................
TEMPERATURE (F)
 TODAY
  MAXIMUM         96    321 PM 101    1911  90      6       92
  MINIMUM         76    629 AM  55    1945  69      7       77
  AVERAGE         86                        80      6       85

PRECIPITATION (IN)
  TODAY            0.16          2.87 1964   0.13   0.03     0.00
  MONTH TO DATE    0.71                      2.52  -1.81     2.65
  SINCE SEP 1      0.71                      2.52  -1.81     2.65
  SINCE JAN 1     19.60                     29.39  -9.79    17.57

SNOWFALL (IN)
  TODAY            0.0
  MONTH TO DATE    0.0
  SINCE SEP 1      0.0
  SINCE JUL 1      0.0
  SNOW DEPTH       0

DEGREE DAYS
 HEATING
  TODAY            0                         0      0        0
  MONTH TO DATE    0                         0      0        0
  SINCE SEP 1      0                         0      0        0
  SINCE JUL 1      0                         0      0        0

 COOLING
  TODAY           21                        15      6       20
  MONTH TO DATE  333                       279     54      332
  SINCE SEP 1    333                       279     54      332
  SINCE JAN 1   2899                      2632    267     2826
..................................................................


WIND (MPH)
  HIGHEST WIND SPEED    14   HIGHEST WIND DIRECTION    NE (40)
  HIGHEST GUST SPEED    20   HIGHEST GUST DIRECTION    SW (220)


SKY COVER
  POSSIBLE SUNSHINE  MM
  AVERAGE SKY COVER 0.6


WEATHER CONDITIONS
 THE FOLLOWING WEATHER WAS RECORDED TODAY.
  THUNDERSTORM
  HEAVY RAIN
  RAIN
  LIGHT RAIN
  FOG
  FOG W/VISIBILITY <= 1/4 MILE


RELATIVE HUMIDITY (PERCENT)
 HIGHEST   100           300 AM
 LOWEST     46           200 PM
 AVERAGE    73

..........................................................


THE VICTORIA CLIMATE NORMALS FOR TOMORROW
                         NORMAL    RECORD    YEAR
 MAXIMUM TEMPERATURE (F)   90       103      1912
                                             1911
 MINIMUM TEMPERATURE (F)   69        51      1903


SUNRISE AND SUNSET
SEPTEMBER 17 2014.....SUNRISE   714 AM CDT   SUNSET   730 PM CDT
SEPTEMBER 18 2014.....SUNRISE   714 AM CDT   SUNSET   729 PM CDT


-  INDICATES NEGATIVE NUMBERS.
R  INDICATES RECORD WAS SET OR TIED.
MM INDICATES DATA IS MISSING.
T  INDICATES TRACE AMOUNT.




$$
