000
CDUS45 KGJT 050735
CLIVEL


CLIMATE REPORT
NATIONAL WEATHER SERVICE GRAND JUNCTION CO
128 AM MDT WED AUG 5 2015


...................................

...THE VERNAL UT CLIMATE SUMMARY FOR AUGUST 4 2015...

CLIMATE NORMAL PERIOD 1981 TO 2010
CLIMATE RECORD PERIOD 9999 TO 9999


WEATHER ITEM   OBSERVED TIME   RECORD YEAR NORMAL DEPARTURE LAST
                VALUE   (LST)  VALUE       VALUE  FROM      YEAR
                                                  NORMAL
..................................................................
TEMPERATURE (F)
 YESTERDAY
  MAXIMUM         88    432 PM  MM      MM  88      0       80
  MINIMUM         53    540 AM  MM      MM  58     -5       62
  AVERAGE         71                        73     -2       71

PRECIPITATION (IN)
  YESTERDAY        T            MM      MM   0.02  -0.02     0.05
  MONTH TO DATE    0.14                      0.09   0.05     0.05
  SINCE JUN 1      1.26                      1.53  -0.27     0.80
  SINCE JAN 1      6.08                      4.94   1.14     2.78

SNOWFALL (IN)
  YESTERDAY       MM            MM      MM    MM   MM       MM
  MONTH TO DATE   MM                          MM   MM       MM
  SINCE JUN 1     MM                          MM   MM       MM
  SINCE JUL 1     MM                          MM   MM       MM
  SNOW DEPTH      MM

DEGREE DAYS
 HEATING
  YESTERDAY        0                         0      0        0
  MONTH TO DATE    0                         0      0        0
  SINCE JUN 1     14                        78    -64       33
  SINCE JUL 1      0                         6     -6        0

 COOLING
  YESTERDAY        6                         8     -2        6
  MONTH TO DATE   29                        32     -3       30
  SINCE JUN 1    456                       341    115      463
  SINCE JAN 1    460                       350    110      486
..................................................................


WIND (MPH)
  HIGHEST WIND SPEED    14   HIGHEST WIND DIRECTION     N (350)
  HIGHEST GUST SPEED    17   HIGHEST GUST DIRECTION     N (360)
  AVERAGE WIND SPEED     4.5


SKY COVER
  POSSIBLE SUNSHINE  MM
  AVERAGE SKY COVER 0.0


WEATHER CONDITIONS
 THE FOLLOWING WEATHER WAS RECORDED YESTERDAY.
  LIGHT RAIN


RELATIVE HUMIDITY (PERCENT)
 HIGHEST    83           500 AM
 LOWEST     21           500 PM
 AVERAGE    52

..........................................................


THE VERNAL UT CLIMATE NORMALS FOR TODAY
                         NORMAL    RECORD    YEAR
 MAXIMUM TEMPERATURE (F)   87        MM        MM
 MINIMUM TEMPERATURE (F)   58        MM        MM


SUNRISE AND SUNSET
AUGUST  5 2015........SUNRISE   619 AM MDT   SUNSET   828 PM MDT
AUGUST  6 2015........SUNRISE   620 AM MDT   SUNSET   827 PM MDT


-  INDICATES NEGATIVE NUMBERS.
R  INDICATES RECORD WAS SET OR TIED.
MM INDICATES DATA IS MISSING.
T  INDICATES TRACE AMOUNT.




$$
