000
CDUS43 KSGF 100628
CLIVIH


CLIMATE REPORT
NATIONAL WEATHER SERVICE SPRINGFIELD MO
1228 AM CST WED FEB 10 2016


...................................

...THE VICHY-ROLLA MO CLIMATE SUMMARY FOR FEBRUARY 9 2016...

CLIMATE NORMAL PERIOD 1981 TO 2010
CLIMATE RECORD PERIOD 1888 TO 2016


WEATHER ITEM   OBSERVED TIME   RECORD YEAR NORMAL DEPARTURE LAST
                VALUE   (LST)  VALUE       VALUE  FROM      YEAR
                                                  NORMAL
..................................................................
TEMPERATURE (F)
 YESTERDAY
  MAXIMUM         26    407 PM  69    2000  44    -18       42
  MINIMUM         17    824 AM -23    1899  24     -7       26
  AVERAGE         22                        34    -12       34

PRECIPITATION (IN)
  YESTERDAY        T             2.16 1966   0.07  -0.07     0.00
  MONTH TO DATE    0.21                      0.58  -0.37     0.74
  SINCE DEC 1     11.27                      5.39   5.88     4.04
  SINCE JAN 1      0.95                      2.75  -1.80     1.67

DEGREE DAYS
 HEATING
  YESTERDAY       43                        31     12       31
  MONTH TO DATE  256                       286    -30      277
  SINCE DEC 1   1970                      2307   -337     2166
  SINCE JUL 1   2691                      3254   -563     3308

 COOLING
  YESTERDAY        0                         0      0        0
  MONTH TO DATE    0                         0      0        0
  SINCE DEC 1      0                         0      0        0
  SINCE JAN 1      0                         0      0        0
..................................................................


WIND (MPH)
  HIGHEST WIND SPEED    29   HIGHEST WIND DIRECTION     W (290)
  HIGHEST GUST SPEED    37   HIGHEST GUST DIRECTION    NW (300)
  AVERAGE WIND SPEED    17.1


SKY COVER
  AVERAGE SKY COVER 0.8


WEATHER CONDITIONS
 THE FOLLOWING WEATHER WAS RECORDED YESTERDAY.
  LIGHT SNOW


RELATIVE HUMIDITY (PERCENT)
 HIGHEST    74          1200 AM
 LOWEST     50           400 PM
 AVERAGE    62

..........................................................


THE VICHY-ROLLA MO CLIMATE NORMALS FOR TODAY
                         NORMAL    RECORD    YEAR
 MAXIMUM TEMPERATURE (F)   44        77      1976
 MINIMUM TEMPERATURE (F)   24       -16      1899


SUNRISE AND SUNSET
FEBRUARY 10 2016......SUNRISE   703 AM CST   SUNSET   540 PM CST
FEBRUARY 11 2016......SUNRISE   702 AM CST   SUNSET   541 PM CST


-  INDICATES NEGATIVE NUMBERS.
R  INDICATES RECORD WAS SET OR TIED.
MM INDICATES DATA IS MISSING.
T  INDICATES TRACE AMOUNT.




$$
