000
CDUS43 KSGF 172326
CLIVIH


CLIMATE REPORT
NATIONAL WEATHER SERVICE SPRINGFIELD MO
526 PM CST SUN DEC 17 2017


...................................

...THE VICHY-ROLLA MO CLIMATE SUMMARY FOR DECEMBER 17 2017...
VALID TODAY AS OF 0500 PM LOCAL TIME.

CLIMATE NORMAL PERIOD 1981 TO 2010
CLIMATE RECORD PERIOD 1888 TO 2017


WEATHER ITEM   OBSERVED TIME   RECORD YEAR NORMAL DEPARTURE LAST
                VALUE   (LST)  VALUE       VALUE  FROM      YEAR
                                                  NORMAL
..................................................................
TEMPERATURE (F)
 TODAY
  MAXIMUM         47    459 PM  67    1962  42      5       45
  MINIMUM         43    932 AM   0    1901  24     19       11
  AVERAGE         45                        33     12       28

PRECIPITATION (IN)
  TODAY            T             1.92 1959   0.08  -0.08      T
  MONTH TO DATE    0.17                      1.61  -1.44     0.25
  SINCE DEC 1      0.17                      1.61  -1.44     0.25
  SINCE JAN 1     42.12                     42.58  -0.46    40.31

DEGREE DAYS
 HEATING
  TODAY           20                        32    -12       37
  MONTH TO DATE  439                       505    -66      587
  SINCE DEC 1    439                       505    -66      587
  SINCE JUL 1   1191                      1452   -261     1215

 COOLING
  TODAY            0                         0      0        0
  MONTH TO DATE    0                         0      0        0
  SINCE DEC 1      0                         0      0        0
  SINCE JAN 1   1247                      1246      1     1482
..................................................................


WIND (MPH)
  HIGHEST WIND SPEED    15   HIGHEST WIND DIRECTION     S (190)
  HIGHEST GUST SPEED    20   HIGHEST GUST DIRECTION     S (190)


SKY COVER
  AVERAGE SKY COVER 0.8


WEATHER CONDITIONS
 THE FOLLOWING WEATHER WAS RECORDED TODAY.
  LIGHT RAIN


RELATIVE HUMIDITY (PERCENT)
 HIGHEST    92           100 PM
 LOWEST     49           300 AM
 AVERAGE    71

..........................................................


THE VICHY-ROLLA MO CLIMATE NORMALS FOR TOMORROW
                         NORMAL    RECORD    YEAR
 MAXIMUM TEMPERATURE (F)   42        69      1962
 MINIMUM TEMPERATURE (F)   24        -2      2016


SUNRISE AND SUNSET
DECEMBER 17 2017......SUNRISE   718 AM CST   SUNSET   449 PM CST
DECEMBER 18 2017......SUNRISE   718 AM CST   SUNSET   449 PM CST


-  INDICATES NEGATIVE NUMBERS.
R  INDICATES RECORD WAS SET OR TIED.
MM INDICATES DATA IS MISSING.
T  INDICATES TRACE AMOUNT.




$$
