000
CDUS43 KSGF 170639
CLIVIH


CLIMATE REPORT
NATIONAL WEATHER SERVICE SPRINGFIELD MO
138 AM CDT TUE OCT 17 2017


...................................

...THE VICHY-ROLLA MO CLIMATE SUMMARY FOR OCTOBER 16 2017...

CLIMATE NORMAL PERIOD 1981 TO 2010
CLIMATE RECORD PERIOD 1888 TO 2017


WEATHER ITEM   OBSERVED TIME   RECORD YEAR NORMAL DEPARTURE LAST
                VALUE   (LST)  VALUE       VALUE  FROM      YEAR
                                                  NORMAL
..................................................................
TEMPERATURE (F)
 YESTERDAY
  MAXIMUM         66    317 PM  87    1950  67     -1       84
  MINIMUM         38    521 AM  33    2002  46     -8       67
                                      1966
  AVERAGE         52                        57     -5       76

PRECIPITATION (IN)
  YESTERDAY        0.00          1.51 2000   0.11  -0.11      T
  MONTH TO DATE    2.49                      1.74   0.75     0.13
  SINCE SEP 1      2.68                      5.78  -3.10     4.61
  SINCE JAN 1     41.28                     35.33   5.95    36.95

DEGREE DAYS
 HEATING
  YESTERDAY       13                         9      4        0
  MONTH TO DATE   45                       115    -70       65
  SINCE SEP 1     62                       176   -114       89
  SINCE JUL 1     63                       179   -116       89

 COOLING
  YESTERDAY        0                         1     -1       11
  MONTH TO DATE   71                        19     52       31
  SINCE SEP 1    271                       160    111      242
  SINCE JAN 1   1241                      1237      4     1431
..................................................................


WIND (MPH)
  HIGHEST WIND SPEED    10   HIGHEST WIND DIRECTION    NW (300)
  HIGHEST GUST SPEED    16   HIGHEST GUST DIRECTION    NW (310)
  AVERAGE WIND SPEED     2.4


SKY COVER
  AVERAGE SKY COVER 0.0


WEATHER CONDITIONS
 THE FOLLOWING WEATHER WAS RECORDED YESTERDAY.
  NO SIGNIFICANT WEATHER WAS OBSERVED.


RELATIVE HUMIDITY (PERCENT)
 HIGHEST   100           500 AM
 LOWEST     32           300 PM
 AVERAGE    66

..........................................................


THE VICHY-ROLLA MO CLIMATE NORMALS FOR TODAY
                         NORMAL    RECORD    YEAR
 MAXIMUM TEMPERATURE (F)   67        89      1950
 MINIMUM TEMPERATURE (F)   46        28      1976


SUNRISE AND SUNSET
OCTOBER 17 2017.......SUNRISE   718 AM CDT   SUNSET   626 PM CDT
OCTOBER 18 2017.......SUNRISE   719 AM CDT   SUNSET   625 PM CDT


-  INDICATES NEGATIVE NUMBERS.
R  INDICATES RECORD WAS SET OR TIED.
MM INDICATES DATA IS MISSING.
T  INDICATES TRACE AMOUNT.




$$
