000
CDUS43 KSGF 220627
CLIVIH


CLIMATE REPORT
NATIONAL WEATHER SERVICE SPRINGFIELD MO
127 AM CDT MON SEP 22 2014


...................................

...THE VICHY-ROLLA MO CLIMATE SUMMARY FOR SEPTEMBER 21 2014...

CLIMATE NORMAL PERIOD 1981 TO 2010
CLIMATE RECORD PERIOD 1888 TO 2014


WEATHER ITEM   OBSERVED TIME   RECORD YEAR NORMAL DEPARTURE LAST
                VALUE   (LST)  VALUE       VALUE  FROM      YEAR
                                                  NORMAL
..................................................................
TEMPERATURE (F)
 YESTERDAY
  MAXIMUM         76    303 PM  94    1955  76      0       71
  MINIMUM         54   1159 PM  36    1897  55     -1       48
  AVERAGE         65                        65      0       60

PRECIPITATION (IN)
  YESTERDAY        0.00          1.70 1957   0.13  -0.13     0.00
  MONTH TO DATE    1.91                      2.95  -1.04     2.86
  SINCE SEP 1      1.91                      2.95  -1.04     2.86
  SINCE JAN 1     19.21                     32.50 -13.29    35.84

DEGREE DAYS
 HEATING
  YESTERDAY        0                         3     -3        5
  MONTH TO DATE   52                        24     28       16
  SINCE SEP 1     52                        24     28       16
  SINCE JUL 1     55                        27     28       20

 COOLING
  YESTERDAY        0                         3     -3        0
  MONTH TO DATE   90                       119    -29      162
  SINCE SEP 1     90                       119    -29      162
  SINCE JAN 1   1129                      1196    -67     1061
..................................................................


WIND (MPH)
  HIGHEST WIND SPEED    20   HIGHEST WIND DIRECTION    NW (320)
  HIGHEST GUST SPEED    26   HIGHEST GUST DIRECTION    NW (310)
  AVERAGE WIND SPEED    10.0


SKY COVER
  AVERAGE SKY COVER 0.2


WEATHER CONDITIONS
 THE FOLLOWING WEATHER WAS RECORDED YESTERDAY.
  FOG
  HAZE


RELATIVE HUMIDITY (PERCENT)
 HIGHEST    90          1200 AM
 LOWEST     33           100 PM
 AVERAGE    62

..........................................................


THE VICHY-ROLLA MO CLIMATE NORMALS FOR TODAY
                         NORMAL    RECORD    YEAR
 MAXIMUM TEMPERATURE (F)   76        95      1956
 MINIMUM TEMPERATURE (F)   54        34      1995


SUNRISE AND SUNSET
SEPTEMBER 22 2014.....SUNRISE   655 AM CDT   SUNSET   704 PM CDT
SEPTEMBER 23 2014.....SUNRISE   656 AM CDT   SUNSET   702 PM CDT


-  INDICATES NEGATIVE NUMBERS.
R  INDICATES RECORD WAS SET OR TIED.
MM INDICATES DATA IS MISSING.
T  INDICATES TRACE AMOUNT.




$$
