000
CDUS43 KSGF 302226
CLIVIH


CLIMATE REPORT
NATIONAL WEATHER SERVICE SPRINGFIELD MO
526 PM CDT MON MAY 30 2016


...................................

...THE VICHY-ROLLA MO CLIMATE SUMMARY FOR MAY 30 2016...
VALID TODAY AS OF 0500 PM LOCAL TIME.

CLIMATE NORMAL PERIOD 1981 TO 2010
CLIMATE RECORD PERIOD 1888 TO 2016


WEATHER ITEM   OBSERVED TIME   RECORD YEAR NORMAL DEPARTURE LAST
                VALUE   (LST)  VALUE       VALUE  FROM      YEAR
                                                  NORMAL
..................................................................
TEMPERATURE (F)
 TODAY
  MAXIMUM         83    133 PM  91    1953  78      5       72
  MINIMUM         62    454 AM  46    1901  57      5       61
  AVERAGE         73                        68      5       67

PRECIPITATION (IN)
  TODAY            0.00          2.06 1956   0.17  -0.17     0.85
  MONTH TO DATE    5.15                      4.88   0.27     6.60
  SINCE MAR 1     12.09                     12.55  -0.46    11.74
  SINCE JAN 1     14.21                     16.65  -2.44    14.02

DEGREE DAYS
 COOLING
  TODAY            8                         4      4        2
  MONTH TO DATE   58                        75    -17       94
  SINCE MAR 1     72                       101    -29      107
  SINCE JAN 1     72                       101    -29      107
..................................................................


WIND (MPH)
  HIGHEST WIND SPEED    10   HIGHEST WIND DIRECTION     S (170)
  HIGHEST GUST SPEED    15   HIGHEST GUST DIRECTION     S (170)


SKY COVER
  AVERAGE SKY COVER 0.1


WEATHER CONDITIONS
 THE FOLLOWING WEATHER WAS RECORDED TODAY.
  NO SIGNIFICANT WEATHER WAS OBSERVED.


RELATIVE HUMIDITY (PERCENT)
 HIGHEST    93           400 AM
 LOWEST     47          1200 PM
 AVERAGE    70

..........................................................


THE VICHY-ROLLA MO CLIMATE NORMALS FOR TOMORROW
                         NORMAL    RECORD    YEAR
 MAXIMUM TEMPERATURE (F)   78        91      2000
 MINIMUM TEMPERATURE (F)   58        40      1897


SUNRISE AND SUNSET
MAY 30 2016...........SUNRISE   546 AM CDT   SUNSET   823 PM CDT
MAY 31 2016...........SUNRISE   546 AM CDT   SUNSET   824 PM CDT


-  INDICATES NEGATIVE NUMBERS.
R  INDICATES RECORD WAS SET OR TIED.
MM INDICATES DATA IS MISSING.
T  INDICATES TRACE AMOUNT.




$$
