000
CDUS42 KTAE 010637
CLIVLD


CLIMATE REPORT
NATIONAL WEATHER SERVICE TALLAHASSEE FL
237 AM EDT WED OCT 1 2014


...................................

...THE VALDOSTA CLIMATE SUMMARY FOR SEPTEMBER 30 2014...

CLIMATE NORMAL PERIOD 1981 TO 2010
CLIMATE RECORD PERIOD 1948 TO 2014


WEATHER ITEM   OBSERVED TIME   NORMAL DEPARTURE LAST
                VALUE   (LST)  VALUE  FROM      YEAR
                                      NORMAL
......................................................
TEMPERATURE (F)
 YESTERDAY
  MAXIMUM         78    415 PM  85     -7       77
  MINIMUM         69    859 AM  63      6       63
  AVERAGE         74            74      0       70

PRECIPITATION (IN)
  YESTERDAY        0.03          0.12  -0.09     0.02
  MONTH TO DATE    6.86          4.64   2.22     1.84
  SINCE SEP 1      6.86          4.64   2.22     1.84
  SINCE JAN 1     42.29         41.67   0.62    36.00

DEGREE DAYS
 HEATING
  YESTERDAY        0             0      0        0
  MONTH TO DATE    0             0      0        0
  SINCE SEP 1      0             1     -1        0
  SINCE JUL 1      0             1     -1        0

 COOLING
  YESTERDAY        9             9      0        5
  MONTH TO DATE  403           371     32      454
  SINCE SEP 1    403           371     32      454
  SINCE JAN 1   2764          2225    539     2728
......................................................


WIND (MPH)
  HIGHEST WIND SPEED    10   HIGHEST WIND DIRECTION    NE (30)
  HIGHEST GUST SPEED    14   HIGHEST GUST DIRECTION    NE (30)
  AVERAGE WIND SPEED     4.6




RELATIVE HUMIDITY (PERCENT)
 HIGHEST    97
 LOWEST     71
 AVERAGE    84

..........................................................




SUNRISE AND SUNSET
OCTOBER  1 2014.......SUNRISE   727 AM EDT   SUNSET   718 PM EDT
OCTOBER  2 2014.......SUNRISE   727 AM EDT   SUNSET   717 PM EDT


-  INDICATES NEGATIVE NUMBERS.
R  INDICATES RECORD WAS SET OR TIED.
MM INDICATES DATA IS MISSING.
T  INDICATES TRACE AMOUNT.




$$
