000
CDUS42 KTAE 240631
CLIVLD


CLIMATE REPORT
NATIONAL WEATHER SERVICE TALLAHASSEE FL
230 AM EDT MON APR 24 2017


...................................

...THE VALDOSTA CLIMATE SUMMARY FOR APRIL 23 2017...

CLIMATE NORMAL PERIOD 1981 TO 2010
CLIMATE RECORD PERIOD 1948 TO 2017


WEATHER ITEM   OBSERVED TIME   NORMAL DEPARTURE LAST
                VALUE   (LST)  VALUE  FROM      YEAR
                                      NORMAL
......................................................
TEMPERATURE (F)
 YESTERDAY
  MAXIMUM         87    121 PM  81      6       85
  MINIMUM         59    632 AM  54      5       58
  AVERAGE         73            68      5       72

PRECIPITATION (IN)
  YESTERDAY        T             0.07  -0.07     0.00
  MONTH TO DATE    1.92          2.41  -0.49     4.68
  SINCE MAR 1      3.12          7.28  -4.16    10.85
  SINCE JAN 1     13.43         16.01  -2.58    19.71

DEGREE DAYS
 HEATING
  YESTERDAY        0             1     -1        0
  MONTH TO DATE   27            61    -34       30
  SINCE MAR 1    201           247    -46      121
  SINCE JUL 1    987          1627   -640     1063

 COOLING
  YESTERDAY        8             4      4        7
  MONTH TO DATE  100            61     39       53
  SINCE MAR 1    157            94     63      142
  SINCE JAN 1    203           104     99      152
......................................................


WIND (MPH)
  HIGHEST WIND SPEED    15   HIGHEST WIND DIRECTION     S (200)
  HIGHEST GUST SPEED    22   HIGHEST GUST DIRECTION     S (200)
  AVERAGE WIND SPEED     4.4




RELATIVE HUMIDITY (PERCENT)
 HIGHEST   100
 LOWEST     39
 AVERAGE    70

..........................................................




SUNRISE AND SUNSET
APRIL 24 2017.........SUNRISE   656 AM EDT   SUNSET   807 PM EDT
APRIL 25 2017.........SUNRISE   655 AM EDT   SUNSET   808 PM EDT


-  INDICATES NEGATIVE NUMBERS.
R  INDICATES RECORD WAS SET OR TIED.
MM INDICATES DATA IS MISSING.
T  INDICATES TRACE AMOUNT.




$$
