583
CDUS42 KTAE 190633
CLIVLD


CLIMATE REPORT
NATIONAL WEATHER SERVICE TALLAHASSEE FL
132 AM EST SUN FEB 19 2017


...................................

...THE VALDOSTA CLIMATE SUMMARY FOR FEBRUARY 18 2017...

CLIMATE NORMAL PERIOD 1981 TO 2010
CLIMATE RECORD PERIOD 1948 TO 2017


WEATHER ITEM   OBSERVED TIME   NORMAL DEPARTURE LAST
                VALUE   (LST)  VALUE  FROM      YEAR
                                      NORMAL
......................................................
TEMPERATURE (F)
 YESTERDAY
  MAXIMUM         68    438 PM  68      0       69
  MINIMUM         48    536 AM  42      6       40
  AVERAGE         58            55      3       55

PRECIPITATION (IN)
  YESTERDAY        0.09          0.19  -0.10     0.00
  MONTH TO DATE    1.18          1.99  -0.81     4.50
  SINCE DEC 1     12.44          9.73   2.71    10.90
  SINCE JAN 1     10.29          6.56   3.73     8.39

DEGREE DAYS
 HEATING
  YESTERDAY        7            10     -3       10
  MONTH TO DATE  109           217   -108      214
  SINCE DEC 1    601          1055   -454      783
  SINCE JUL 1    768          1286   -518      859
......................................................


WIND (MPH)
  HIGHEST WIND SPEED    17   HIGHEST WIND DIRECTION    SE (150)
  HIGHEST GUST SPEED    21   HIGHEST GUST DIRECTION    SE (140)
  AVERAGE WIND SPEED     2.7




RELATIVE HUMIDITY (PERCENT)
 HIGHEST   100
 LOWEST     68
 AVERAGE    84

..........................................................




SUNRISE AND SUNSET
FEBRUARY 19 2017......SUNRISE   710 AM EST   SUNSET   624 PM EST
FEBRUARY 20 2017......SUNRISE   709 AM EST   SUNSET   625 PM EST


-  INDICATES NEGATIVE NUMBERS.
R  INDICATES RECORD WAS SET OR TIED.
MM INDICATES DATA IS MISSING.
T  INDICATES TRACE AMOUNT.




$$
