000
CDUS42 KFFC 190920
CLIVPC


CLIMATE REPORT
NATIONAL WEATHER SERVICE PEACHTREE CITY GA
419 AM EST SUN FEB 19 2017


...................................

...THE CARTERSVILLE CLIMATE SUMMARY FOR FEBRUARY 18 2017...

CLIMATE NORMAL PERIOD 1981 TO 2010
CLIMATE RECORD PERIOD 9999 TO 9999


WEATHER ITEM   OBSERVED TIME   RECORD YEAR NORMAL DEPARTURE LAST
                VALUE   (LST)  VALUE       VALUE  FROM      YEAR
                                                  NORMAL
..................................................................
TEMPERATURE (F)
 YESTERDAY
  MAXIMUM         56    432 PM  MM      MM  57     -1       61
  MINIMUM         43    146 AM  MM      MM  34      9       27
  AVERAGE         50                        45      5       44

PRECIPITATION (IN)
  YESTERDAY        0.12         MM      MM   0.17  -0.05     0.00
  MONTH TO DATE    1.54                      2.99  -1.45     2.15
  SINCE DEC 1     10.26                     11.83  -1.57    15.76
  SINCE JAN 1      7.74                      7.59   0.15     6.04

SNOWFALL (IN)
  YESTERDAY        0.0          MM      MM  MM     MM        0.0
  MONTH TO DATE    0.0                      MM     MM         T
  SINCE DEC 1      T                        MM     MM         T
  SINCE JUL 1      T                        MM     MM         T
  SNOW DEPTH       0

DEGREE DAYS
 HEATING
  YESTERDAY       15                        20     -5       21
  MONTH TO DATE  279                       386   -107      403
  SINCE DEC 1   1370                      1818   -448     1532
  SINCE JUL 1   1739                      2427   -688     1970
..................................................................


WIND (MPH)
  RESULTANT WIND SPEED   1   RESULTANT WIND DIRECTION  NE (60)
  HIGHEST WIND SPEED     6   HIGHEST WIND DIRECTION    NE (50)
  HIGHEST GUST SPEED     9   HIGHEST GUST DIRECTION    SE (120)
  AVERAGE WIND SPEED     1.4


SKY COVER
  AVERAGE SKY COVER 0.8


WEATHER CONDITIONS
 THE FOLLOWING WEATHER WAS RECORDED YESTERDAY.
  LIGHT RAIN
  FOG


RELATIVE HUMIDITY (PERCENT)
 HIGHEST    96           900 PM
 LOWEST     65          1200 AM
 AVERAGE    81

..........................................................


THE CARTERSVILLE CLIMATE NORMALS FOR TODAY
                         NORMAL    RECORD    YEAR
 MAXIMUM TEMPERATURE (F)   57        MM        MM
 MINIMUM TEMPERATURE (F)   34        MM        MM


SUNRISE AND SUNSET
FEBRUARY 19 2017......SUNRISE   720 AM EST   SUNSET   627 PM EST
FEBRUARY 20 2017......SUNRISE   718 AM EST   SUNSET   628 PM EST


-  INDICATES NEGATIVE NUMBERS.
R  INDICATES RECORD WAS SET OR TIED.
MM INDICATES DATA IS MISSING.
T  INDICATES TRACE AMOUNT.




$$
