000
CDUS42 KFFC 230818
CLIVPC


CLIMATE REPORT
NATIONAL WEATHER SERVICE PEACHTREE CITY GA
417 AM EDT SAT JUL 23 2016


...................................

...THE CARTERSVILLE CLIMATE SUMMARY FOR JULY 22 2016...

CLIMATE NORMAL PERIOD 1981 TO 2010
CLIMATE RECORD PERIOD 9999 TO 9999


WEATHER ITEM   OBSERVED TIME   RECORD YEAR NORMAL DEPARTURE LAST
                VALUE   (LST)  VALUE       VALUE  FROM      YEAR
                                                  NORMAL
..................................................................
TEMPERATURE (F)
 YESTERDAY
  MAXIMUM         94    429 PM  MM      MM  89      5       90
  MINIMUM         69    443 AM  MM      MM  68      1       69
  AVERAGE         82                        79      3       80

PRECIPITATION (IN)
  YESTERDAY        0.00         MM      MM   0.13  -0.13     0.02
  MONTH TO DATE    2.04                      3.61  -1.57     3.55
  SINCE JUN 1      7.48                      7.45   0.03     6.02
  SINCE JAN 1     24.00                     29.61  -5.61    24.12

DEGREE DAYS
 COOLING
  YESTERDAY       17                        14      3       15
  MONTH TO DATE  353                       288     65      304
  SINCE JUN 1    737                       583    154      674
  SINCE JAN 1    930                       732    198      892
..................................................................


WIND (MPH)
  RESULTANT WIND SPEED   1   RESULTANT WIND DIRECTION  SE (130)
  HIGHEST WIND SPEED     9   HIGHEST WIND DIRECTION     S (160)
  HIGHEST GUST SPEED    12   HIGHEST GUST DIRECTION     N (340)
  AVERAGE WIND SPEED     1.7


SKY COVER
  AVERAGE SKY COVER 0.1


WEATHER CONDITIONS
 THE FOLLOWING WEATHER WAS RECORDED YESTERDAY.
  NO SIGNIFICANT WEATHER WAS OBSERVED.


RELATIVE HUMIDITY (PERCENT)
 HIGHEST   100           500 AM
 LOWEST     46           400 PM
 AVERAGE    73

..........................................................


THE CARTERSVILLE CLIMATE NORMALS FOR TODAY
                         NORMAL    RECORD    YEAR
 MAXIMUM TEMPERATURE (F)   89        MM        MM
 MINIMUM TEMPERATURE (F)   68        MM        MM


SUNRISE AND SUNSET
JULY 23 2016..........SUNRISE   645 AM EDT   SUNSET   847 PM EDT
JULY 24 2016..........SUNRISE   645 AM EDT   SUNSET   846 PM EDT


-  INDICATES NEGATIVE NUMBERS.
R  INDICATES RECORD WAS SET OR TIED.
MM INDICATES DATA IS MISSING.
T  INDICATES TRACE AMOUNT.




$$
