000
CDUS43 KLOT 290637
CLIVPZ


CLIMATE REPORT
NATIONAL WEATHER SERVICE CHICAGO IL
1236 AM CST THU JAN 29 2015


...................................

...THE VALPARAISO CLIMATE SUMMARY FOR JANUARY 28 2015...

CLIMATE NORMAL PERIOD 1981 TO 2010
CLIMATE RECORD PERIOD 1998 TO 2015


WEATHER ITEM   OBSERVED TIME   RECORD YEAR NORMAL DEPARTURE LAST
                VALUE   (LST)  VALUE       VALUE  FROM      YEAR
                                                  NORMAL
..................................................................
TEMPERATURE (F)
 YESTERDAY
  MAXIMUM         33   1157 PM  60    2002  31      2        1
  MINIMUM         15    525 AM -16    2014  16     -1      -16
  AVERAGE         24                        24      0       -7

PRECIPITATION (IN)
  YESTERDAY        T             0.16 2006   0.05  -0.05     0.00
  MONTH TO DATE    0.83                      1.58  -0.75     0.93
  SINCE DEC 1      1.64                      3.76  -2.12     2.04
  SINCE JAN 1      0.83                      1.58  -0.75     0.93

DEGREE DAYS
 HEATING
  YESTERDAY       41                        41      0       72
  MONTH TO DATE 1237                      1163     74     1250
  SINCE DEC 1   2245                      2307    -62     2547
  SINCE JUL 1   3746                      3565    181     3933

 COOLING
  YESTERDAY        0                         0      0        0
  MONTH TO DATE    0                         0      0        0
  SINCE DEC 1      0                         0      0        0
  SINCE JAN 1      0                         0      0        0
..................................................................


WIND (MPH)
  RESULTANT WIND SPEED   9   RESULTANT WIND DIRECTION   S (160)
  HIGHEST WIND SPEED    20   HIGHEST WIND DIRECTION     S (160)
  HIGHEST GUST SPEED    30   HIGHEST GUST DIRECTION    SE (150)
  AVERAGE WIND SPEED     9.5



WEATHER CONDITIONS
 THE FOLLOWING WEATHER WAS RECORDED YESTERDAY.
  LIGHT RAIN
  LT FREEZING RAIN


..........................................................


THE VALPARAISO CLIMATE NORMALS FOR TODAY
                         NORMAL    RECORD    YEAR
 MAXIMUM TEMPERATURE (F)   32        59      2013
 MINIMUM TEMPERATURE (F)   16        -5      2014


SUNRISE AND SUNSET
JANUARY 29 2015.......SUNRISE   703 AM CST   SUNSET   500 PM CST
JANUARY 30 2015.......SUNRISE   702 AM CST   SUNSET   501 PM CST


-  INDICATES NEGATIVE NUMBERS.
R  INDICATES RECORD WAS SET OR TIED.
MM INDICATES DATA IS MISSING.
T  INDICATES TRACE AMOUNT.




$$
