000
CDUS43 KLOT 010632
CLIVPZ


CLIMATE REPORT
NATIONAL WEATHER SERVICE CHICAGO IL
131 AM CDT FRI AUG 1 2014


...................................

...THE VALPARAISO CLIMATE SUMMARY FOR JULY 31 2014...

CLIMATE NORMAL PERIOD 1981 TO 2010
CLIMATE RECORD PERIOD 1998 TO 2014


WEATHER ITEM   OBSERVED TIME   RECORD YEAR NORMAL DEPARTURE LAST
                VALUE   (LST)  VALUE       VALUE  FROM      YEAR
                                                  NORMAL
..................................................................
TEMPERATURE (F)
 YESTERDAY
  MAXIMUM         83    148 PM  93    2006  82      1       71
  MINIMUM         53R   306 AM  58    2003  62     -9       62
  AVERAGE         68                        72     -4       67

PRECIPITATION (IN)
  YESTERDAY        0.00          0.75 2010   0.14  -0.14     0.05
  MONTH TO DATE    1.73                      4.34  -2.61     1.08
  SINCE JUN 1      9.94                      8.25   1.69     8.00
  SINCE JAN 1     18.87                     21.23  -2.36    21.63

DEGREE DAYS
 HEATING
  YESTERDAY        0                         0      0        0
  MONTH TO DATE   25                         0     25       16
  SINCE JUN 1     45                        45      0       53
  SINCE JUL 1     25                         4     21       16

 COOLING
  YESTERDAY        3                         7     -4        2
  MONTH TO DATE  112                       240   -128      207
  SINCE JUN 1    271                       404   -133      374
  SINCE JAN 1    344                       451   -107      475
..................................................................


WIND (MPH)
  RESULTANT WIND SPEED   7   RESULTANT WIND DIRECTION  SW (240)
  HIGHEST WIND SPEED    18   HIGHEST WIND DIRECTION     W (250)
  HIGHEST GUST SPEED    23   HIGHEST GUST DIRECTION    SW (240)
  AVERAGE WIND SPEED     6.8



WEATHER CONDITIONS
 THE FOLLOWING WEATHER WAS RECORDED YESTERDAY.
  FOG
  FOG W/VISIBILITY <= 1/4 MILE
  HAZE


..........................................................


THE VALPARAISO CLIMATE NORMALS FOR TODAY
                         NORMAL    RECORD    YEAR
 MAXIMUM TEMPERATURE (F)   82        92      2006
                                             2002
 MINIMUM TEMPERATURE (F)   62        56      1998


SUNRISE AND SUNSET
AUGUST  1 2014........SUNRISE   543 AM CDT   SUNSET   805 PM CDT
AUGUST  2 2014........SUNRISE   544 AM CDT   SUNSET   804 PM CDT


-  INDICATES NEGATIVE NUMBERS.
R  INDICATES RECORD WAS SET OR TIED.
MM INDICATES DATA IS MISSING.
T  INDICATES TRACE AMOUNT.




$$
