000
CDUS43 KLOT 270733
CLIVPZ


CLIMATE REPORT
NATIONAL WEATHER SERVICE CHICAGO IL
231 AM CDT SAT AUG 27 2016


...................................

...THE VALPARAISO CLIMATE SUMMARY FOR AUGUST 26 2016...

CLIMATE NORMAL PERIOD 1981 TO 2010
CLIMATE RECORD PERIOD 1998 TO 2016


WEATHER ITEM   OBSERVED TIME   RECORD YEAR NORMAL DEPARTURE LAST
                VALUE   (LST)  VALUE       VALUE  FROM      YEAR
                                                  NORMAL
..................................................................
TEMPERATURE (F)
 YESTERDAY
  MAXIMUM         82   1148 AM  89    2003  80      2       65
  MINIMUM         65    228 AM  49    2008  60      5       56
  AVERAGE         74                        70      4       61

PRECIPITATION (IN)
  YESTERDAY        T             1.77 2014   0.15  -0.15      T
  MONTH TO DATE    8.42                      3.64   4.78     4.28
  SINCE JUN 1     12.61                     11.89   0.72    14.81
  SINCE JAN 1     22.01                     24.87  -2.86    23.60

DEGREE DAYS
 HEATING
  YESTERDAY        0                         1     -1        4
  MONTH TO DATE    0                         2     -2        4
  SINCE JUN 1     28                        47    -19       37
  SINCE JUL 1      8                         6      2       10

 COOLING
  YESTERDAY        9                         5      4        0
  MONTH TO DATE  238                       162     76      160
  SINCE JUN 1    719                       566    153      494
  SINCE JAN 1    796                       613    183      570
..................................................................


WIND (MPH)
  RESULTANT WIND SPEED   2   RESULTANT WIND DIRECTION  NE (50)
  HIGHEST WIND SPEED     8   HIGHEST WIND DIRECTION     N (20)
  HIGHEST GUST SPEED    10   HIGHEST GUST DIRECTION     N (10)
  AVERAGE WIND SPEED     2.7



WEATHER CONDITIONS
 THE FOLLOWING WEATHER WAS RECORDED YESTERDAY.
  LIGHT RAIN


..........................................................


THE VALPARAISO CLIMATE NORMALS FOR TODAY
                         NORMAL    RECORD    YEAR
 MAXIMUM TEMPERATURE (F)   80        93      2013
 MINIMUM TEMPERATURE (F)   59        50      2010


SUNRISE AND SUNSET
AUGUST 27 2016........SUNRISE   610 AM CDT   SUNSET   728 PM CDT
AUGUST 28 2016........SUNRISE   611 AM CDT   SUNSET   727 PM CDT


-  INDICATES NEGATIVE NUMBERS.
R  INDICATES RECORD WAS SET OR TIED.
MM INDICATES DATA IS MISSING.
T  INDICATES TRACE AMOUNT.




$$
