000
CDUS43 KLOT 250636
CLIVPZ


CLIMATE REPORT
NATIONAL WEATHER SERVICE CHICAGO IL
1234 AM CST THU DEC 25 2014


...................................

...THE VALPARAISO CLIMATE SUMMARY FOR DECEMBER 24 2014...

CLIMATE NORMAL PERIOD 1981 TO 2010
CLIMATE RECORD PERIOD 1998 TO 2014


WEATHER ITEM   OBSERVED TIME   RECORD YEAR NORMAL DEPARTURE LAST
                VALUE   (LST)  VALUE       VALUE  FROM      YEAR
                                                  NORMAL
..................................................................
TEMPERATURE (F)
 YESTERDAY
  MAXIMUM         43R   105 AM  43    2006  32     11       17
  MINIMUM         35   1122 PM  -5    2004  19     16       -1
  AVERAGE         39                        26     13        8

PRECIPITATION (IN)
  YESTERDAY        0.33R         0.20 2009   0.06   0.27      T
  MONTH TO DATE    0.79                      1.73  -0.94     1.09
  SINCE DEC 1      0.79                      1.73  -0.94     1.09
  SINCE JAN 1     38.61                     37.06   1.55    35.64

DEGREE DAYS
 HEATING
  YESTERDAY       26                        39    -13       57
  MONTH TO DATE  760                       863   -103     1006
  SINCE DEC 1    760                       863   -103     1006
  SINCE JUL 1   2261                      2121    140     2392

 COOLING
  YESTERDAY        0                         0      0        0
  MONTH TO DATE    0                         0      0        0
  SINCE DEC 1      0                         0      0        0
  SINCE JAN 1    611                       713   -102      810
..................................................................


WIND (MPH)
  RESULTANT WIND SPEED   7   RESULTANT WIND DIRECTION   W (280)
  HIGHEST WIND SPEED    20   HIGHEST WIND DIRECTION     W (260)
  HIGHEST GUST SPEED    24   HIGHEST GUST DIRECTION     W (270)
  AVERAGE WIND SPEED     8.7



WEATHER CONDITIONS
 THE FOLLOWING WEATHER WAS RECORDED YESTERDAY.
  RAIN
  LIGHT RAIN
  FOG


..........................................................


THE VALPARAISO CLIMATE NORMALS FOR TODAY
                         NORMAL    RECORD    YEAR
 MAXIMUM TEMPERATURE (F)   32        45      2011
 MINIMUM TEMPERATURE (F)   19        -5      2000


SUNRISE AND SUNSET
DECEMBER 25 2014......SUNRISE   713 AM CST   SUNSET   424 PM CST
DECEMBER 26 2014......SUNRISE   713 AM CST   SUNSET   424 PM CST


-  INDICATES NEGATIVE NUMBERS.
R  INDICATES RECORD WAS SET OR TIED.
MM INDICATES DATA IS MISSING.
T  INDICATES TRACE AMOUNT.




$$
