000
CDUS43 KLOT 240636
CLIVPZ


CLIMATE REPORT
NATIONAL WEATHER SERVICE CHICAGO IL
136 AM CDT WED MAY 24 2017


...................................

...THE VALPARAISO CLIMATE SUMMARY FOR MAY 23 2017...

CLIMATE NORMAL PERIOD 1981 TO 2010
CLIMATE RECORD PERIOD 1998 TO 2017


WEATHER ITEM   OBSERVED TIME   RECORD YEAR NORMAL DEPARTURE LAST
                VALUE   (LST)  VALUE       VALUE  FROM      YEAR
                                                  NORMAL
..................................................................
TEMPERATURE (F)
 YESTERDAY
  MAXIMUM         68    301 PM  89    2010  73     -5       81
                                      2007
  MINIMUM         57   1038 PM  36    2006  50      7       45
  AVERAGE         63                        61      2       63

PRECIPITATION (IN)
  YESTERDAY        T             0.49 1999   0.14  -0.14     0.00
  MONTH TO DATE    3.13                      2.92   0.21     1.66
  SINCE MAR 1     11.58                      8.93   2.65     7.39
  SINCE JAN 1     15.02                     12.10   2.92     8.72

DEGREE DAYS
 HEATING
  YESTERDAY        2                         5     -3        2
  MONTH TO DATE  202                       185     17      237
  SINCE MAR 1   1307                      1512   -205     1380
  SINCE JUL 1   5021                      6244  -1223     5238

 COOLING
  YESTERDAY        0                         2     -2        0
  MONTH TO DATE   33                        24      9        0
  SINCE MAR 1     46                        29     17        6
  SINCE JAN 1     46                        29     17        6
..................................................................


WIND (MPH)
  RESULTANT WIND SPEED   1   RESULTANT WIND DIRECTION  SE (130)
  HIGHEST WIND SPEED    17   HIGHEST WIND DIRECTION     W (290)
  HIGHEST GUST SPEED    24   HIGHEST GUST DIRECTION     E (100)
  AVERAGE WIND SPEED     6.8



WEATHER CONDITIONS
 THE FOLLOWING WEATHER WAS RECORDED YESTERDAY.
  LIGHT RAIN
  FOG


..........................................................


THE VALPARAISO CLIMATE NORMALS FOR TODAY
                         NORMAL    RECORD    YEAR
 MAXIMUM TEMPERATURE (F)   73        90      2010
 MINIMUM TEMPERATURE (F)   51        39      2013


SUNRISE AND SUNSET
MAY 24 2017...........SUNRISE   521 AM CDT   SUNSET   809 PM CDT
MAY 25 2017...........SUNRISE   521 AM CDT   SUNSET   810 PM CDT


-  INDICATES NEGATIVE NUMBERS.
R  INDICATES RECORD WAS SET OR TIED.
MM INDICATES DATA IS MISSING.
T  INDICATES TRACE AMOUNT.




$$
