000
CDUS43 KLOT 300633
CLIVPZ


CLIMATE REPORT
NATIONAL WEATHER SERVICE CHICAGO IL
133 AM CDT SAT MAY 30 2015


...................................

...THE VALPARAISO CLIMATE SUMMARY FOR MAY 29 2015...

CLIMATE NORMAL PERIOD 1981 TO 2010
CLIMATE RECORD PERIOD 1998 TO 2015


WEATHER ITEM   OBSERVED TIME   RECORD YEAR NORMAL DEPARTURE LAST
                VALUE   (LST)  VALUE       VALUE  FROM      YEAR
                                                  NORMAL
..................................................................
TEMPERATURE (F)
 YESTERDAY
  MAXIMUM         85    449 PM  91    2006  74     11       81
  MINIMUM         62    420 AM  41    2008  53      9       55
  AVERAGE         74                        64     10       68

PRECIPITATION (IN)
  YESTERDAY        0.42R         0.21 2011   0.10   0.32     0.00
  MONTH TO DATE    2.89                      3.60  -0.71     3.31
  SINCE MAR 1      5.66                      9.61  -3.95     6.30
  SINCE JAN 1      7.27                     12.78  -5.51     8.93

DEGREE DAYS
 HEATING
  YESTERDAY        0                         4     -4        0
  MONTH TO DATE  133                       212    -79      224
  SINCE MAR 1   1543                      1539      4     1742
  SINCE JUL 1   6801                      6271    530     7191

 COOLING
  YESTERDAY        9                         3      6        3
  MONTH TO DATE   76                        37     39       62
  SINCE MAR 1     76                        42     34       62
  SINCE JAN 1     76                        42     34       62
..................................................................


WIND (MPH)
  RESULTANT WIND SPEED   8   RESULTANT WIND DIRECTION   S (190)
  HIGHEST WIND SPEED    24   HIGHEST WIND DIRECTION     W (250)
  HIGHEST GUST SPEED    32   HIGHEST GUST DIRECTION    SW (240)
  AVERAGE WIND SPEED     9.8



WEATHER CONDITIONS
 THE FOLLOWING WEATHER WAS RECORDED YESTERDAY.
  HEAVY RAIN
  LIGHT RAIN
  FOG
  HAZE


..........................................................


THE VALPARAISO CLIMATE NORMALS FOR TODAY
                         NORMAL    RECORD    YEAR
 MAXIMUM TEMPERATURE (F)   75        90      2010
 MINIMUM TEMPERATURE (F)   53        44      2003
                                             2001


SUNRISE AND SUNSET
MAY 30 2015...........SUNRISE   518 AM CDT   SUNSET   814 PM CDT
MAY 31 2015...........SUNRISE   517 AM CDT   SUNSET   814 PM CDT


-  INDICATES NEGATIVE NUMBERS.
R  INDICATES RECORD WAS SET OR TIED.
MM INDICATES DATA IS MISSING.
T  INDICATES TRACE AMOUNT.




$$
