823
CDUS43 KLOT 220633
CLIVPZ


CLIMATE REPORT
NATIONAL WEATHER SERVICE CHICAGO IL
133 AM CDT SUN OCT 22 2017


...................................

...THE VALPARAISO CLIMATE SUMMARY FOR OCTOBER 21 2017...

CLIMATE NORMAL PERIOD 1981 TO 2010
CLIMATE RECORD PERIOD 1998 TO 2017


WEATHER ITEM   OBSERVED TIME   RECORD YEAR NORMAL DEPARTURE LAST
                VALUE   (LST)  VALUE       VALUE  FROM      YEAR
                                                  NORMAL
..................................................................
TEMPERATURE (F)
 YESTERDAY
  MAXIMUM         77    222 PM  81    2015  61     16       54
  MINIMUM         55    653 AM  28    2002  41     14       41
  AVERAGE         66                        51     15       48

PRECIPITATION (IN)
  YESTERDAY        0.00          0.04 2016   0.11  -0.11     0.04
  MONTH TO DATE    4.38                      2.22   2.16     3.80
  SINCE SEP 1      5.78                      5.43   0.35     5.04
  SINCE JAN 1     29.83                     30.97  -1.14    27.88

DEGREE DAYS
 HEATING
  YESTERDAY        0                        14    -14       17
  MONTH TO DATE   64                       242   -178      120
  SINCE SEP 1    123                       355   -232      147
  SINCE JUL 1    129                       372   -243      155

 COOLING
  YESTERDAY        1                         0      1        0
  MONTH TO DATE   48                        11     37       21
  SINCE SEP 1    204                        77    127      162
  SINCE JAN 1    968                       713    255     1011
..................................................................


WIND (MPH)
  RESULTANT WIND SPEED  10   RESULTANT WIND DIRECTION   S (170)
  HIGHEST WIND SPEED    21   HIGHEST WIND DIRECTION     S (190)
  HIGHEST GUST SPEED    28   HIGHEST GUST DIRECTION     S (180)
  AVERAGE WIND SPEED    10.3



WEATHER CONDITIONS
 THE FOLLOWING WEATHER WAS RECORDED YESTERDAY.
  NO SIGNIFICANT WEATHER WAS OBSERVED.


..........................................................


THE VALPARAISO CLIMATE NORMALS FOR TODAY
                         NORMAL    RECORD    YEAR
 MAXIMUM TEMPERATURE (F)   61        71      2000
 MINIMUM TEMPERATURE (F)   41        25      2013


SUNRISE AND SUNSET
OCTOBER 22 2017.......SUNRISE   708 AM CDT   SUNSET   556 PM CDT
OCTOBER 23 2017.......SUNRISE   709 AM CDT   SUNSET   555 PM CDT


-  INDICATES NEGATIVE NUMBERS.
R  INDICATES RECORD WAS SET OR TIED.
MM INDICATES DATA IS MISSING.
T  INDICATES TRACE AMOUNT.




$$
