000
CDUS43 KLOT 230639
CLIVPZ


CLIMATE REPORT
NATIONAL WEATHER SERVICE CHICAGO IL
139 AM CDT SAT AUG 23 2014


...................................

...THE VALPARAISO CLIMATE SUMMARY FOR AUGUST 22 2014...

CLIMATE NORMAL PERIOD 1981 TO 2010
CLIMATE RECORD PERIOD 1998 TO 2014


WEATHER ITEM   OBSERVED TIME   RECORD YEAR NORMAL DEPARTURE LAST
                VALUE   (LST)  VALUE       VALUE  FROM      YEAR
                                                  NORMAL
..................................................................
TEMPERATURE (F)
 YESTERDAY
  MAXIMUM         84    323 PM  90    2007  80      4       74
  MINIMUM         70   1159 PM  47    2004  60     10       64
  AVERAGE         77                        70      7       69

PRECIPITATION (IN)
  YESTERDAY        2.92R         0.73 2007   0.15   2.77     0.54
  MONTH TO DATE    7.67                      3.06   4.61     3.70
  SINCE JUN 1     17.61                     11.31   6.30    11.70
  SINCE JAN 1     26.54                     24.29   2.25    25.33

DEGREE DAYS
 HEATING
  YESTERDAY        0                         0      0        0
  MONTH TO DATE   15                         0     15       12
  SINCE JUN 1     60                        45     15       65
  SINCE JUL 1     40                         4     36       28

 COOLING
  YESTERDAY       12                         6      6        4
  MONTH TO DATE  119                       142    -23      103
  SINCE JUN 1    390                       546   -156      477
  SINCE JAN 1    463                       593   -130      578
..................................................................


WIND (MPH)
  RESULTANT WIND SPEED   3   RESULTANT WIND DIRECTION  SW (230)
  HIGHEST WIND SPEED    15   HIGHEST WIND DIRECTION     N (20)
  HIGHEST GUST SPEED    27   HIGHEST GUST DIRECTION     N (10)
  AVERAGE WIND SPEED     4.9



WEATHER CONDITIONS
 THE FOLLOWING WEATHER WAS RECORDED YESTERDAY.
  THUNDERSTORM
  HEAVY RAIN
  RAIN
  LIGHT RAIN
  FOG


..........................................................


THE VALPARAISO CLIMATE NORMALS FOR TODAY
                         NORMAL    RECORD    YEAR
 MAXIMUM TEMPERATURE (F)   80        90      1998
 MINIMUM TEMPERATURE (F)   60        52      2009


SUNRISE AND SUNSET
AUGUST 23 2014........SUNRISE   605 AM CDT   SUNSET   735 PM CDT
AUGUST 24 2014........SUNRISE   606 AM CDT   SUNSET   734 PM CDT


-  INDICATES NEGATIVE NUMBERS.
R  INDICATES RECORD WAS SET OR TIED.
MM INDICATES DATA IS MISSING.
T  INDICATES TRACE AMOUNT.




$$
