000
CDUS43 KLOT 110636
CLIVPZ


CLIMATE REPORT
NATIONAL WEATHER SERVICE CHICAGO IL
1235 AM CST THU FEB 11 2016


...................................

...THE VALPARAISO CLIMATE SUMMARY FOR FEBRUARY 10 2016...

CLIMATE NORMAL PERIOD 1981 TO 2010
CLIMATE RECORD PERIOD 1998 TO 2016


WEATHER ITEM   OBSERVED TIME   RECORD YEAR NORMAL DEPARTURE LAST
                VALUE   (LST)  VALUE       VALUE  FROM      YEAR
                                                  NORMAL
..................................................................
TEMPERATURE (F)
 YESTERDAY
  MAXIMUM         18    215 PM  61    2009  34    -16       27
  MINIMUM         12   1159 PM -13    2011  19     -7        9
  AVERAGE         15                        26    -11       18

PRECIPITATION (IN)
  YESTERDAY        T             0.16 2013   0.05  -0.05     0.00
  MONTH TO DATE    0.69                      0.47   0.22     0.71
  SINCE DEC 1      3.28                      4.40  -1.12     2.42
  SINCE JAN 1      1.15                      2.22  -1.07     1.61

DEGREE DAYS
 HEATING
  YESTERDAY       50                        39     11       47
  MONTH TO DATE  344                       399    -55      438
  SINCE DEC 1   2249                      2826   -577     2794
  SINCE JUL 1   3225                      4084   -859     4295

 COOLING
  YESTERDAY        0                         0      0        0
  MONTH TO DATE    0                         0      0        0
  SINCE DEC 1      0                         0      0        0
  SINCE JAN 1      0                         0      0        0
..................................................................


WIND (MPH)
  RESULTANT WIND SPEED  11   RESULTANT WIND DIRECTION   W (290)
  HIGHEST WIND SPEED    18   HIGHEST WIND DIRECTION     W (290)
  HIGHEST GUST SPEED    27   HIGHEST GUST DIRECTION    NW (300)
  AVERAGE WIND SPEED    11.4



WEATHER CONDITIONS
 THE FOLLOWING WEATHER WAS RECORDED YESTERDAY.
  SNOW
  LIGHT SNOW


..........................................................


THE VALPARAISO CLIMATE NORMALS FOR TODAY
                         NORMAL    RECORD    YEAR
 MAXIMUM TEMPERATURE (F)   34        70      1999
 MINIMUM TEMPERATURE (F)   19       -11      2014


SUNRISE AND SUNSET
FEBRUARY 11 2016......SUNRISE   649 AM CST   SUNSET   516 PM CST
FEBRUARY 12 2016......SUNRISE   648 AM CST   SUNSET   517 PM CST


-  INDICATES NEGATIVE NUMBERS.
R  INDICATES RECORD WAS SET OR TIED.
MM INDICATES DATA IS MISSING.
T  INDICATES TRACE AMOUNT.




$$
