000
CDUS43 KLOT 280707
CLIVPZ


CLIMATE REPORT
NATIONAL WEATHER SERVICE CHICAGO IL
206 AM CDT TUE MAR 28 2017


...................................

...THE VALPARAISO CLIMATE SUMMARY FOR MARCH 27 2017...

CLIMATE NORMAL PERIOD 1981 TO 2010
CLIMATE RECORD PERIOD 1998 TO 2017


WEATHER ITEM   OBSERVED TIME   RECORD YEAR NORMAL DEPARTURE LAST
                VALUE   (LST)  VALUE       VALUE  FROM      YEAR
                                                  NORMAL
..................................................................
TEMPERATURE (F)
 YESTERDAY
  MAXIMUM         56    300 PM  79    1945  52      4       69
  MINIMUM         40   1159 PM   1    1965  32      8       35
  AVERAGE         48                        42      6       52

PRECIPITATION (IN)
  YESTERDAY        0.01          1.70 1898   0.09  -0.08     0.41
  MONTH TO DATE    1.86                      2.12  -0.26     2.17
  SINCE MAR 1      1.86                      2.12  -0.26     2.17
  SINCE JAN 1      5.30                      5.29   0.01     3.50

DEGREE DAYS
 HEATING
  YESTERDAY       17                        23     -6       13
  MONTH TO DATE  699                       756    -57      570
  SINCE MAR 1    699                       756    -57      570
  SINCE JUL 1   4413                      5488  -1075     4428

 COOLING
  YESTERDAY        0                         0      0        0
  MONTH TO DATE    0                         0      0        0
  SINCE MAR 1      0                         0      0        0
  SINCE JAN 1      0                         0      0        0
..................................................................


WIND (MPH)
  RESULTANT WIND SPEED   3   RESULTANT WIND DIRECTION   W (290)
  HIGHEST WIND SPEED    15   HIGHEST WIND DIRECTION    SW (240)
  HIGHEST GUST SPEED    17   HIGHEST GUST DIRECTION     W (250)
  AVERAGE WIND SPEED     7.0



WEATHER CONDITIONS
 THE FOLLOWING WEATHER WAS RECORDED YESTERDAY.
  LIGHT RAIN
  FOG
  HAZE


..........................................................


THE VALPARAISO CLIMATE NORMALS FOR TODAY
                         NORMAL    RECORD    YEAR
 MAXIMUM TEMPERATURE (F)   52        77      1945
                                             1905
 MINIMUM TEMPERATURE (F)   33         2      1934


SUNRISE AND SUNSET
MARCH 28 2017.........SUNRISE   637 AM CDT   SUNSET   709 PM CDT
MARCH 29 2017.........SUNRISE   636 AM CDT   SUNSET   710 PM CDT


-  INDICATES NEGATIVE NUMBERS.
R  INDICATES RECORD WAS SET OR TIED.
MM INDICATES DATA IS MISSING.
T  INDICATES TRACE AMOUNT.




$$
