000
CDUS42 KMLB 270644
CLIVRB


CLIMATE REPORT
NATIONAL WEATHER SERVICE MELBOURNE FL
233 AM EDT WED JUL 27 2016


...................................

...THE VERO BEACH CLIMATE SUMMARY FOR JULY 26 2016...

CLIMATE NORMAL PERIOD 1981 TO 2010
CLIMATE RECORD PERIOD 1942 TO 2016


WEATHER ITEM   OBSERVED TIME   RECORD YEAR NORMAL DEPARTURE LAST
                VALUE   (LST)  VALUE       VALUE  FROM      YEAR
                                                  NORMAL
..................................................................
TEMPERATURE (F)
 YESTERDAY
  MAXIMUM         92    159 PM  97    1983  90      2       90
  MINIMUM         73    616 AM  69    1988  74     -1       76
                                      1978
  AVERAGE         83                        82      1       83

PRECIPITATION (IN)
  YESTERDAY        0.00          2.72 1953   0.18  -0.18     0.16
  MONTH TO DATE    0.61                      4.74  -4.13     5.38
  SINCE JUN 1      5.46                     11.41  -5.95    10.29
  SINCE JAN 1     41.25                     26.78  14.47    22.01

SNOWFALL (IN)
  YESTERDAY        0.0
  MONTH TO DATE    0.0
  SINCE JUL 1      0.0

DEGREE DAYS
 HEATING
  YESTERDAY        0                         0      0        0
  MONTH TO DATE    0                         0      0        0
  SINCE JUN 1      0                         0      0        0
  SINCE JUL 1      0                         0      0        0

 COOLING
  YESTERDAY       18                        17      1       18
  MONTH TO DATE  482                       433     49      471
  SINCE JUN 1    999                       889    110      984
  SINCE JAN 1   1928                      1695    233     2136
..................................................................


WIND (MPH)
  HIGHEST WIND SPEED    17   HIGHEST WIND DIRECTION    SE (120)
  HIGHEST GUST SPEED    23   HIGHEST GUST DIRECTION    SE (120)
  AVERAGE WIND SPEED     6.2


SKY COVER
  AVERAGE SKY COVER 0.1


WEATHER CONDITIONS
 THE FOLLOWING WEATHER WAS RECORDED YESTERDAY.
  NO SIGNIFICANT WEATHER WAS OBSERVED.


RELATIVE HUMIDITY (PERCENT)
 HIGHEST    93           100 AM
 LOWEST     56          1200 PM
 AVERAGE    75

..........................................................


THE VERO BEACH CLIMATE NORMALS FOR TODAY
                         NORMAL    RECORD    YEAR
 MAXIMUM TEMPERATURE (F)   90        98      1983
 MINIMUM TEMPERATURE (F)   74        68      1976


SUNRISE AND SUNSET
JULY 27 2016..........SUNRISE   642 AM EDT   SUNSET   814 PM EDT
JULY 28 2016..........SUNRISE   643 AM EDT   SUNSET   813 PM EDT


-  INDICATES NEGATIVE NUMBERS.
R  INDICATES RECORD WAS SET OR TIED.
MM INDICATES DATA IS MISSING.
T  INDICATES TRACE AMOUNT.




$$
