000
CDUS42 KMLB 260630
CLIVRB


CLIMATE REPORT
NATIONAL WEATHER SERVICE MELBOURNE FL
130 AM EST MON JAN 26 2015


...................................

...THE VERO BEACH CLIMATE SUMMARY FOR JANUARY 25 2015...

CLIMATE NORMAL PERIOD 1981 TO 2010
CLIMATE RECORD PERIOD 1942 TO 2015


WEATHER ITEM   OBSERVED TIME   RECORD YEAR NORMAL DEPARTURE LAST
                VALUE   (LST)  VALUE       VALUE  FROM      YEAR
                                                  NORMAL
..................................................................
TEMPERATURE (F)
 YESTERDAY
  MAXIMUM         66    358 PM  84    2002  73     -7       74
                                      1997
                                      1990
  MINIMUM         37    719 AM  36    2003  52    -15       47
  AVERAGE         52                        62    -10       61

PRECIPITATION (IN)
  YESTERDAY        0.00          2.36 1959   0.08  -0.08     0.00
  MONTH TO DATE    1.04                      2.02  -0.98     3.12
  SINCE DEC 1      4.25                      4.21   0.04     5.71
  SINCE JAN 1      1.04                      2.02  -0.98     3.12

SNOWFALL (IN)
  YESTERDAY        0.0
  MONTH TO DATE    0.0
  SINCE JUL 1      0.0

DEGREE DAYS
 HEATING
  YESTERDAY       13                         5      8        4
  MONTH TO DATE   53                       125    -72      161
  SINCE DEC 1    128                       230   -102      179
  SINCE JUL 1    207                       260    -53      190

 COOLING
  YESTERDAY        0                         2     -2        0
  MONTH TO DATE   83                        50     33       53
  SINCE DEC 1    204                       143     61      221
  SINCE JAN 1     83                        50     33       53
..................................................................


WIND (MPH)
  HIGHEST WIND SPEED    13   HIGHEST WIND DIRECTION    NW (330)
  HIGHEST GUST SPEED    17   HIGHEST GUST DIRECTION    NW (310)
  AVERAGE WIND SPEED     4.5


SKY COVER
  AVERAGE SKY COVER 0.0


WEATHER CONDITIONS
 THE FOLLOWING WEATHER WAS RECORDED YESTERDAY.
  NO SIGNIFICANT WEATHER WAS OBSERVED.


RELATIVE HUMIDITY (PERCENT)
 HIGHEST    93           200 AM
 LOWEST     22           400 PM
 AVERAGE    58

..........................................................


THE VERO BEACH CLIMATE NORMALS FOR TODAY
                         NORMAL    RECORD    YEAR
 MAXIMUM TEMPERATURE (F)   73        88      1965
 MINIMUM TEMPERATURE (F)   52        33      1977


SUNRISE AND SUNSET
JANUARY 26 2015.......SUNRISE   711 AM EST   SUNSET   558 PM EST
JANUARY 27 2015.......SUNRISE   711 AM EST   SUNSET   558 PM EST


-  INDICATES NEGATIVE NUMBERS.
R  INDICATES RECORD WAS SET OR TIED.
MM INDICATES DATA IS MISSING.
T  INDICATES TRACE AMOUNT.




$$
