000
CDUS42 KMLB 232017
CLIVRB


CLIMATE REPORT
NATIONAL WEATHER SERVICE MELBOURNE FL
416 PM EDT WED AUG 23 2017


...................................

...THE VERO BEACH CLIMATE SUMMARY FOR AUGUST 23 2017...
VALID TODAY AS OF 0400 PM LOCAL TIME.

CLIMATE NORMAL PERIOD 1981 TO 2010
CLIMATE RECORD PERIOD 1942 TO 2017


WEATHER ITEM   OBSERVED TIME   RECORD YEAR NORMAL DEPARTURE LAST
                VALUE   (LST)  VALUE       VALUE  FROM      YEAR
                                                  NORMAL
..................................................................
TEMPERATURE (F)
 TODAY
  MAXIMUM         90    256 PM  96    1980  90      0       91
  MINIMUM         77    606 AM  70    2012  74      3       76
                                      1999
                                      1990
  AVERAGE         84                        82      2       84

PRECIPITATION (IN)
  TODAY            0.00          2.52 1972   0.25  -0.25     0.00
  MONTH TO DATE    6.23                      5.11   1.12     9.13
  SINCE JUN 1     17.98                     17.41   0.57    14.59
  SINCE JAN 1     29.02                     32.78  -3.76    50.38

SNOWFALL (IN)
  TODAY            0.0
  MONTH TO DATE    0.0
  SINCE JUL 1      0.0

DEGREE DAYS
 HEATING
  TODAY            0                         0      0        0
  MONTH TO DATE    0                         0      0        0
  SINCE JUN 1      0                         0      0        0
  SINCE JUL 1      0                         0      0        0

 COOLING
  TODAY           19                        16      3       19
  MONTH TO DATE  436                       390     46      420
  SINCE JUN 1   1501                      1364    137     1513
  SINCE JAN 1   2566                      2170    396     2442
..................................................................


WIND (MPH)
  HIGHEST WIND SPEED    15   HIGHEST WIND DIRECTION     E (110)
  HIGHEST GUST SPEED    19   HIGHEST GUST DIRECTION     E (70)
  AVERAGE WIND SPEED     6.5


SKY COVER
  AVERAGE SKY COVER 0.2


WEATHER CONDITIONS
 THE FOLLOWING WEATHER WAS RECORDED TODAY.
  NO SIGNIFICANT WEATHER WAS OBSERVED.


RELATIVE HUMIDITY (PERCENT)
 HIGHEST    97           400 AM
 LOWEST     68           100 PM
 AVERAGE    83

..........................................................


THE VERO BEACH CLIMATE NORMALS FOR TOMORROW
                         NORMAL    RECORD    YEAR
 MAXIMUM TEMPERATURE (F)   90        95      1947
 MINIMUM TEMPERATURE (F)   74        68      1987
                                             1957


SUNRISE AND SUNSET
AUGUST 23 2017........SUNRISE   656 AM EDT   SUNSET   752 PM EDT
AUGUST 24 2017........SUNRISE   657 AM EDT   SUNSET   751 PM EDT


-  INDICATES NEGATIVE NUMBERS.
R  INDICATES RECORD WAS SET OR TIED.
MM INDICATES DATA IS MISSING.
T  INDICATES TRACE AMOUNT.




$$
