000
CDUS42 KMLB 190630
CLIVRB


CLIMATE REPORT
NATIONAL WEATHER SERVICE MELBOURNE FL
127 AM EST SUN FEB 19 2017


...................................

...THE VERO BEACH CLIMATE SUMMARY FOR FEBRUARY 18 2017...

CLIMATE NORMAL PERIOD 1981 TO 2010
CLIMATE RECORD PERIOD 1942 TO 2017


WEATHER ITEM   OBSERVED TIME   RECORD YEAR NORMAL DEPARTURE LAST
                VALUE   (LST)  VALUE       VALUE  FROM      YEAR
                                                  NORMAL
..................................................................
TEMPERATURE (F)
 YESTERDAY
  MAXIMUM         82    347 PM  88    2008  75      7       73
  MINIMUM         54    736 AM  31    1958  55     -1       50
  AVERAGE         68                        65      3       62

PRECIPITATION (IN)
  YESTERDAY        0.00          1.57 1949   0.09  -0.09     0.00
  MONTH TO DATE    0.62                      1.68  -1.06     3.15
  SINCE DEC 1      3.49                      6.37  -2.88    17.11
  SINCE JAN 1      1.35                      4.18  -2.83    12.54

SNOWFALL (IN)
  YESTERDAY        0.0
  MONTH TO DATE    0.0
  SINCE JUL 1      0.0

DEGREE DAYS
 HEATING
  YESTERDAY        0                         3     -3        3
  MONTH TO DATE   20                        68    -48       95
  SINCE DEC 1    124                       325   -201      235
  SINCE JUL 1    143                       355   -212      236

 COOLING
  YESTERDAY        3                         3      0        0
  MONTH TO DATE   49                        46      3       40
  SINCE DEC 1    354                       200    154      369
  SINCE JAN 1    149                       107     42       77
..................................................................


WIND (MPH)
  HIGHEST WIND SPEED    22   HIGHEST WIND DIRECTION    SE (140)
  HIGHEST GUST SPEED    26   HIGHEST GUST DIRECTION    SE (140)
  AVERAGE WIND SPEED     6.2


SKY COVER
  AVERAGE SKY COVER 0.1


WEATHER CONDITIONS
 THE FOLLOWING WEATHER WAS RECORDED YESTERDAY.
  NO SIGNIFICANT WEATHER WAS OBSERVED.


RELATIVE HUMIDITY (PERCENT)
 HIGHEST   100           400 AM
 LOWEST     42           300 PM
 AVERAGE    71

..........................................................


THE VERO BEACH CLIMATE NORMALS FOR TODAY
                         NORMAL    RECORD    YEAR
 MAXIMUM TEMPERATURE (F)   75        87      2012
                                             1992
                                             1975
 MINIMUM TEMPERATURE (F)   55        32      1958


SUNRISE AND SUNSET
FEBRUARY 19 2017......SUNRISE   655 AM EST   SUNSET   616 PM EST
FEBRUARY 20 2017......SUNRISE   654 AM EST   SUNSET   617 PM EST


-  INDICATES NEGATIVE NUMBERS.
R  INDICATES RECORD WAS SET OR TIED.
MM INDICATES DATA IS MISSING.
T  INDICATES TRACE AMOUNT.




$$
