000
CDUS42 KMLB 130627
CLIVRB


CLIMATE REPORT
NATIONAL WEATHER SERVICE MELBOURNE FL
126 AM EST WED DEC 13 2017


...................................

...THE VERO BEACH CLIMATE SUMMARY FOR DECEMBER 12 2017...

CLIMATE NORMAL PERIOD 1981 TO 2010
CLIMATE RECORD PERIOD 1942 TO 2017


WEATHER ITEM   OBSERVED TIME   RECORD YEAR NORMAL DEPARTURE LAST
                VALUE   (LST)  VALUE       VALUE  FROM      YEAR
                                                  NORMAL
..................................................................
TEMPERATURE (F)
 YESTERDAY
  MAXIMUM         74    343 PM  86    1986  75     -1       85
                                      1967
  MINIMUM         38    652 AM  26    1957  56    -18       65
  AVERAGE         56                        65     -9       75

PRECIPITATION (IN)
  YESTERDAY        0.00          0.96 1983   0.07  -0.07     0.01
  MONTH TO DATE    2.23                      0.86   1.37     1.21
  SINCE DEC 1      2.23                      0.86   1.37     1.21
  SINCE JAN 1     58.42                     50.54   7.88    64.37

SNOWFALL (IN)
  YESTERDAY        0.0
  MONTH TO DATE    0.0
  SINCE JUL 1      0.0

DEGREE DAYS
 HEATING
  YESTERDAY        9                         3      6        0
  MONTH TO DATE   40                        29     11        1
  SINCE DEC 1     40                        29     11        1
  SINCE JUL 1     60                        59      1       20

 COOLING
  YESTERDAY        0                         3     -3       10
  MONTH TO DATE   53                        43     10       75
  SINCE DEC 1     53                        43     10       75
  SINCE JAN 1   3865                      3354    511     3755
..................................................................


WIND (MPH)
  HIGHEST WIND SPEED    25   HIGHEST WIND DIRECTION     W (280)
  HIGHEST GUST SPEED    31   HIGHEST GUST DIRECTION     W (260)
  AVERAGE WIND SPEED     8.7


SKY COVER
  AVERAGE SKY COVER 0.1


WEATHER CONDITIONS
 THE FOLLOWING WEATHER WAS RECORDED YESTERDAY.
  NO SIGNIFICANT WEATHER WAS OBSERVED.


RELATIVE HUMIDITY (PERCENT)
 HIGHEST    93           400 AM
 LOWEST     46           300 PM
 AVERAGE    70

..........................................................


THE VERO BEACH CLIMATE NORMALS FOR TODAY
                         NORMAL    RECORD    YEAR
 MAXIMUM TEMPERATURE (F)   75        86      2009
                                             1961
                                             1953
 MINIMUM TEMPERATURE (F)   56        25      1962


SUNRISE AND SUNSET
DECEMBER 13 2017......SUNRISE   704 AM EST   SUNSET   528 PM EST
DECEMBER 14 2017......SUNRISE   704 AM EST   SUNSET   529 PM EST


-  INDICATES NEGATIVE NUMBERS.
R  INDICATES RECORD WAS SET OR TIED.
MM INDICATES DATA IS MISSING.
T  INDICATES TRACE AMOUNT.




$$
