000
CDUS42 KMLB 172017
CLIVRB


CLIMATE REPORT
NATIONAL WEATHER SERVICE MELBOURNE FL
417 PM EDT TUE OCT 17 2017


...................................

...THE VERO BEACH CLIMATE SUMMARY FOR OCTOBER 17 2017...
VALID TODAY AS OF 0400 PM LOCAL TIME.

CLIMATE NORMAL PERIOD 1981 TO 2010
CLIMATE RECORD PERIOD 1942 TO 2017


WEATHER ITEM   OBSERVED TIME   RECORD YEAR NORMAL DEPARTURE LAST
                VALUE   (LST)  VALUE       VALUE  FROM      YEAR
                                                  NORMAL
..................................................................
TEMPERATURE (F)
 TODAY
  MAXIMUM         84   1242 PM  90    1974  84      0       86
  MINIMUM         72    456 AM  47    1977  69      3       75
  AVERAGE         78                        76      2       81

PRECIPITATION (IN)
  TODAY            0.01          2.40 1952   0.15  -0.14      T
  MONTH TO DATE    5.69                      3.13   2.56     4.13
  SINCE SEP 1     18.13                      9.92   8.21     9.03
  SINCE JAN 1     47.55                     44.62   2.93    62.46

SNOWFALL (IN)
  TODAY            0.0
  MONTH TO DATE    0.0
  SINCE JUL 1      0.0

DEGREE DAYS
 HEATING
  TODAY            0                         0      0        0
  MONTH TO DATE    0                         0      0        0
  SINCE SEP 1      0                         0      0        0
  SINCE JUL 1      0                         0      0        0

 COOLING
  TODAY           13                        12      1       16
  MONTH TO DATE  263                       222     41      263
  SINCE SEP 1    758                       691     67      786
  SINCE JAN 1   3470                      2989    481     3376
..................................................................


WIND (MPH)
  HIGHEST WIND SPEED    18   HIGHEST WIND DIRECTION    NE (50)
  HIGHEST GUST SPEED    25   HIGHEST GUST DIRECTION    NE (40)
  AVERAGE WIND SPEED     5.2


SKY COVER
  AVERAGE SKY COVER 0.4


WEATHER CONDITIONS
 THE FOLLOWING WEATHER WAS RECORDED TODAY.
  RAIN
  LIGHT RAIN
  FOG


RELATIVE HUMIDITY (PERCENT)
 HIGHEST   100           200 AM
 LOWEST     69          1100 AM
 AVERAGE    85

..........................................................


THE VERO BEACH CLIMATE NORMALS FOR TOMORROW
                         NORMAL    RECORD    YEAR
 MAXIMUM TEMPERATURE (F)   84        92      2007
 MINIMUM TEMPERATURE (F)   69        45      1977


SUNRISE AND SUNSET
OCTOBER 17 2017.......SUNRISE   723 AM EDT   SUNSET   650 PM EDT
OCTOBER 18 2017.......SUNRISE   724 AM EDT   SUNSET   649 PM EDT


-  INDICATES NEGATIVE NUMBERS.
R  INDICATES RECORD WAS SET OR TIED.
MM INDICATES DATA IS MISSING.
T  INDICATES TRACE AMOUNT.




$$
