000
CDUS42 KMLB 032019
CLIVRB


CLIMATE REPORT
NATIONAL WEATHER SERVICE MELBOURNE FL
418 PM EDT WED JUN 3 2015


...................................

...THE VERO BEACH CLIMATE SUMMARY FOR JUNE 3 2015...
VALID TODAY AS OF 0400 PM LOCAL TIME.

CLIMATE NORMAL PERIOD 1981 TO 2010
CLIMATE RECORD PERIOD 1942 TO 2015


WEATHER ITEM   OBSERVED TIME   RECORD YEAR NORMAL DEPARTURE LAST
                VALUE   (LST)  VALUE       VALUE  FROM      YEAR
                                                  NORMAL
..................................................................
TEMPERATURE (F)
 TODAY
  MAXIMUM         86   1205 PM  96    1945  87     -1       84
  MINIMUM         70    555 AM  60    1965  71     -1       67
  AVERAGE         78                        79     -1       76

PRECIPITATION (IN)
  TODAY            0.07          2.15 2010   0.20  -0.13     0.00
  MONTH TO DATE    0.09                      0.58  -0.49     0.17
  SINCE JUN 1      0.09                      0.58  -0.49     0.17
  SINCE JAN 1     11.81                     15.95  -4.14    13.35

SNOWFALL (IN)
  TODAY            0.0
  MONTH TO DATE    0.0
  SINCE JUL 1      0.0

DEGREE DAYS
 HEATING
  TODAY            0                         0      0        0
  MONTH TO DATE    0                         0      0        0
  SINCE JUN 1      0                         0      0        0
  SINCE JUL 1    384                       456    -72      268

 COOLING
  TODAY           13                        14     -1       11
  MONTH TO DATE   41                        42     -1       40
  SINCE JUN 1     41                        42     -1       40
  SINCE JAN 1   1193                       848    345      966
..................................................................


WIND (MPH)
  HIGHEST WIND SPEED    14   HIGHEST WIND DIRECTION     S (200)
  HIGHEST GUST SPEED    17   HIGHEST GUST DIRECTION     S (200)
  AVERAGE WIND SPEED     5.3


SKY COVER
  AVERAGE SKY COVER 0.7


WEATHER CONDITIONS
 THE FOLLOWING WEATHER WAS RECORDED TODAY.
  LIGHT RAIN
  FOG


RELATIVE HUMIDITY (PERCENT)
 HIGHEST    90          1200 AM
 LOWEST     55          1200 PM
 AVERAGE    73

..........................................................


THE VERO BEACH CLIMATE NORMALS FOR TOMORROW
                         NORMAL    RECORD    YEAR
 MAXIMUM TEMPERATURE (F)   87        93      2012
                                             2010
                                             2007
 MINIMUM TEMPERATURE (F)   71        63      1965


SUNRISE AND SUNSET
JUNE  3 2015..........SUNRISE   626 AM EDT   SUNSET   814 PM EDT
JUNE  4 2015..........SUNRISE   626 AM EDT   SUNSET   814 PM EDT


-  INDICATES NEGATIVE NUMBERS.
R  INDICATES RECORD WAS SET OR TIED.
MM INDICATES DATA IS MISSING.
T  INDICATES TRACE AMOUNT.




$$
