000
CDUS41 KBTV 230523
CLIVSF


CLIMATE REPORT
NATIONAL WEATHER SERVICE BURLINGTON VT
120 AM EDT SUN JUL 23 2017


...................................

...THE SPRINGFIELD VT CLIMATE SUMMARY FOR JULY 22 2017...

CLIMATE NORMAL PERIOD 1981 TO 2010
CLIMATE RECORD PERIOD 9999 TO 9999


WEATHER ITEM   OBSERVED TIME   NORMAL DEPARTURE LAST
                VALUE   (LST)  VALUE  FROM      YEAR
                                      NORMAL
......................................................
TEMPERATURE (F)
 YESTERDAY
  MAXIMUM         83    257 PM  81      2       90
  MINIMUM         58    427 AM  57      1       57
  AVERAGE         71            69      2       74

PRECIPITATION (IN)
  YESTERDAY        0.00          0.15  -0.15      T
  MONTH TO DATE    2.78          3.15  -0.37     2.58
  SINCE JUN 1      7.26          7.04   0.22     4.86
  SINCE JAN 1     24.85         23.31   1.54    15.28

DEGREE DAYS
 HEATING
  YESTERDAY        0             0      0        0
  MONTH TO DATE    6             9     -3       14
  SINCE JUN 1    104           105     -1       86
  SINCE JUL 1      6             9     -3       14

 COOLING
  YESTERDAY        6             5      1        9
  MONTH TO DATE  116           103     13      104
  SINCE JUN 1    198           167     31      161
  SINCE JAN 1    212           179     33      202
......................................................


WIND (MPH)
  HIGHEST WIND SPEED    10   HIGHEST WIND DIRECTION    SW (240)
  HIGHEST GUST SPEED    14   HIGHEST GUST DIRECTION     W (250)
  AVERAGE WIND SPEED     2.2


SKY COVER
  AVERAGE SKY COVER 0.1


WEATHER CONDITIONS
 THE FOLLOWING WEATHER WAS RECORDED YESTERDAY.
  HAZE


RELATIVE HUMIDITY (PERCENT)
 HIGHEST    90           400 AM
 LOWEST     43           300 PM
 AVERAGE    67

..........................................................


THE SPRINGFIELD VT CLIMATE NORMALS FOR TODAY
                         NORMAL    RECORD    YEAR
 MAXIMUM TEMPERATURE (F)   81        94      2011
 MINIMUM TEMPERATURE (F)   57        46      1997


SUNRISE AND SUNSET
JULY 23 2017..........SUNRISE   531 AM EDT   SUNSET   821 PM EDT
JULY 24 2017..........SUNRISE   532 AM EDT   SUNSET   821 PM EDT


-  INDICATES NEGATIVE NUMBERS.
R  INDICATES RECORD WAS SET OR TIED.
MM INDICATES DATA IS MISSING.
T  INDICATES TRACE AMOUNT.




$$
