000
CDUS41 KBTV 190543
CLIVSF


CLIMATE REPORT
NATIONAL WEATHER SERVICE BURLINGTON VT
1240 AM EST THU JAN 19 2017


...................................

...THE SPRINGFIELD VT CLIMATE SUMMARY FOR JANUARY 18 2017...

CLIMATE NORMAL PERIOD 1981 TO 2010
CLIMATE RECORD PERIOD 9999 TO 9999


WEATHER ITEM   OBSERVED TIME   NORMAL DEPARTURE LAST
                VALUE   (LST)  VALUE  FROM      YEAR
                                      NORMAL
......................................................
TEMPERATURE (F)
 YESTERDAY
  MAXIMUM         33    255 PM  29      4       23
  MINIMUM         30   1159 PM   9     21       11
  AVERAGE         32            19     13       17

PRECIPITATION (IN)
  YESTERDAY        0.55          0.09   0.46     0.02
  MONTH TO DATE    1.46          1.92  -0.46     1.38
  SINCE DEC 1      3.86          5.19  -1.33     4.70
  SINCE JAN 1      1.46          1.92  -0.46     1.38

DEGREE DAYS
 HEATING
  YESTERDAY       33            46    -13       48
  MONTH TO DATE  747           817    -70      728
  SINCE DEC 1   1962          2037    -75     1598
  SINCE JUL 1   3418          3680   -262     3011

 COOLING
  YESTERDAY        0             0      0        0
  MONTH TO DATE    0             0      0        0
  SINCE DEC 1      0             0      0        0
  SINCE JAN 1      0             0      0        0
......................................................


WIND (MPH)
  HIGHEST WIND SPEED     7   HIGHEST WIND DIRECTION    NE (50)
  HIGHEST GUST SPEED     9   HIGHEST GUST DIRECTION    NE (50)
  AVERAGE WIND SPEED     1.1


SKY COVER
  AVERAGE SKY COVER 1.0


WEATHER CONDITIONS
 THE FOLLOWING WEATHER WAS RECORDED YESTERDAY.
  LT FREEZING RAIN
  LIGHT SNOW
  FOG


RELATIVE HUMIDITY (PERCENT)
 HIGHEST   100          1200 AM
 LOWEST     82           100 PM
 AVERAGE    91

..........................................................


THE SPRINGFIELD VT CLIMATE NORMALS FOR TODAY
                         NORMAL    RECORD    YEAR
 MAXIMUM TEMPERATURE (F)   29        42      2013
 MINIMUM TEMPERATURE (F)    9       -17      1997


SUNRISE AND SUNSET
JANUARY 19 2017.......SUNRISE   717 AM EST   SUNSET   445 PM EST
JANUARY 20 2017.......SUNRISE   716 AM EST   SUNSET   446 PM EST


-  INDICATES NEGATIVE NUMBERS.
R  INDICATES RECORD WAS SET OR TIED.
MM INDICATES DATA IS MISSING.
T  INDICATES TRACE AMOUNT.




$$
