000
CDUS41 KBTV 040533
CLIVSF


CLIMATE REPORT
NATIONAL WEATHER SERVICE BURLINGTON VT
132 AM EDT SAT JUL 4 2015


...................................

...THE SPRINGFIELD VT CLIMATE SUMMARY FOR JULY 3 2015...

CLIMATE NORMAL PERIOD 1981 TO 2010
CLIMATE RECORD PERIOD 9999 TO 9999


WEATHER ITEM   OBSERVED TIME   NORMAL DEPARTURE LAST
                VALUE   (LST)  VALUE  FROM      YEAR
                                      NORMAL
......................................................
TEMPERATURE (F)
 YESTERDAY
  MAXIMUM         78    352 PM  80     -2       MM
  MINIMUM         46    516 AM  56    -10       MM
  AVERAGE         62            68     -6       MM

PRECIPITATION (IN)
  YESTERDAY        0.00          0.12  -0.12     0.28
  MONTH TO DATE    0.53          0.36   0.17     0.73
  SINCE JUN 1      5.73          4.25   1.48     4.91
  SINCE JAN 1     14.23         20.52  -6.29    18.44

DEGREE DAYS
 HEATING
  YESTERDAY        3             1      2       MM
  MONTH TO DATE    3             3      0        0
  SINCE JUN 1    110            99     11       58
  SINCE JUL 1      3             3      0        0

 COOLING
  YESTERDAY        0             4     -4       MM
  MONTH TO DATE    1            12    -11       25
  SINCE JUN 1     44            76    -32       84
  SINCE JAN 1     93            88      5       89
......................................................


WIND (MPH)
  HIGHEST WIND SPEED    10   HIGHEST WIND DIRECTION     W (290)
  HIGHEST GUST SPEED    14   HIGHEST GUST DIRECTION     W (280)
  AVERAGE WIND SPEED     1.3


SKY COVER
  AVERAGE SKY COVER 0.2


WEATHER CONDITIONS
 THE FOLLOWING WEATHER WAS RECORDED YESTERDAY.
  FOG
  FOG W/VISIBILITY <= 1/4 MILE


RELATIVE HUMIDITY (PERCENT)
 HIGHEST   100           600 AM
 LOWEST     27          1200 PM
 AVERAGE    64

..........................................................


THE SPRINGFIELD VT CLIMATE NORMALS FOR TODAY
                         NORMAL    RECORD    YEAR
 MAXIMUM TEMPERATURE (F)   81        93      2002
 MINIMUM TEMPERATURE (F)   57        48      2007


SUNRISE AND SUNSET
JULY  4 2015..........SUNRISE   515 AM EDT   SUNSET   834 PM EDT
JULY  5 2015..........SUNRISE   516 AM EDT   SUNSET   833 PM EDT


-  INDICATES NEGATIVE NUMBERS.
R  INDICATES RECORD WAS SET OR TIED.
MM INDICATES DATA IS MISSING.
T  INDICATES TRACE AMOUNT.




$$
