000
CDUS41 KBTV 010839
CLIVSF


CLIMATE REPORT
NATIONAL WEATHER SERVICE BURLINGTON VT
437 AM EDT SUN MAY 1 2016


...................................

...THE SPRINGFIELD VT CLIMATE SUMMARY FOR APRIL 30 2016...

CLIMATE NORMAL PERIOD 1981 TO 2010
CLIMATE RECORD PERIOD 9999 TO 9999


WEATHER ITEM   OBSERVED TIME   NORMAL DEPARTURE LAST
                VALUE   (LST)  VALUE  FROM      YEAR
                                      NORMAL
......................................................
TEMPERATURE (F)
 YESTERDAY
  MAXIMUM         68    358 PM  63      5       60
  MINIMUM         33    518 AM  38     -5       39
  AVERAGE         51            50      1       50

PRECIPITATION (IN)
  YESTERDAY        0.00          0.11  -0.11      T
  MONTH TO DATE    1.43          3.62  -2.19     2.24
  SINCE MAR 1      3.11          6.92  -3.81     3.09
  SINCE JAN 1      8.33         12.53  -4.20     7.24

DEGREE DAYS
 HEATING
  YESTERDAY       14            15     -1       15
  MONTH TO DATE  686           625     61      660
  SINCE MAR 1   1499          1661   -162     1859
  SINCE JUL 1   6155          7106   -951     7411

 COOLING
  YESTERDAY        0             0      0        0
  MONTH TO DATE    0             2     -2        0
  SINCE MAR 1      0             2     -2        0
  SINCE JAN 1      0             2     -2        0
......................................................


WIND (MPH)
  HIGHEST WIND SPEED    13   HIGHEST WIND DIRECTION     W (250)
  HIGHEST GUST SPEED    17   HIGHEST GUST DIRECTION     W (260)
  AVERAGE WIND SPEED     2.5


SKY COVER
  AVERAGE SKY COVER 0.1


WEATHER CONDITIONS
 THE FOLLOWING WEATHER WAS RECORDED YESTERDAY.
  NO SIGNIFICANT WEATHER WAS OBSERVED.


RELATIVE HUMIDITY (PERCENT)
 HIGHEST    89           400 AM
 LOWEST     22           400 PM
 AVERAGE    56

..........................................................


THE SPRINGFIELD VT CLIMATE NORMALS FOR TODAY
                         NORMAL    RECORD    YEAR
 MAXIMUM TEMPERATURE (F)   63        85      2001
 MINIMUM TEMPERATURE (F)   38        25      2008


SUNRISE AND SUNSET
MAY  1 2016...........SUNRISE   543 AM EDT   SUNSET   752 PM EDT
MAY  2 2016...........SUNRISE   541 AM EDT   SUNSET   754 PM EDT


-  INDICATES NEGATIVE NUMBERS.
R  INDICATES RECORD WAS SET OR TIED.
MM INDICATES DATA IS MISSING.
T  INDICATES TRACE AMOUNT.




$$
