000
CDUS41 KBTV 260529
CLIVSF


CLIMATE REPORT
NATIONAL WEATHER SERVICE BURLINGTON VT
1225 AM EST SUN FEB 26 2017


...................................

...THE SPRINGFIELD VT CLIMATE SUMMARY FOR FEBRUARY 25 2017...

CLIMATE NORMAL PERIOD 1981 TO 2010
CLIMATE RECORD PERIOD 9999 TO 9999


WEATHER ITEM   OBSERVED TIME   NORMAL DEPARTURE LAST
                VALUE   (LST)  VALUE  FROM      YEAR
                                      NORMAL
......................................................
TEMPERATURE (F)
 YESTERDAY
  MAXIMUM         61    346 PM  36     25       58
  MINIMUM         34    119 AM  16     18       32
  AVERAGE         48            26     22       45

PRECIPITATION (IN)
  YESTERDAY        0.40          0.08   0.32     0.82
  MONTH TO DATE    1.13          2.43  -1.30     3.73
  SINCE DEC 1      5.95          8.62  -2.67     8.54
  SINCE JAN 1      3.55          5.35  -1.80     5.22

DEGREE DAYS
 HEATING
  YESTERDAY       17            39    -22       20
  MONTH TO DATE  929          1058   -129      979
  SINCE DEC 1   3330          3687   -357     3114
  SINCE JUL 1   4786          5330   -544     4527

 COOLING
  YESTERDAY        0             0      0        0
  MONTH TO DATE    0             0      0        0
  SINCE DEC 1      0             0      0        0
  SINCE JAN 1      0             0      0        0
......................................................


WIND (MPH)
  HIGHEST WIND SPEED    28   HIGHEST WIND DIRECTION     W (290)
  HIGHEST GUST SPEED    38   HIGHEST GUST DIRECTION     W (250)
  AVERAGE WIND SPEED     5.6


SKY COVER
  AVERAGE SKY COVER 0.9


WEATHER CONDITIONS
 THE FOLLOWING WEATHER WAS RECORDED YESTERDAY.
  HEAVY RAIN
  RAIN
  LIGHT RAIN
  FOG
  FOG W/VISIBILITY <= 1/4 MILE


RELATIVE HUMIDITY (PERCENT)
 HIGHEST    96          1200 AM
 LOWEST     69           400 PM
 AVERAGE    83

..........................................................


THE SPRINGFIELD VT CLIMATE NORMALS FOR TODAY
                         NORMAL    RECORD    YEAR
 MAXIMUM TEMPERATURE (F)   36        57      2002
 MINIMUM TEMPERATURE (F)   16       -12      2003


SUNRISE AND SUNSET
FEBRUARY 26 2017......SUNRISE   631 AM EST   SUNSET   536 PM EST
FEBRUARY 27 2017......SUNRISE   629 AM EST   SUNSET   537 PM EST


-  INDICATES NEGATIVE NUMBERS.
R  INDICATES RECORD WAS SET OR TIED.
MM INDICATES DATA IS MISSING.
T  INDICATES TRACE AMOUNT.




$$
