000
CDUS41 KBTV 010527
CLIVSF


CLIMATE REPORT
NATIONAL WEATHER SERVICE BURLINGTON VT
126 AM EDT FRI AUG 1 2014


...................................

...THE SPRINGFIELD VT CLIMATE SUMMARY FOR JULY 31 2014...

CLIMATE NORMAL PERIOD 1981 TO 2010
CLIMATE RECORD PERIOD 9999 TO 9999


WEATHER ITEM   OBSERVED TIME   NORMAL DEPARTURE LAST
                VALUE   (LST)  VALUE  FROM      YEAR
                                      NORMAL
......................................................
TEMPERATURE (F)
 YESTERDAY
  MAXIMUM         71    548 PM  81    -10       81
  MINIMUM         51    429 AM  57     -6       53
  AVERAGE         61            69     -8       67

PRECIPITATION (IN)
  YESTERDAY        0.29          0.15   0.14     0.00
  MONTH TO DATE    6.38          4.43   1.95     5.10
  SINCE JUN 1     10.56          8.32   2.24    11.50
  SINCE JAN 1     24.09         24.59  -0.50    23.21

DEGREE DAYS
 HEATING
  YESTERDAY        4             1      3        0
  MONTH TO DATE    7            17    -10        6
  SINCE JUN 1     65           113    -48      107
  SINCE JUL 1      7            17    -10        6

 COOLING
  YESTERDAY        0             4     -4        2
  MONTH TO DATE  113           139    -26      253
  SINCE JUN 1    172           203    -31      342
  SINCE JAN 1    177           215    -38      366
......................................................


WIND (MPH)
  HIGHEST WIND SPEED    10   HIGHEST WIND DIRECTION    SE (150)
  HIGHEST GUST SPEED    15   HIGHEST GUST DIRECTION    SE (150)
  AVERAGE WIND SPEED     1.2


SKY COVER
  AVERAGE SKY COVER 0.7


WEATHER CONDITIONS
 THE FOLLOWING WEATHER WAS RECORDED YESTERDAY.
  THUNDERSTORM
  HEAVY RAIN
  RAIN
  LIGHT RAIN
  FOG
  FOG W/VISIBILITY <= 1/4 MILE


RELATIVE HUMIDITY (PERCENT)
 HIGHEST   100           800 PM
 LOWEST     70           100 PM
 AVERAGE    85

..........................................................


THE SPRINGFIELD VT CLIMATE NORMALS FOR TODAY
                         NORMAL    RECORD    YEAR
 MAXIMUM TEMPERATURE (F)   81        MM        MM
 MINIMUM TEMPERATURE (F)   57        MM        MM


SUNRISE AND SUNSET
AUGUST  1 2014........SUNRISE   540 AM EDT   SUNSET   812 PM EDT
AUGUST  2 2014........SUNRISE   541 AM EDT   SUNSET   811 PM EDT


-  INDICATES NEGATIVE NUMBERS.
R  INDICATES RECORD WAS SET OR TIED.
MM INDICATES DATA IS MISSING.
T  INDICATES TRACE AMOUNT.




$$
