000
CDUS41 KBTV 280539
CLIVSF


CLIMATE REPORT
NATIONAL WEATHER SERVICE BURLINGTON VT
137 AM EDT TUE JUL 28 2015


...................................

...THE SPRINGFIELD VT CLIMATE SUMMARY FOR JULY 27 2015...

CLIMATE NORMAL PERIOD 1981 TO 2010
CLIMATE RECORD PERIOD 9999 TO 9999


WEATHER ITEM   OBSERVED TIME   NORMAL DEPARTURE LAST
                VALUE   (LST)  VALUE  FROM      YEAR
                                      NORMAL
......................................................
TEMPERATURE (F)
 YESTERDAY
  MAXIMUM         87    300 PM  81      6       79
  MINIMUM         65    142 AM  57      8       57
  AVERAGE         76            69      7       68

PRECIPITATION (IN)
  YESTERDAY        0.00          0.13  -0.13     0.47
  MONTH TO DATE    1.05          3.86  -2.81     3.30
  SINCE JUN 1      6.25          7.75  -1.50     7.48
  SINCE JAN 1     14.75         24.02  -9.27    21.01

DEGREE DAYS
 HEATING
  YESTERDAY        0             1     -1        0
  MONTH TO DATE   16            13      3        1
  SINCE JUN 1    123           109     14       59
  SINCE JUL 1     16            13      3        1

 COOLING
  YESTERDAY       11             4      7        3
  MONTH TO DATE  101           127    -26      110
  SINCE JUN 1    144           191    -47      169
  SINCE JAN 1    193           203    -10      174
......................................................


WIND (MPH)
  HIGHEST WIND SPEED    12   HIGHEST WIND DIRECTION     S (160)
  HIGHEST GUST SPEED    16   HIGHEST GUST DIRECTION     S (170)
  AVERAGE WIND SPEED     2.2


SKY COVER
  AVERAGE SKY COVER 0.6


WEATHER CONDITIONS
 THE FOLLOWING WEATHER WAS RECORDED YESTERDAY.
  FOG


RELATIVE HUMIDITY (PERCENT)
 HIGHEST    93          1200 AM
 LOWEST     45           200 PM
 AVERAGE    69

..........................................................


THE SPRINGFIELD VT CLIMATE NORMALS FOR TODAY
                         NORMAL    RECORD    YEAR
 MAXIMUM TEMPERATURE (F)   81        89      2010
 MINIMUM TEMPERATURE (F)   57        43      2001


SUNRISE AND SUNSET
JULY 28 2015..........SUNRISE   536 AM EDT   SUNSET   817 PM EDT
JULY 29 2015..........SUNRISE   537 AM EDT   SUNSET   816 PM EDT


-  INDICATES NEGATIVE NUMBERS.
R  INDICATES RECORD WAS SET OR TIED.
MM INDICATES DATA IS MISSING.
T  INDICATES TRACE AMOUNT.




$$
