000
CDUS41 KBTV 180652
CLIVSF


CLIMATE REPORT
NATIONAL WEATHER SERVICE BURLINGTON VT
157 AM EDT FRI APR 18 2014


...................................

...THE SPRINGFIELD VT CLIMATE SUMMARY FOR APRIL 17 2014...

CLIMATE NORMAL PERIOD 1981 TO 2010
CLIMATE RECORD PERIOD 9999 TO 9999


WEATHER ITEM   OBSERVED TIME   NORMAL DEPARTURE LAST
                VALUE   (LST)  VALUE  FROM      YEAR
                                      NORMAL
......................................................
TEMPERATURE (F)
 YESTERDAY
  MAXIMUM         48    334 PM  57     -9       60
  MINIMUM         19    525 AM  33    -14       32
  AVERAGE         34            45    -11       46

PRECIPITATION (IN)
  YESTERDAY        0.00          0.11  -0.11     0.00
  MONTH TO DATE    1.94          2.30  -0.36     1.26
  SINCE MAR 1      3.96          5.60  -1.64     3.30
  SINCE JAN 1      7.65         11.21  -3.56     6.41

DEGREE DAYS
 HEATING
  YESTERDAY       31            20     11       19
  MONTH TO DATE  389           402    -13      413
  SINCE MAR 1   1661          1437    224     1443
  SINCE JUL 1   7372          6882    490     6295

 COOLING
  YESTERDAY        0             0      0        0
  MONTH TO DATE    0             0      0        0
  SINCE MAR 1      0             0      0        0
  SINCE JAN 1      0             0      0        0
......................................................


WIND (MPH)
  HIGHEST WIND SPEED    14   HIGHEST WIND DIRECTION    SE (130)
  HIGHEST GUST SPEED    19   HIGHEST GUST DIRECTION    SE (140)
  AVERAGE WIND SPEED     4.3


SKY COVER
  AVERAGE SKY COVER 0.0


WEATHER CONDITIONS
 THE FOLLOWING WEATHER WAS RECORDED YESTERDAY.
  NO SIGNIFICANT WEATHER WAS OBSERVED.


RELATIVE HUMIDITY (PERCENT)
 HIGHEST    91           500 AM
 LOWEST     25           300 PM
 AVERAGE    58

..........................................................


THE SPRINGFIELD VT CLIMATE NORMALS FOR TODAY
                         NORMAL    RECORD    YEAR
 MAXIMUM TEMPERATURE (F)   57        MM        MM
 MINIMUM TEMPERATURE (F)   34        MM        MM


SUNRISE AND SUNSET
APRIL 18 2014.........SUNRISE   603 AM EDT   SUNSET   737 PM EDT
APRIL 19 2014.........SUNRISE   601 AM EDT   SUNSET   738 PM EDT


-  INDICATES NEGATIVE NUMBERS.
R  INDICATES RECORD WAS SET OR TIED.
MM INDICATES DATA IS MISSING.
T  INDICATES TRACE AMOUNT.




$$
