000
CDUS41 KBTV 290540
CLIVSF


CLIMATE REPORT
NATIONAL WEATHER SERVICE BURLINGTON VT
139 AM EDT FRI AUG 29 2014


...................................

...THE SPRINGFIELD VT CLIMATE SUMMARY FOR AUGUST 28 2014...

CLIMATE NORMAL PERIOD 1981 TO 2010
CLIMATE RECORD PERIOD 9999 TO 9999


WEATHER ITEM   OBSERVED TIME   NORMAL DEPARTURE LAST
                VALUE   (LST)  VALUE  FROM      YEAR
                                      NORMAL
......................................................
TEMPERATURE (F)
 YESTERDAY
  MAXIMUM         74   1249 PM  77     -3       85
  MINIMUM         55   1159 PM  54      1       62
  AVERAGE         65            66     -1       74

PRECIPITATION (IN)
  YESTERDAY        0.00          0.10  -0.10     2.48
  MONTH TO DATE    3.38          3.47  -0.09     4.17
  SINCE JUN 1     13.94         11.79   2.15    15.67
  SINCE JAN 1     27.47         28.06  -0.59    27.38

DEGREE DAYS
 HEATING
  YESTERDAY        0             2     -2        0
  MONTH TO DATE   36            32      4       39
  SINCE JUN 1    101           145    -44      146
  SINCE JUL 1     43            49     -6       45

 COOLING
  YESTERDAY        0             2     -2        9
  MONTH TO DATE   56            99    -43       69
  SINCE JUN 1    228           302    -74      411
  SINCE JAN 1    233           314    -81      435
......................................................


WIND (MPH)
  HIGHEST WIND SPEED    16   HIGHEST WIND DIRECTION    NW (310)
  HIGHEST GUST SPEED    23   HIGHEST GUST DIRECTION    NW (320)
  AVERAGE WIND SPEED     5.0


SKY COVER
  AVERAGE SKY COVER 0.4


WEATHER CONDITIONS
 THE FOLLOWING WEATHER WAS RECORDED YESTERDAY.
  NO SIGNIFICANT WEATHER WAS OBSERVED.


RELATIVE HUMIDITY (PERCENT)
 HIGHEST    97           400 AM
 LOWEST     38          1200 PM
 AVERAGE    68

..........................................................


THE SPRINGFIELD VT CLIMATE NORMALS FOR TODAY
                         NORMAL    RECORD    YEAR
 MAXIMUM TEMPERATURE (F)   77        MM        MM
 MINIMUM TEMPERATURE (F)   54        MM        MM


SUNRISE AND SUNSET
AUGUST 29 2014........SUNRISE   611 AM EDT   SUNSET   730 PM EDT
AUGUST 30 2014........SUNRISE   612 AM EDT   SUNSET   729 PM EDT


-  INDICATES NEGATIVE NUMBERS.
R  INDICATES RECORD WAS SET OR TIED.
MM INDICATES DATA IS MISSING.
T  INDICATES TRACE AMOUNT.




$$
