000
CDUS41 KBTV 020727
CLIVSF


CLIMATE REPORT
NATIONAL WEATHER SERVICE BURLINGTON VT
326 AM EDT THU OCT 2 2014


...................................

...THE SPRINGFIELD VT CLIMATE SUMMARY FOR OCTOBER 1 2014...

CLIMATE NORMAL PERIOD 1981 TO 2010
CLIMATE RECORD PERIOD 9999 TO 9999


WEATHER ITEM   OBSERVED TIME   NORMAL DEPARTURE LAST
                VALUE   (LST)  VALUE  FROM      YEAR
                                      NORMAL
......................................................
TEMPERATURE (F)
 YESTERDAY
  MAXIMUM         61   1157 AM  64     -3       78
  MINIMUM         56   1159 PM  41     15       42
  AVERAGE         59            52      7       60

PRECIPITATION (IN)
  YESTERDAY        0.32          0.17   0.15     0.00
  MONTH TO DATE    0.32          0.17   0.15     0.00
  SINCE SEP 1      1.47          3.93  -2.46     2.98
  SINCE JAN 1     29.16         32.30  -3.14    30.46

DEGREE DAYS
 HEATING
  YESTERDAY        6            13     -7        5
  MONTH TO DATE    6            13     -7        5
  SINCE SEP 1    173           210    -37      231
  SINCE JUL 1    222           265    -43      276

 COOLING
  YESTERDAY        0             0      0        0
  MONTH TO DATE    0             0      0        0
  SINCE SEP 1     40            23     17       42
  SINCE JAN 1    277           344    -67      495
......................................................


WIND (MPH)
  HIGHEST WIND SPEED     6   HIGHEST WIND DIRECTION    SE (150)
  HIGHEST GUST SPEED     7   HIGHEST GUST DIRECTION    SE (140)
  AVERAGE WIND SPEED     0.3


SKY COVER
  AVERAGE SKY COVER 1.0


WEATHER CONDITIONS
 THE FOLLOWING WEATHER WAS RECORDED YESTERDAY.
  RAIN
  LIGHT RAIN
  FOG


RELATIVE HUMIDITY (PERCENT)
 HIGHEST   100           900 AM
 LOWEST     84           100 PM
 AVERAGE    92

..........................................................


THE SPRINGFIELD VT CLIMATE NORMALS FOR TODAY
                         NORMAL    RECORD    YEAR
 MAXIMUM TEMPERATURE (F)   64        MM        MM
 MINIMUM TEMPERATURE (F)   40        MM        MM


SUNRISE AND SUNSET
OCTOBER  2 2014.......SUNRISE   649 AM EDT   SUNSET   629 PM EDT
OCTOBER  3 2014.......SUNRISE   650 AM EDT   SUNSET   628 PM EDT


-  INDICATES NEGATIVE NUMBERS.
R  INDICATES RECORD WAS SET OR TIED.
MM INDICATES DATA IS MISSING.
T  INDICATES TRACE AMOUNT.




$$
