000
CDUS41 KBTV 170532
CLIVSF


CLIMATE REPORT
NATIONAL WEATHER SERVICE BURLINGTON VT
1231 AM EST WED JAN 17 2018


...................................

...THE SPRINGFIELD VT CLIMATE SUMMARY FOR JANUARY 16 2018...

CLIMATE NORMAL PERIOD 1981 TO 2010
CLIMATE RECORD PERIOD 9999 TO 9999


WEATHER ITEM   OBSERVED TIME   NORMAL DEPARTURE LAST
                VALUE   (LST)  VALUE  FROM      YEAR
                                      NORMAL
......................................................
TEMPERATURE (F)
 YESTERDAY
  MAXIMUM         27    404 PM  29     -2       37
  MINIMUM         15    718 AM   9      6        5
  AVERAGE         21            19      2       21

PRECIPITATION (IN)
  YESTERDAY        0.06          0.09  -0.03     0.00
  MONTH TO DATE    1.76          1.74   0.02     0.68
  SINCE DEC 1      5.17          5.01   0.16     3.08
  SINCE JAN 1      1.76          1.74   0.02     0.68

DEGREE DAYS
 HEATING
  YESTERDAY       44            46     -2       44
  MONTH TO DATE  826           725    101      674
  SINCE DEC 1   2198          1945    253     1889
  SINCE JUL 1   3590          3588      2     3345

 COOLING
  YESTERDAY        0             0      0        0
  MONTH TO DATE    0             0      0        0
  SINCE DEC 1      0             0      0        0
  SINCE JAN 1      0             0      0        0
......................................................


WIND (MPH)
  HIGHEST WIND SPEED     6   HIGHEST WIND DIRECTION     S (160)
  HIGHEST GUST SPEED     9   HIGHEST GUST DIRECTION    SE (130)
  AVERAGE WIND SPEED     0.4


SKY COVER
  AVERAGE SKY COVER 1.0


WEATHER CONDITIONS
 THE FOLLOWING WEATHER WAS RECORDED YESTERDAY.
  LIGHT SNOW
  FOG
  HAZE


RELATIVE HUMIDITY (PERCENT)
 HIGHEST   100           700 PM
 LOWEST     61          1200 AM
 AVERAGE    81

..........................................................


THE SPRINGFIELD VT CLIMATE NORMALS FOR TODAY
                         NORMAL    RECORD    YEAR
 MAXIMUM TEMPERATURE (F)   29        44      1999
 MINIMUM TEMPERATURE (F)    9       -18      2009


SUNRISE AND SUNSET
JANUARY 17 2018.......SUNRISE   718 AM EST   SUNSET   442 PM EST
JANUARY 18 2018.......SUNRISE   718 AM EST   SUNSET   444 PM EST


-  INDICATES NEGATIVE NUMBERS.
R  INDICATES RECORD WAS SET OR TIED.
MM INDICATES DATA IS MISSING.
T  INDICATES TRACE AMOUNT.




$$
