000
CDUS41 KBTV 310535
CLIVSF


CLIMATE REPORT
NATIONAL WEATHER SERVICE BURLINGTON VT
135 AM EDT TUE MAY 31 2016


...................................

...THE SPRINGFIELD VT CLIMATE SUMMARY FOR MAY 30 2016...

CLIMATE NORMAL PERIOD 1981 TO 2010
CLIMATE RECORD PERIOD 9999 TO 9999


WEATHER ITEM   OBSERVED TIME   NORMAL DEPARTURE LAST
                VALUE   (LST)  VALUE  FROM      YEAR
                                      NORMAL
......................................................
TEMPERATURE (F)
 YESTERDAY
  MAXIMUM         84    450 PM  71     13       89
  MINIMUM         58    522 AM  47     11       54
  AVERAGE         71            59     12       72

PRECIPITATION (IN)
  YESTERDAY        0.05          0.17  -0.12     0.06
  MONTH TO DATE    2.09          3.57  -1.48     0.70
  SINCE MAR 1      5.20         10.49  -5.29     3.79
  SINCE JAN 1     10.42         16.10  -5.68     7.94

DEGREE DAYS
 HEATING
  YESTERDAY        0             7     -7        0
  MONTH TO DATE  292           310    -18      170
  SINCE MAR 1   1791          1971   -180     2029
  SINCE JUL 1   6447          7416   -969     7581

 COOLING
  YESTERDAY        6             1      5        7
  MONTH TO DATE   37             4     33       49
  SINCE MAR 1     37             6     31       49
  SINCE JAN 1     37             6     31       49
......................................................


WIND (MPH)
  HIGHEST WIND SPEED    14   HIGHEST WIND DIRECTION    SE (150)
  HIGHEST GUST SPEED    20   HIGHEST GUST DIRECTION    SW (230)
  AVERAGE WIND SPEED     4.7


SKY COVER
  AVERAGE SKY COVER  MM


WEATHER CONDITIONS
 THE FOLLOWING WEATHER WAS RECORDED YESTERDAY.
  FOG


RELATIVE HUMIDITY (PERCENT)
 HIGHEST    MM
 LOWEST     MM
 AVERAGE    MM

..........................................................


THE SPRINGFIELD VT CLIMATE NORMALS FOR TODAY
                         NORMAL    RECORD    YEAR
 MAXIMUM TEMPERATURE (F)   72        91      2013
 MINIMUM TEMPERATURE (F)   47        36      2004


SUNRISE AND SUNSET
MAY 31 2016...........SUNRISE   513 AM EDT   SUNSET   823 PM EDT
JUNE  1 2016..........SUNRISE   512 AM EDT   SUNSET   824 PM EDT


-  INDICATES NEGATIVE NUMBERS.
R  INDICATES RECORD WAS SET OR TIED.
MM INDICATES DATA IS MISSING.
T  INDICATES TRACE AMOUNT.




$$
