000
CDUS41 KBTV 190537
CLIVSF


CLIMATE REPORT
NATIONAL WEATHER SERVICE BURLINGTON VT
135 AM EDT TUE SEP 19 2017


...................................

...THE SPRINGFIELD VT CLIMATE SUMMARY FOR SEPTEMBER 18 2017...

CLIMATE NORMAL PERIOD 1981 TO 2010
CLIMATE RECORD PERIOD 9999 TO 9999


WEATHER ITEM   OBSERVED TIME   NORMAL DEPARTURE LAST
                VALUE   (LST)  VALUE  FROM      YEAR
                                      NORMAL
......................................................
TEMPERATURE (F)
 YESTERDAY
  MAXIMUM         80    240 PM  70     10       73
  MINIMUM         59    557 AM  47     12       62
  AVERAGE         70            58     12       68

PRECIPITATION (IN)
  YESTERDAY        0.00          0.13  -0.13     0.06
  MONTH TO DATE    2.23          2.03   0.20     0.54
  SINCE SEP 1      2.23          2.03   0.20     0.54
  SINCE JAN 1     30.52         30.40   0.12    19.42

DEGREE DAYS
 HEATING
  YESTERDAY        0             7     -7        0
  MONTH TO DATE   80            80      0       42
  SINCE SEP 1     80            80      0       42
  SINCE JUL 1    145           135     10       64

 COOLING
  YESTERDAY        5             0      5        3
  MONTH TO DATE   29            21      8       32
  SINCE SEP 1     29            21      8       32
  SINCE JAN 1    329           342    -13      469
......................................................


WIND (MPH)
  HIGHEST WIND SPEED    13   HIGHEST WIND DIRECTION     S (170)
  HIGHEST GUST SPEED    15   HIGHEST GUST DIRECTION     S (160)
  AVERAGE WIND SPEED     1.4


SKY COVER
  AVERAGE SKY COVER 0.7


WEATHER CONDITIONS
 THE FOLLOWING WEATHER WAS RECORDED YESTERDAY.
  FOG
  FOG W/VISIBILITY <= 1/4 MILE


RELATIVE HUMIDITY (PERCENT)
 HIGHEST    97           100 AM
 LOWEST     54           400 PM
 AVERAGE    76

..........................................................


THE SPRINGFIELD VT CLIMATE NORMALS FOR TODAY
                         NORMAL    RECORD    YEAR
 MAXIMUM TEMPERATURE (F)   70        79      2005
 MINIMUM TEMPERATURE (F)   46        32      2014


SUNRISE AND SUNSET
SEPTEMBER 19 2017.....SUNRISE   634 AM EDT   SUNSET   652 PM EDT
SEPTEMBER 20 2017.....SUNRISE   635 AM EDT   SUNSET   651 PM EDT


-  INDICATES NEGATIVE NUMBERS.
R  INDICATES RECORD WAS SET OR TIED.
MM INDICATES DATA IS MISSING.
T  INDICATES TRACE AMOUNT.




$$
