749
CDUS41 KBTV 140545
CLIVSF


CLIMATE REPORT
NATIONAL WEATHER SERVICE BURLINGTON VT
1244 AM EST SUN FEB 14 2016


...................................

...THE SPRINGFIELD VT CLIMATE SUMMARY FOR FEBRUARY 13 2016...

CLIMATE NORMAL PERIOD 1981 TO 2010
CLIMATE RECORD PERIOD 9999 TO 9999


WEATHER ITEM   OBSERVED TIME   NORMAL DEPARTURE LAST
                VALUE   (LST)  VALUE  FROM      YEAR
                                      NORMAL
......................................................
TEMPERATURE (F)
 YESTERDAY
  MAXIMUM         15        MM  33    -18       12
  MINIMUM         -4        MM  13    -17       -7
  AVERAGE          6            23    -17        3

PRECIPITATION (IN)
  YESTERDAY        T             0.10  -0.10      T
  MONTH TO DATE    1.11          1.26  -0.15     1.21
  SINCE DEC 1      5.92          7.45  -1.53     8.27
  SINCE JAN 1      2.60          4.18  -1.58     3.74

DEGREE DAYS
 HEATING
  YESTERDAY       59            42     17       62
  MONTH TO DATE  508           569    -61      695
  SINCE DEC 1   2643          3198   -555     3295
  SINCE JUL 1   4056          4841   -785     4698

 COOLING
  YESTERDAY        0             0      0        0
  MONTH TO DATE    0             0      0        0
  SINCE DEC 1      0             0      0        0
  SINCE JAN 1      0             0      0        0
......................................................


WIND (MPH)
  HIGHEST WIND SPEED    23   HIGHEST WIND DIRECTION     W (280)
  HIGHEST GUST SPEED    32   HIGHEST GUST DIRECTION     W (270)
  AVERAGE WIND SPEED     7.5


SKY COVER
  AVERAGE SKY COVER 0.6


WEATHER CONDITIONS
 THE FOLLOWING WEATHER WAS RECORDED YESTERDAY.
  LIGHT SNOW
  FOG


RELATIVE HUMIDITY (PERCENT)
 HIGHEST    95           400 AM
 LOWEST     32           400 PM
 AVERAGE    64

..........................................................


THE SPRINGFIELD VT CLIMATE NORMALS FOR TODAY
                         NORMAL    RECORD    YEAR
 MAXIMUM TEMPERATURE (F)   33        51      2011
 MINIMUM TEMPERATURE (F)   13       -19      2003


SUNRISE AND SUNSET
FEBRUARY 14 2016......SUNRISE   650 AM EST   SUNSET   519 PM EST
FEBRUARY 15 2016......SUNRISE   649 AM EST   SUNSET   520 PM EST


-  INDICATES NEGATIVE NUMBERS.
R  INDICATES RECORD WAS SET OR TIED.
MM INDICATES DATA IS MISSING.
T  INDICATES TRACE AMOUNT.




$$
