000
CDUS43 KLBF 041035
CLIVTN


CLIMATE REPORT
NATIONAL WEATHER SERVICE NORTH PLATTE
433 AM CST SUN DEC 4 2016


...................................

...THE VALENTINE NE CLIMATE SUMMARY FOR DECEMBER 3 2016...

CLIMATE NORMAL PERIOD 1981 TO 2010
CLIMATE RECORD PERIOD 1885 TO 2016


WEATHER ITEM   OBSERVED TIME   RECORD YEAR NORMAL DEPARTURE LAST
                VALUE   (LST)  VALUE       VALUE  FROM      YEAR
                                                  NORMAL
..................................................................
TEMPERATURE (F)
 YESTERDAY
  MAXIMUM         47    300 PM  70    1948  39      8       37
  MINIMUM         16   1258 AM -11    1964  14      2        8
  AVERAGE         32                        26      6       23

PRECIPITATION (IN)
  YESTERDAY        0.00          0.48 2013   0.01  -0.01     0.00
  MONTH TO DATE    0.00                      0.04  -0.04     0.10
  SINCE DEC 1      0.00                      0.04  -0.04     0.10
  SINCE JAN 1     25.64                     19.69   5.95    26.13

SNOWFALL (IN)
  YESTERDAY        0.0           8.0  2013   0.2   -0.2      0.0
  MONTH TO DATE    0.0                       0.5   -0.5      2.3
  SINCE DEC 1      0.0                       0.5   -0.5      2.3
  SINCE JUL 1      6.3                       8.1   -1.8     12.4
  SNOW DEPTH       0

DEGREE DAYS
 HEATING
  YESTERDAY       33                        39     -6       42
  MONTH TO DATE  104                       115    -11      119
  SINCE DEC 1    104                       115    -11      119
  SINCE JUL 1   1210                      1733   -523     1412

 COOLING
  YESTERDAY        0                         0      0        0
  MONTH TO DATE    0                         0      0        0
  SINCE DEC 1      0                         0      0        0
  SINCE JAN 1    880                       821     59      800
..................................................................


WIND (MPH)
  HIGHEST WIND SPEED    28   HIGHEST WIND DIRECTION    SW (230)
  HIGHEST GUST SPEED    35   HIGHEST GUST DIRECTION    SW (230)
  AVERAGE WIND SPEED    10.0


SKY COVER
  POSSIBLE SUNSHINE  MM
  AVERAGE SKY COVER 0.4


WEATHER CONDITIONS
 THE FOLLOWING WEATHER WAS RECORDED YESTERDAY.
  NO SIGNIFICANT WEATHER WAS OBSERVED.


RELATIVE HUMIDITY (PERCENT)
 HIGHEST    91          1200 AM
 LOWEST     23           300 PM
 AVERAGE    57

..........................................................


THE VALENTINE NE CLIMATE NORMALS FOR TODAY
                         NORMAL    RECORD    YEAR
 MAXIMUM TEMPERATURE (F)   39        68      1995
 MINIMUM TEMPERATURE (F)   13       -18      1897


SUNRISE AND SUNSET
DECEMBER  4 2016......SUNRISE   757 AM CST   SUNSET   508 PM CST
DECEMBER  5 2016......SUNRISE   758 AM CST   SUNSET   508 PM CST


-  INDICATES NEGATIVE NUMBERS.
R  INDICATES RECORD WAS SET OR TIED.
MM INDICATES DATA IS MISSING.
T  INDICATES TRACE AMOUNT.




$$
