000
CDUS43 KLBF 202258
CLIVTN


CLIMATE REPORT
NATIONAL WEATHER SERVICE NORTH PLATTE
456 PM CST TUE FEB 20 2018


...................................

...THE VALENTINE NE CLIMATE SUMMARY FOR FEBRUARY 20 2018...
VALID TODAY AS OF 0400 PM LOCAL TIME.

CLIMATE NORMAL PERIOD 1981 TO 2010
CLIMATE RECORD PERIOD 1885 TO 2018


WEATHER ITEM   OBSERVED TIME   RECORD YEAR NORMAL DEPARTURE LAST
                VALUE   (LST)  VALUE       VALUE  FROM      YEAR
                                                  NORMAL
..................................................................
TEMPERATURE (F)
 TODAY
  MAXIMUM         10    349 PM  74    1930  41    -31       62
  MINIMUM          2    903 AM -22    1918  16    -14       33
  AVERAGE          6                        28    -22       48

PRECIPITATION (IN)
  TODAY            0.13          0.58 2011   0.02   0.11      T
  MONTH TO DATE    0.54                      0.30   0.24     0.52
  SINCE DEC 1      1.42                      0.93   0.49     2.37
  SINCE JAN 1      1.08                      0.56   0.52     1.43

SNOWFALL (IN)
  TODAY            1.2           5.3  1962   0.2    1.0      0.0
  MONTH TO DATE    6.5                       3.8    2.7      6.4
  SINCE DEC 1     16.6                      12.7    3.9     23.3
  SINCE JUL 1     17.9                      20.3   -2.4     29.6
  SNOW DEPTH       3

DEGREE DAYS
 HEATING
  TODAY           59                        37     22       17
  MONTH TO DATE  948                       775    173      640
  SINCE DEC 1   3445                      3335    110     3358
  SINCE JUL 1   4744                      4953   -209     4464

 COOLING
  TODAY            0                         0      0        0
  MONTH TO DATE    0                         0      0        0
  SINCE DEC 1      0                         0      0        0
  SINCE JAN 1      0                         0      0        0
..................................................................


WIND (MPH)
  HIGHEST WIND SPEED    20   HIGHEST WIND DIRECTION    NW (320)
  HIGHEST GUST SPEED    25   HIGHEST GUST DIRECTION    NW (320)
  AVERAGE WIND SPEED    12.1


SKY COVER
  POSSIBLE SUNSHINE  MM
  AVERAGE SKY COVER 0.6


WEATHER CONDITIONS
 THE FOLLOWING WEATHER WAS RECORDED TODAY.
  HEAVY SNOW
  SNOW
  LIGHT SNOW


RELATIVE HUMIDITY (PERCENT)
 HIGHEST    86           100 AM
 LOWEST     63          1200 PM
 AVERAGE    75

..........................................................


THE VALENTINE NE CLIMATE NORMALS FOR TOMORROW
                         NORMAL    RECORD    YEAR
 MAXIMUM TEMPERATURE (F)   42        76      1995
 MINIMUM TEMPERATURE (F)   16       -15      1894


SUNRISE AND SUNSET
FEBRUARY 20 2018......SUNRISE   732 AM CST   SUNSET   620 PM CST
FEBRUARY 21 2018......SUNRISE   731 AM CST   SUNSET   622 PM CST


-  INDICATES NEGATIVE NUMBERS.
R  INDICATES RECORD WAS SET OR TIED.
MM INDICATES DATA IS MISSING.
T  INDICATES TRACE AMOUNT.




$$
