000
CDUS43 KLBF 131045
CLIVTN


CLIMATE REPORT
NATIONAL WEATHER SERVICE NORTH PLATTE
444 AM CST SAT FEB 13 2016


...................................

...THE VALENTINE NE CLIMATE SUMMARY FOR FEBRUARY 12 2016...

CLIMATE NORMAL PERIOD 1981 TO 2010
CLIMATE RECORD PERIOD 1885 TO 2016


WEATHER ITEM   OBSERVED TIME   RECORD YEAR NORMAL DEPARTURE LAST
                VALUE   (LST)  VALUE       VALUE  FROM      YEAR
                                                  NORMAL
..................................................................
TEMPERATURE (F)
 YESTERDAY
  MAXIMUM         31    426 AM  75    1962  39     -8       42
  MINIMUM         22   1159 PM -35    1905  14      8        8
  AVERAGE         27                        26      1       25

PRECIPITATION (IN)
  YESTERDAY        T             0.51 1915   0.02  -0.02      T
  MONTH TO DATE    0.05                      0.16  -0.11     0.16
  SINCE DEC 1      1.61                      0.79   0.82     1.37
  SINCE JAN 1      0.57                      0.42   0.15     0.47

SNOWFALL (IN)
  YESTERDAY        T             5.2  1978   0.2   -0.2       T
  MONTH TO DATE    1.0                       2.1   -1.1      1.5
  SINCE DEC 1     21.1                      11.0   10.1     13.7
  SINCE JUL 1     31.2                      18.6   12.6     20.1
  SNOW DEPTH       T

DEGREE DAYS
 HEATING
  YESTERDAY       38                        39     -1       40
  MONTH TO DATE  416                       475    -59      411
  SINCE DEC 1   2953                      3035    -82     2844
  SINCE JUL 1   4246                      4653   -407     4448

 COOLING
  YESTERDAY        0                         0      0        0
  MONTH TO DATE    0                         0      0        0
  SINCE DEC 1      0                         0      0        0
  SINCE JAN 1      0                         0      0        0
..................................................................


WIND (MPH)
  HIGHEST WIND SPEED    16   HIGHEST WIND DIRECTION     N (10)
  HIGHEST GUST SPEED    20   HIGHEST GUST DIRECTION     N (10)
  AVERAGE WIND SPEED     9.3


SKY COVER
  POSSIBLE SUNSHINE  MM
  AVERAGE SKY COVER 1.0


WEATHER CONDITIONS
 THE FOLLOWING WEATHER WAS RECORDED YESTERDAY.
  FOG


RELATIVE HUMIDITY (PERCENT)
 HIGHEST    92          1200 AM
 LOWEST     62           100 PM
 AVERAGE    77

..........................................................


THE VALENTINE NE CLIMATE NORMALS FOR TODAY
                         NORMAL    RECORD    YEAR
 MAXIMUM TEMPERATURE (F)   39        70      1954
 MINIMUM TEMPERATURE (F)   14       -30      1905


SUNRISE AND SUNSET
FEBRUARY 13 2016......SUNRISE   743 AM CST   SUNSET   611 PM CST
FEBRUARY 14 2016......SUNRISE   741 AM CST   SUNSET   612 PM CST


-  INDICATES NEGATIVE NUMBERS.
R  INDICATES RECORD WAS SET OR TIED.
MM INDICATES DATA IS MISSING.
T  INDICATES TRACE AMOUNT.




$$
