000
CDUS43 KLBF 240835
CLIVTN


CLIMATE REPORT
NATIONAL WEATHER SERVICE NORTH PLATTE
333 AM CDT FRI MAR 24 2017


...................................

...THE VALENTINE NE CLIMATE SUMMARY FOR MARCH 23 2017...

CLIMATE NORMAL PERIOD 1981 TO 2010
CLIMATE RECORD PERIOD 1885 TO 2017


WEATHER ITEM   OBSERVED TIME   RECORD YEAR NORMAL DEPARTURE LAST
                VALUE   (LST)  VALUE       VALUE  FROM      YEAR
                                                  NORMAL
..................................................................
TEMPERATURE (F)
 YESTERDAY
  MAXIMUM         66    517 PM  81    1939  52     14       44
  MINIMUM         42    156 AM  -4    1965  25     17       26
  AVERAGE         54                        38     16       35

PRECIPITATION (IN)
  YESTERDAY        0.01          0.65 1902   0.03  -0.02     0.45
  MONTH TO DATE    0.66                      0.71  -0.05     0.47
  SINCE MAR 1      0.66                      0.71  -0.05     0.47
  SINCE JAN 1      2.73                      1.45   1.28     1.15

SNOWFALL (IN)
  YESTERDAY        0.0           5.5  2016   0.2   -0.2      5.5
  MONTH TO DATE    3.5                       5.0   -1.5      5.5
  SINCE MAR 1      3.5                       5.0   -1.5      5.5
  SINCE JUL 1     45.3                      27.1   18.2     36.7
  SNOW DEPTH       0

DEGREE DAYS
 HEATING
  YESTERDAY       11                        27    -16       30
  MONTH TO DATE  593                       691    -98      504
  SINCE MAR 1    593                       691    -98      504
  SINCE JUL 1   5352                      5927   -575     5190

 COOLING
  YESTERDAY        0                         0      0        0
  MONTH TO DATE    0                         0      0        0
  SINCE MAR 1      0                         0      0        0
  SINCE JAN 1      0                         0      0        0
..................................................................


WIND (MPH)
  HIGHEST WIND SPEED    24   HIGHEST WIND DIRECTION     N (10)
  HIGHEST GUST SPEED    34   HIGHEST GUST DIRECTION     N (10)
  AVERAGE WIND SPEED    12.6


SKY COVER
  POSSIBLE SUNSHINE  MM
  AVERAGE SKY COVER 0.4


WEATHER CONDITIONS
 THE FOLLOWING WEATHER WAS RECORDED YESTERDAY.
  LIGHT RAIN


RELATIVE HUMIDITY (PERCENT)
 HIGHEST    77          1200 PM
 LOWEST     45           500 PM
 AVERAGE    61

..........................................................


THE VALENTINE NE CLIMATE NORMALS FOR TODAY
                         NORMAL    RECORD    YEAR
 MAXIMUM TEMPERATURE (F)   52        80      1907
 MINIMUM TEMPERATURE (F)   26        -2      2006


SUNRISE AND SUNSET
MARCH 24 2017.........SUNRISE   738 AM CDT   SUNSET   800 PM CDT
MARCH 25 2017.........SUNRISE   736 AM CDT   SUNSET   801 PM CDT


-  INDICATES NEGATIVE NUMBERS.
R  INDICATES RECORD WAS SET OR TIED.
MM INDICATES DATA IS MISSING.
T  INDICATES TRACE AMOUNT.




$$
