000
CDUS43 KLBF 211039
CLIVTN


CLIMATE REPORT
NATIONAL WEATHER SERVICE NORTH PLATTE
438 AM CST TUE FEB 21 2017


...................................

...THE VALENTINE NE CLIMATE SUMMARY FOR FEBRUARY 20 2017...

CLIMATE NORMAL PERIOD 1981 TO 2010
CLIMATE RECORD PERIOD 1885 TO 2017


WEATHER ITEM   OBSERVED TIME   RECORD YEAR NORMAL DEPARTURE LAST
                VALUE   (LST)  VALUE       VALUE  FROM      YEAR
                                                  NORMAL
..................................................................
TEMPERATURE (F)
 YESTERDAY
  MAXIMUM         62    409 PM  74    1930  41     21       58
  MINIMUM         33   1006 PM -22    1918  16     17       23
  AVERAGE         48                        28     20       41

PRECIPITATION (IN)
  YESTERDAY        T             0.58 2011   0.02  -0.02     0.03
  MONTH TO DATE    0.52                      0.30   0.22     0.16
  SINCE DEC 1      2.37                      0.93   1.44     1.72
  SINCE JAN 1      1.43                      0.56   0.87     0.68

SNOWFALL (IN)
  YESTERDAY        0.0           5.3  1962   0.2   -0.2      0.0
  MONTH TO DATE    6.4                       3.8    2.6      1.0
  SINCE DEC 1     23.3                      12.7   10.6     21.1
  SINCE JUL 1     29.6                      20.3    9.3     31.2
  SNOW DEPTH       0

DEGREE DAYS
 HEATING
  YESTERDAY       17                        37    -20       24
  MONTH TO DATE  640                       775   -135      600
  SINCE DEC 1   3358                      3335     23     3137
  SINCE JUL 1   4464                      4953   -489     4430

 COOLING
  YESTERDAY        0                         0      0        0
  MONTH TO DATE    0                         0      0        0
  SINCE DEC 1      0                         0      0        0
  SINCE JAN 1      0                         0      0        0
..................................................................


WIND (MPH)
  HIGHEST WIND SPEED    26   HIGHEST WIND DIRECTION    NW (320)
  HIGHEST GUST SPEED    34   HIGHEST GUST DIRECTION    NW (310)
  AVERAGE WIND SPEED    12.3


SKY COVER
  POSSIBLE SUNSHINE  MM
  AVERAGE SKY COVER 0.2


WEATHER CONDITIONS
 THE FOLLOWING WEATHER WAS RECORDED YESTERDAY.
  LIGHT RAIN


RELATIVE HUMIDITY (PERCENT)
 HIGHEST    86           400 AM
 LOWEST     22           500 PM
 AVERAGE    54

..........................................................


THE VALENTINE NE CLIMATE NORMALS FOR TODAY
                         NORMAL    RECORD    YEAR
 MAXIMUM TEMPERATURE (F)   42        76      1995
 MINIMUM TEMPERATURE (F)   16       -15      1894


SUNRISE AND SUNSET
FEBRUARY 21 2017......SUNRISE   730 AM CST   SUNSET   622 PM CST
FEBRUARY 22 2017......SUNRISE   729 AM CST   SUNSET   623 PM CST


-  INDICATES NEGATIVE NUMBERS.
R  INDICATES RECORD WAS SET OR TIED.
MM INDICATES DATA IS MISSING.
T  INDICATES TRACE AMOUNT.




$$
