000
CDUS43 KLBF 170948
CLIVTN

CLIMATE REPORT
NATIONAL WEATHER SERVICE NORTH PLATTE
447 AM CDT THU APR 17 2014

...................................

...THE VALENTINE NE CLIMATE SUMMARY FOR APRIL 16 2014...

CLIMATE NORMAL PERIOD 1981 TO 2010
CLIMATE RECORD PERIOD 1885 TO 2014


WEATHER ITEM   OBSERVED TIME   RECORD YEAR NORMAL DEPARTURE LAST
                VALUE   (LST)  VALUE       VALUE  FROM      YEAR
                                                  NORMAL
..................................................................
TEMPERATURE (F)
 YESTERDAY
  MAXIMUM         62   1201 AM  90    1964  61      1       36
                                      1958
  MINIMUM         30   1159 PM  12    1951  33     -3       28
  AVERAGE         46                        47     -1       32

PRECIPITATION (IN)
  YESTERDAY        0.01          1.35 1900   0.08  -0.07     0.07
  MONTH TO DATE    0.44                      1.01  -0.57     1.20
  SINCE MAR 1      0.93                      2.08  -1.15     2.77
  SINCE JAN 1      1.59                      2.82  -1.23     4.00

SNOWFALL (IN)
  YESTERDAY        T             3.0  1940   0.2   -0.2      0.3
  MONTH TO DATE    3.3                       2.9    0.4      8.7
  SINCE MAR 1      8.3                       9.4   -1.1     18.9
  SINCE JUL 1     34.8                      31.5    3.3     46.5
  SNOW DEPTH       0

DEGREE DAYS
 HEATING
  YESTERDAY       19                        18      1       33
  MONTH TO DATE  347                       337     10      433
  SINCE MAR 1   1316                      1230     86     1385
  SINCE JUL 1   6794                      6466    328     6338

 COOLING
  YESTERDAY        0                         0      0        0
  MONTH TO DATE    0                         0      0        0
  SINCE MAR 1      0                         0      0        0
  SINCE JAN 1      0                         0      0        0
..................................................................


WIND (MPH)
  HIGHEST WIND SPEED    26   HIGHEST WIND DIRECTION    NW (320)
  HIGHEST GUST SPEED    34   HIGHEST GUST DIRECTION     N (340)
  AVERAGE WIND SPEED    16.7


SKY COVER
  POSSIBLE SUNSHINE  MM
  AVERAGE SKY COVER 0.9


WEATHER CONDITIONS
 THE FOLLOWING WEATHER WAS RECORDED YESTERDAY.
  FOG
  HAZE


RELATIVE HUMIDITY (PERCENT)
 HIGHEST    89           700 AM
 LOWEST     30           100 AM
 AVERAGE    60

..........................................................


THE VALENTINE NE CLIMATE NORMALS FOR TODAY
                         NORMAL    RECORD    YEAR
 MAXIMUM TEMPERATURE (F)   61        91      1985
 MINIMUM TEMPERATURE (F)   33        10      1990


SUNRISE AND SUNSET
APRIL 17 2014.........SUNRISE   657 AM CDT   SUNSET   827 PM CDT
APRIL 18 2014.........SUNRISE   656 AM CDT   SUNSET   828 PM CDT


-  INDICATES NEGATIVE NUMBERS.
R  INDICATES RECORD WAS SET OR TIED.
MM INDICATES DATA IS MISSING.
T  INDICATES TRACE AMOUNT.

$$
