000
CDUS43 KLBF 200901
CLIVTN


CLIMATE REPORT
NATIONAL WEATHER SERVICE NORTH PLATTE
400 AM CDT SUN AUG 20 2017


...................................

...THE VALENTINE NE CLIMATE SUMMARY FOR AUGUST 19 2017...

CLIMATE NORMAL PERIOD 1981 TO 2010
CLIMATE RECORD PERIOD 1885 TO 2017


WEATHER ITEM   OBSERVED TIME   RECORD YEAR NORMAL DEPARTURE LAST
                VALUE   (LST)  VALUE       VALUE  FROM      YEAR
                                                  NORMAL
..................................................................
TEMPERATURE (F)
 YESTERDAY
  MAXIMUM         98    350 PM 102    1948  87     11       74
  MINIMUM         63    546 AM  36    2004  59      4       52
  AVERAGE         81                        73      8       63

PRECIPITATION (IN)
  YESTERDAY        0.00          2.23 1959   0.05  -0.05     0.18
  MONTH TO DATE    2.10                      1.54   0.56     0.72
  SINCE JUN 1      3.36                      8.31  -4.95     7.99
  SINCE JAN 1     12.96                     15.47  -2.51    21.31

SNOWFALL (IN)
  YESTERDAY        0.0           0.0    MM   0.0    0.0      0.0
  MONTH TO DATE    0.0                       0.0    0.0      0.0
  SINCE JUN 1      0.0                       0.0    0.0      0.0
  SINCE JUL 1      0.0                       0.0    0.0      0.0
  SNOW DEPTH       0

DEGREE DAYS
 HEATING
  YESTERDAY        0                         0      0        2
  MONTH TO DATE    7                         0      7        2
  SINCE JUN 1     23                        69    -46       18
  SINCE JUL 1      7                         8     -1        7

 COOLING
  YESTERDAY       16                         8      8        0
  MONTH TO DATE  103                       176    -73      181
  SINCE JUN 1    811                       617    194      712
  SINCE JAN 1    834                       651    183      730
..................................................................


WIND (MPH)
  HIGHEST WIND SPEED    20   HIGHEST WIND DIRECTION     S (190)
  HIGHEST GUST SPEED    26   HIGHEST GUST DIRECTION     S (200)
  AVERAGE WIND SPEED     9.4


SKY COVER
  POSSIBLE SUNSHINE  MM
  AVERAGE SKY COVER 0.0


WEATHER CONDITIONS
 THE FOLLOWING WEATHER WAS RECORDED YESTERDAY.
  NO SIGNIFICANT WEATHER WAS OBSERVED.


RELATIVE HUMIDITY (PERCENT)
 HIGHEST    78           500 AM
 LOWEST     20           600 PM
 AVERAGE    49

..........................................................


THE VALENTINE NE CLIMATE NORMALS FOR TODAY
                         NORMAL    RECORD    YEAR
 MAXIMUM TEMPERATURE (F)   87       101      2003
 MINIMUM TEMPERATURE (F)   58        38      1907


SUNRISE AND SUNSET
AUGUST 20 2017........SUNRISE   654 AM CDT   SUNSET   836 PM CDT
AUGUST 21 2017........SUNRISE   655 AM CDT   SUNSET   834 PM CDT


-  INDICATES NEGATIVE NUMBERS.
R  INDICATES RECORD WAS SET OR TIED.
MM INDICATES DATA IS MISSING.
T  INDICATES TRACE AMOUNT.




$$
