000
CDUS43 KLBF 222239
CLIVTN

CLIMATE REPORT
NATIONAL WEATHER SERVICE NORTH PLATTE
538 PM CDT TUE JUL 22 2014


...................................

...THE VALENTINE NE CLIMATE SUMMARY FOR JULY 22 2014...
VALID TODAY AS OF 0500 PM LOCAL TIME.

CLIMATE NORMAL PERIOD 1981 TO 2010
CLIMATE RECORD PERIOD 1885 TO 2014


WEATHER ITEM   OBSERVED TIME   RECORD YEAR NORMAL DEPARTURE LAST
                VALUE   (LST)  VALUE       VALUE  FROM      YEAR
                                                  NORMAL
..................................................................
TEMPERATURE (F)
 TODAY
  MAXIMUM         87    430 PM 109    1964  89     -2       86
  MINIMUM         68    637 AM  43    1990  61      7       63
  AVERAGE         78                        75      3       75

PRECIPITATION (IN)
  TODAY            T             0.56 1889   0.10  -0.10     0.03
  MONTH TO DATE    0.58                      2.31  -1.73     1.55
  SINCE JUN 1      9.21                      5.87   3.34     4.00
  SINCE JAN 1     16.42                     13.03   3.39    13.40

SNOWFALL (IN)
  TODAY            0.0           0.0    MM   0.0    0.0      0.0
  MONTH TO DATE    0.0                       0.0    0.0      0.0
  SINCE JUN 1      0.0                       0.0    0.0      0.0
  SINCE JUL 1      0.0                       0.0    0.0      0.0
  SNOW DEPTH       0

DEGREE DAYS
 HEATING
  TODAY            0                         0      0        0
  MONTH TO DATE   19                         2     17        0
  SINCE JUN 1     73                        63     10       54
  SINCE JUL 1     19                         2     17        0

 COOLING
  TODAY           13                        10      3       10
  MONTH TO DATE  163                       208    -45      247
  SINCE JUN 1    274                       345    -71      393
  SINCE JAN 1    335                       379    -44      432
..................................................................


WIND (MPH)
  HIGHEST WIND SPEED    21   HIGHEST WIND DIRECTION     N (360)
  HIGHEST GUST SPEED    27   HIGHEST GUST DIRECTION     N (350)
  AVERAGE WIND SPEED     8.1


SKY COVER
  POSSIBLE SUNSHINE  MM
  AVERAGE SKY COVER 0.1


WEATHER CONDITIONS
 THE FOLLOWING WEATHER WAS RECORDED TODAY.
  THUNDERSTORM


RELATIVE HUMIDITY (PERCENT)
 HIGHEST    90           500 AM
 LOWEST     42           300 PM
 AVERAGE    66

..........................................................


THE VALENTINE NE CLIMATE NORMALS FOR TOMORROW
                         NORMAL    RECORD    YEAR
 MAXIMUM TEMPERATURE (F)   89       109      2012
                                             1964
 MINIMUM TEMPERATURE (F)   61        45      1990


SUNRISE AND SUNSET
JULY 22 2014..........SUNRISE   623 AM CDT   SUNSET   913 PM CDT
JULY 23 2014..........SUNRISE   624 AM CDT   SUNSET   912 PM CDT


-  INDICATES NEGATIVE NUMBERS.
R  INDICATES RECORD WAS SET OR TIED.
MM INDICATES DATA IS MISSING.
T  INDICATES TRACE AMOUNT.

$$
