000
CDUS46 KPQR 222321
CLIVUO


CLIMATE REPORT
NATIONAL WEATHER SERVICE PORTLAND OREGON
420 PM PDT TUE AUG 22 2017


...................................

...THE VANCOUVER WA CLIMATE SUMMARY FOR AUGUST 22 2017...
VALID TODAY AS OF 0400 PM LOCAL TIME.

CLIMATE NORMAL PERIOD 1981 TO 2010
CLIMATE RECORD PERIOD 1891 TO 2017


WEATHER ITEM   OBSERVED TIME   RECORD YEAR NORMAL DEPARTURE LAST
                VALUE   (LST)  VALUE       VALUE  FROM      YEAR
                                                  NORMAL
..................................................................
TEMPERATURE (F)
 TODAY
  MAXIMUM         86    259 PM 100    1891  81      5       74
  MINIMUM         60    559 AM  38    1973  56      4       49
  AVERAGE         73                        69      4       62

PRECIPITATION (IN)
  TODAY            0.00                      0.03  -0.03     0.00
  MONTH TO DATE    0.10                      0.45  -0.35     0.13
  SINCE OCT 1     48.98                     37.26  11.72    45.36
  SINCE JAN 1     29.12                     21.51   7.61    21.51

DEGREE DAYS
 HEATING
  TODAY            0                                         3
  MONTH TO DATE    2                                         8
  SINCE JUN 1     73                                       105
  SINCE JUL 1      3                                        19

 COOLING
  TODAY            8                                         0
  MONTH TO DATE  184                                       132
  SINCE JUN 1    412                                       317
  SINCE JAN 1    452                                       341
..................................................................


WIND (MPH)
  HIGHEST WIND SPEED     9   HIGHEST WIND DIRECTION     W (250)
  HIGHEST GUST SPEED    12   HIGHEST GUST DIRECTION     W (260)
  AVERAGE WIND SPEED     1.5


SKY COVER
  POSSIBLE SUNSHINE  MM
  AVERAGE SKY COVER 0.0


WEATHER CONDITIONS
 THE FOLLOWING WEATHER WAS RECORDED TODAY.
  NO SIGNIFICANT WEATHER WAS OBSERVED.


RELATIVE HUMIDITY (PERCENT)
 HIGHEST    90           600 AM
 LOWEST     37           300 PM
 AVERAGE    64

..........................................................


THE VANCOUVER WA CLIMATE NORMALS FOR TOMORROW
                         NORMAL    RECORD    YEAR
 MAXIMUM TEMPERATURE (F)   81       100      1988
 MINIMUM TEMPERATURE (F)   56        41      1973


SUNRISE AND SUNSET
AUGUST 22 2017........SUNRISE   620 AM PDT   SUNSET   806 PM PDT
AUGUST 23 2017........SUNRISE   621 AM PDT   SUNSET   804 PM PDT


-  INDICATES NEGATIVE NUMBERS.
R  INDICATES RECORD WAS SET OR TIED.
MM INDICATES DATA IS MISSING.
T  INDICATES TRACE AMOUNT.




$$
