000
CDUS46 KPQR 200230
CLIVUO


CLIMATE REPORT
NATIONAL WEATHER SERVICE PORTLAND OREGON
630 PM PST MON FEB 19 2018


...................................

...THE VANCOUVER WA CLIMATE SUMMARY FOR FEBRUARY 19 2018...
VALID TODAY AS OF 0600 PM LOCAL TIME.

CLIMATE NORMAL PERIOD 1981 TO 2010
CLIMATE RECORD PERIOD 1891 TO 2018


WEATHER ITEM   OBSERVED TIME   RECORD YEAR NORMAL DEPARTURE LAST
                VALUE   (LST)  VALUE       VALUE  FROM      YEAR
                                                  NORMAL
..................................................................
TEMPERATURE (F)
 TODAY
  MAXIMUM         40    402 PM  69    1977  52    -12       51
  MINIMUM         31    455 AM  15    2006  35     -4       41
  AVERAGE         36                        44     -8       46

PRECIPITATION (IN)
  TODAY            0.01                      0.10  -0.09     0.32
  MONTH TO DATE    0.85                      2.82  -1.97     8.68
  SINCE OCT 1     20.63                     24.07  -3.44    32.85
  SINCE JAN 1      6.44                      8.32  -1.88    12.99

DEGREE DAYS
 HEATING
  TODAY           29                                        19
  MONTH TO DATE  391                                       449
  SINCE DEC 1   1817                                      2294
  SINCE JUL 1   2778                                      3082

 COOLING
  TODAY            0                                         0
  MONTH TO DATE    0                                         0
  SINCE DEC 1      0                                         0
  SINCE JAN 1      0                                         0
..................................................................


WIND (MPH)
  HIGHEST WIND SPEED    13   HIGHEST WIND DIRECTION    NW (300)
  HIGHEST GUST SPEED    17   HIGHEST GUST DIRECTION     W (270)
  AVERAGE WIND SPEED     3.2


SKY COVER
  POSSIBLE SUNSHINE  MM
  AVERAGE SKY COVER 0.8


WEATHER CONDITIONS
 THE FOLLOWING WEATHER WAS RECORDED TODAY.
  LIGHT SNOW


RELATIVE HUMIDITY (PERCENT)
 HIGHEST    92           500 AM
 LOWEST     48           400 PM
 AVERAGE    70

..........................................................


THE VANCOUVER WA CLIMATE NORMALS FOR TOMORROW
                         NORMAL    RECORD    YEAR
 MAXIMUM TEMPERATURE (F)   53        62      1995
 MINIMUM TEMPERATURE (F)   35        19      2006


SUNRISE AND SUNSET
FEBRUARY 19 2018......SUNRISE   706 AM PST   SUNSET   544 PM PST
FEBRUARY 20 2018......SUNRISE   704 AM PST   SUNSET   545 PM PST


-  INDICATES NEGATIVE NUMBERS.
R  INDICATES RECORD WAS SET OR TIED.
MM INDICATES DATA IS MISSING.
T  INDICATES TRACE AMOUNT.




$$
