000
CDUS46 KPQR 301217
CLIVUO


CLIMATE REPORT
NATIONAL WEATHER SERVICE PORTLAND OREGON
516 AM PDT SAT JUL 30 2016


...................................

...THE VANCOUVER WA CLIMATE SUMMARY FOR JULY 29 2016...

CLIMATE NORMAL PERIOD 1981 TO 2010
CLIMATE RECORD PERIOD 1891 TO 2016


WEATHER ITEM   OBSERVED TIME   RECORD YEAR NORMAL DEPARTURE LAST
                VALUE   (LST)  VALUE       VALUE  FROM      YEAR
                                                  NORMAL
..................................................................
TEMPERATURE (F)
 YESTERDAY
  MAXIMUM         93    350 PM 108    2009  82     11       96
  MINIMUM         63    454 AM  42    1980  58      5       57
  AVERAGE         78                        70      8       77

PRECIPITATION (IN)
  YESTERDAY        0.00                      0.02  -0.02     0.00
  MONTH TO DATE    0.43                      0.67  -0.24     0.27
  SINCE OCT 1     45.23                     36.79   8.44    30.22
  SINCE JAN 1     21.38                     21.04   0.34    15.33

DEGREE DAYS
 HEATING
  YESTERDAY        0                                         0
  MONTH TO DATE   11                                         4
  SINCE JUL 1     11                                         4

 COOLING
  YESTERDAY       13                                        12
  MONTH TO DATE  100                                       218
  SINCE JAN 1    205                                       396
..................................................................


WIND (MPH)
  HIGHEST WIND SPEED    18   HIGHEST WIND DIRECTION    NW (320)
  HIGHEST GUST SPEED    24   HIGHEST GUST DIRECTION    NW (310)
  AVERAGE WIND SPEED     6.6


SKY COVER
  POSSIBLE SUNSHINE  MM
  AVERAGE SKY COVER 0.0


WEATHER CONDITIONS
 THE FOLLOWING WEATHER WAS RECORDED YESTERDAY.
  NO SIGNIFICANT WEATHER WAS OBSERVED.


RELATIVE HUMIDITY (PERCENT)
 HIGHEST    78           500 AM
 LOWEST     30           300 PM
 AVERAGE    54

..........................................................




SUNRISE AND SUNSET
JULY 30 2016..........SUNRISE   553 AM PDT   SUNSET   841 PM PDT
JULY 31 2016..........SUNRISE   554 AM PDT   SUNSET   839 PM PDT


-  INDICATES NEGATIVE NUMBERS.
R  INDICATES RECORD WAS SET OR TIED.
MM INDICATES DATA IS MISSING.
T  INDICATES TRACE AMOUNT.




$$
