000
CDUS46 KPQR 131153
CLIVUO


CLIMATE REPORT
NATIONAL WEATHER SERVICE PORTLAND OREGON
352 AM PST WED DEC 13 2017


...................................

...THE VANCOUVER WA CLIMATE SUMMARY FOR DECEMBER 12 2017...

CLIMATE NORMAL PERIOD 1981 TO 2010
CLIMATE RECORD PERIOD 1891 TO 2017


WEATHER ITEM   OBSERVED TIME   RECORD YEAR NORMAL DEPARTURE LAST
                VALUE   (LST)  VALUE       VALUE  FROM      YEAR
                                                  NORMAL
..................................................................
TEMPERATURE (F)
 YESTERDAY
  MAXIMUM         45    209 PM  62    1995  47     -2       47
  MINIMUM         22    500 AM -10    1919  34    -12       35
  AVERAGE         34                        41     -7       41

PRECIPITATION (IN)
  YESTERDAY        T                         0.21  -0.21     0.05
  MONTH TO DATE    0.38                      2.45  -2.07     2.73
  SINCE OCT 1     11.43                     11.43   0.00    17.83
  SINCE JAN 1     43.11                     34.82   8.29    40.56

DEGREE DAYS
 HEATING
  YESTERDAY       31                                        24
  MONTH TO DATE  306                                       310
  SINCE JUL 1   1267                                      1098

 COOLING
  YESTERDAY        0                                         0
  MONTH TO DATE    0                                         0
  SINCE JAN 1    639                                       407
..................................................................


WIND (MPH)
  HIGHEST WIND SPEED     8   HIGHEST WIND DIRECTION    SE (130)
  HIGHEST GUST SPEED    10   HIGHEST GUST DIRECTION    SE (120)
  AVERAGE WIND SPEED     1.3


SKY COVER
  POSSIBLE SUNSHINE  MM
  AVERAGE SKY COVER 0.2


WEATHER CONDITIONS
 THE FOLLOWING WEATHER WAS RECORDED YESTERDAY.
  NO SIGNIFICANT WEATHER WAS OBSERVED.


RELATIVE HUMIDITY (PERCENT)
 HIGHEST    96           500 AM
 LOWEST     53           200 PM
 AVERAGE    75

..........................................................




SUNRISE AND SUNSET
DECEMBER 13 2017......SUNRISE   743 AM PST   SUNSET   427 PM PST
DECEMBER 14 2017......SUNRISE   744 AM PST   SUNSET   427 PM PST


-  INDICATES NEGATIVE NUMBERS.
R  INDICATES RECORD WAS SET OR TIED.
MM INDICATES DATA IS MISSING.
T  INDICATES TRACE AMOUNT.




$$
