471
CDUS46 KPQR 101145
CLIVUO


CLIMATE REPORT
NATIONAL WEATHER SERVICE PORTLAND OREGON
344 AM PST SAT DEC 10 2016


...................................

...THE VANCOUVER WA CLIMATE SUMMARY FOR DECEMBER 9 2016...

CLIMATE NORMAL PERIOD 1981 TO 2010
CLIMATE RECORD PERIOD 1891 TO 2016


WEATHER ITEM   OBSERVED TIME   RECORD YEAR NORMAL DEPARTURE LAST
                VALUE   (LST)  VALUE       VALUE  FROM      YEAR
                                                  NORMAL
..................................................................
TEMPERATURE (F)
 YESTERDAY
  MAXIMUM         34   1159 PM  62    1993  47    -13       59
  MINIMUM         32   1214 PM   6    1972  35     -3       47
  AVERAGE         33                        41     -8       53

PRECIPITATION (IN)
  YESTERDAY        0.74                      0.21   0.53     0.43
  MONTH TO DATE    1.85                      1.82   0.03     7.98
  SINCE OCT 1     16.95                     10.80   6.15    15.80
  SINCE JAN 1     39.68                     34.19   5.49    32.91

DEGREE DAYS
 HEATING
  YESTERDAY       32                                        12
  MONTH TO DATE  239                                       155
  SINCE JUL 1   1027                                      1087

 COOLING
  YESTERDAY        0                                         0
  MONTH TO DATE    0                                         0
  SINCE JAN 1    407                                       660
..................................................................


WIND (MPH)
  HIGHEST WIND SPEED    13   HIGHEST WIND DIRECTION    SE (120)
  HIGHEST GUST SPEED    16   HIGHEST GUST DIRECTION     E (110)
  AVERAGE WIND SPEED     6.8


SKY COVER
  POSSIBLE SUNSHINE  MM
  AVERAGE SKY COVER 1.0


WEATHER CONDITIONS
 THE FOLLOWING WEATHER WAS RECORDED YESTERDAY.
  RAIN
  LIGHT RAIN
  LT FREEZING RAIN
  FOG


RELATIVE HUMIDITY (PERCENT)
 HIGHEST    89          1000 AM
 LOWEST     85          1200 AM
 AVERAGE    87

..........................................................




SUNRISE AND SUNSET
DECEMBER 10 2016......SUNRISE   741 AM PST   SUNSET   427 PM PST
DECEMBER 11 2016......SUNRISE   742 AM PST   SUNSET   427 PM PST


-  INDICATES NEGATIVE NUMBERS.
R  INDICATES RECORD WAS SET OR TIED.
MM INDICATES DATA IS MISSING.
T  INDICATES TRACE AMOUNT.




$$
