000
CDUS46 KPQR 301144
CLIVUO


CLIMATE REPORT
NATIONAL WEATHER SERVICE PORTLAND OREGON
443 AM PDT SUN APR 30 2017


...................................

...THE VANCOUVER WA CLIMATE SUMMARY FOR APRIL 29 2017...

CLIMATE NORMAL PERIOD 1981 TO 2010
CLIMATE RECORD PERIOD 1891 TO 2017


WEATHER ITEM   OBSERVED TIME   RECORD YEAR NORMAL DEPARTURE LAST
                VALUE   (LST)  VALUE       VALUE  FROM      YEAR
                                                  NORMAL
..................................................................
TEMPERATURE (F)
 YESTERDAY
  MAXIMUM         64    353 PM  87    1957  64      0       58
  MINIMUM         38    341 AM  30    1975  44     -6       49
  AVERAGE         51                        54     -3       54

PRECIPITATION (IN)
  YESTERDAY        0.07                      0.09  -0.02     0.18
  MONTH TO DATE    4.24                      2.93   1.31     1.77
  SINCE OCT 1     45.84                     31.78  14.06    41.72
  SINCE JAN 1     25.98                     16.03   9.95    17.87

DEGREE DAYS
 HEATING
  YESTERDAY       14                                        11
  MONTH TO DATE  395                                       262
  SINCE JUL 1   4218                                      3580

 COOLING
  YESTERDAY        0                                         0
  MONTH TO DATE    0                                         6
  SINCE JAN 1      0                                         6
..................................................................


WIND (MPH)
  HIGHEST WIND SPEED    10   HIGHEST WIND DIRECTION    SE (130)
  HIGHEST GUST SPEED    14   HIGHEST GUST DIRECTION    SW (220)
  AVERAGE WIND SPEED     2.6


SKY COVER
  POSSIBLE SUNSHINE  MM
  AVERAGE SKY COVER 0.6


WEATHER CONDITIONS
 THE FOLLOWING WEATHER WAS RECORDED YESTERDAY.
  LIGHT RAIN


RELATIVE HUMIDITY (PERCENT)
 HIGHEST   100           600 AM
 LOWEST     40           300 PM
 AVERAGE    70

..........................................................




SUNRISE AND SUNSET
APRIL 30 2017.........SUNRISE   559 AM PDT   SUNSET   817 PM PDT
MAY  1 2017...........SUNRISE   558 AM PDT   SUNSET   818 PM PDT


-  INDICATES NEGATIVE NUMBERS.
R  INDICATES RECORD WAS SET OR TIED.
MM INDICATES DATA IS MISSING.
T  INDICATES TRACE AMOUNT.




$$
