000
CDUS46 KPQR 251144
CLIVUO


CLIMATE REPORT
NATIONAL WEATHER SERVICE PORTLAND OREGON
344 AM PST SAT FEB 25 2017


...................................

...THE VANCOUVER WA CLIMATE SUMMARY FOR FEBRUARY 24 2017...

CLIMATE NORMAL PERIOD 1981 TO 2010
CLIMATE RECORD PERIOD 1891 TO 2017


WEATHER ITEM   OBSERVED TIME   RECORD YEAR NORMAL DEPARTURE LAST
                VALUE   (LST)  VALUE       VALUE  FROM      YEAR
                                                  NORMAL
..................................................................
TEMPERATURE (F)
 YESTERDAY
  MAXIMUM         41    555 PM  69    1905  53    -12       62
  MINIMUM         34   1210 AM  22    1962  36     -2       38
  AVERAGE         38                        44     -6       50

PRECIPITATION (IN)
  YESTERDAY        0.08                      0.12  -0.04      T
  MONTH TO DATE   10.02                      3.41   6.61     3.02
  SINCE OCT 1     34.19                     24.66   9.53    33.97
  SINCE JAN 1     14.33                      8.91   5.42    10.12

DEGREE DAYS
 HEATING
  YESTERDAY       27                                        15
  MONTH TO DATE  570                                       420
  SINCE JUL 1   3203                                      2753

 COOLING
  YESTERDAY        0                                         0
  MONTH TO DATE    0                                         0
  SINCE JAN 1      0                                         0
..................................................................


WIND (MPH)
  HIGHEST WIND SPEED    12   HIGHEST WIND DIRECTION     E (100)
  HIGHEST GUST SPEED    14   HIGHEST GUST DIRECTION     E (110)
  AVERAGE WIND SPEED     4.3


SKY COVER
  POSSIBLE SUNSHINE  MM
  AVERAGE SKY COVER 0.9


WEATHER CONDITIONS
 THE FOLLOWING WEATHER WAS RECORDED YESTERDAY.
  LIGHT RAIN
  FOG


RELATIVE HUMIDITY (PERCENT)
 HIGHEST   100          1200 AM
 LOWEST     79          1000 AM
 AVERAGE    90

..........................................................




SUNRISE AND SUNSET
FEBRUARY 25 2017......SUNRISE   655 AM PST   SUNSET   552 PM PST
FEBRUARY 26 2017......SUNRISE   654 AM PST   SUNSET   554 PM PST


-  INDICATES NEGATIVE NUMBERS.
R  INDICATES RECORD WAS SET OR TIED.
MM INDICATES DATA IS MISSING.
T  INDICATES TRACE AMOUNT.




$$
