000
CDUS46 KPQR 281145
CLIVUO


CLIMATE REPORT
NATIONAL WEATHER SERVICE PORTLAND OREGON
444 AM PDT TUE JUL 28 2015


...................................

...THE VANCOUVER WA CLIMATE SUMMARY FOR JULY 27 2015...

CLIMATE NORMAL PERIOD 1981 TO 2010
CLIMATE RECORD PERIOD 1891 TO 2015


WEATHER ITEM   OBSERVED TIME   RECORD YEAR NORMAL DEPARTURE LAST
                VALUE   (LST)  VALUE       VALUE  FROM      YEAR
                                                  NORMAL
..................................................................
TEMPERATURE (F)
 YESTERDAY
  MAXIMUM         77    404 PM 103    2009  82     -5       87
  MINIMUM         51    429 AM  44    1916  58     -7       60
  AVERAGE         64                        70     -6       74

PRECIPITATION (IN)
  YESTERDAY        0.00                      0.01  -0.01     0.00
  MONTH TO DATE    0.27                      0.64  -0.37     0.82
  SINCE OCT 1     30.22                     36.76  -6.54    27.72
  SINCE JAN 1     15.33                     21.01  -5.68    22.25

DEGREE DAYS
 HEATING
  YESTERDAY        1                                         0
  MONTH TO DATE    4                                         3
  SINCE JUL 1      4                                         3

 COOLING
  YESTERDAY        0                                         9
  MONTH TO DATE  201                                       159
  SINCE JAN 1    379                                       190
..................................................................


WIND (MPH)
  HIGHEST WIND SPEED    14   HIGHEST WIND DIRECTION    NW (300)
  HIGHEST GUST SPEED    19   HIGHEST GUST DIRECTION     W (280)
  AVERAGE WIND SPEED     5.1


SKY COVER
  POSSIBLE SUNSHINE  MM
  AVERAGE SKY COVER 0.2


WEATHER CONDITIONS
 THE FOLLOWING WEATHER WAS RECORDED YESTERDAY.
  NO SIGNIFICANT WEATHER WAS OBSERVED.


RELATIVE HUMIDITY (PERCENT)
 HIGHEST    96           500 AM
 LOWEST     36           400 PM
 AVERAGE    66

..........................................................




SUNRISE AND SUNSET
JULY 28 2015..........SUNRISE   549 AM PDT   SUNSET   844 PM PDT
JULY 29 2015..........SUNRISE   551 AM PDT   SUNSET   843 PM PDT


-  INDICATES NEGATIVE NUMBERS.
R  INDICATES RECORD WAS SET OR TIED.
MM INDICATES DATA IS MISSING.
T  INDICATES TRACE AMOUNT.




$$
