000
CDUS41 KAKQ 171139
CLIWAL


CLIMATE REPORT
NATIONAL WEATHER SERVICE WAKEFIELD, VA
639 AM EST WED DEC 17 2014


...................................

...THE WALLOPS ISLAND VA CLIMATE SUMMARY FOR DECEMBER 16 2014...

CLIMATE NORMAL PERIOD 1981 TO 2010
CLIMATE RECORD PERIOD 1963 TO 2014


WEATHER ITEM   OBSERVED TIME   RECORD YEAR NORMAL DEPARTURE
                VALUE   (LST)  VALUE       VALUE  FROM
                                                  NORMAL
...............................................................
TEMPERATURE (F)
 YESTERDAY
  MAXIMUM         56   1254 PM  78    1971  49      7
  MINIMUM         37    421 AM  16    2010  32      5
  AVERAGE         47                        40      7

PRECIPITATION (IN)
  YESTERDAY        0.21          1.07        0.12   0.09
  MONTH TO DATE    1.16                      1.82  -0.66
  SINCE DEC 1      1.16                      1.82  -0.66
  SINCE JAN 1     35.92                     39.23  -3.31

SNOWFALL (IN)
  YESTERDAY        0.0           3.5  2010   0.1   -0.1
  MONTH TO DATE    0.0                       1.0   -1.0
  SINCE NOV 1      0.0                       1.1   -1.1
  SINCE JUL 1      0.0                       1.1   -1.1

DEGREE DAYS
 HEATING
  YESTERDAY       18                               -7
  MONTH TO DATE  330                              -31
  SINCE DEC 1    330                              -31
  SINCE JUL 1   1024                              -41

 COOLING
  YESTERDAY        0                                0
  MONTH TO DATE    0                                0
  SINCE DEC 1      0                                0
  SINCE JAN 1   1352                              155
...............................................................


WIND (MPH)
  HIGHEST WIND SPEED    14   HIGHEST WIND DIRECTION     S (190)
  HIGHEST GUST SPEED    18   HIGHEST GUST DIRECTION    NW (330)
  AVERAGE WIND SPEED     6.3




RELATIVE HUMIDITY (PERCENT)
 HIGHEST   100
 LOWEST     72
 AVERAGE    86

..........................................................


THE WALLOPS ISLAND VA CLIMATE NORMALS FOR TODAY
                         NORMAL    RECORD    YEAR
 MAXIMUM TEMPERATURE (F)   48        61      2006
                                             2000
 MINIMUM TEMPERATURE (F)   32        16      2010


SUNRISE AND SUNSET
DECEMBER 17 2014......SUNRISE   712 AM EST   SUNSET   444 PM EST
DECEMBER 18 2014......SUNRISE   712 AM EST   SUNSET   445 PM EST


-  INDICATES NEGATIVE NUMBERS.
R  INDICATES RECORD WAS SET OR TIED.
MM INDICATES DATA IS MISSING.
T  INDICATES TRACE AMOUNT.




$$
