729
CDUS41 KAKQ 090634
CLIWAL


CLIMATE REPORT
NATIONAL WEATHER SERVICE WAKEFIELD, VA
133 AM EST FRI DEC 9 2016


...................................

...THE WALLOPS ISLAND VA CLIMATE SUMMARY FOR DECEMBER 8 2016...

CLIMATE NORMAL PERIOD 1981 TO 2010
CLIMATE RECORD PERIOD 1963 TO 2016


WEATHER ITEM   OBSERVED TIME   RECORD YEAR NORMAL DEPARTURE
                VALUE   (LST)  VALUE       VALUE  FROM
                                                  NORMAL
...............................................................
TEMPERATURE (F)
 YESTERDAY
  MAXIMUM         44   1214 PM  69    2004  51     -7
  MINIMUM         32    445 AM  21    1977  34     -2
                                      1970
  AVERAGE         38                        42     -4

PRECIPITATION (IN)
  YESTERDAY        T             1.19        0.12  -0.12
  MONTH TO DATE    2.73                      0.91   1.82
  SINCE DEC 1      2.73                      0.91   1.82
  SINCE JAN 1     55.18                     38.32  16.86

SNOWFALL (IN)
  YESTERDAY       MM             5.5  1989   0.0   MM
  MONTH TO DATE    0.0                       0.4   -0.4
  SINCE NOV 1      0.0                       0.5   -0.5
  SINCE JUL 1      0.0                       0.5   -0.5

DEGREE DAYS
 HEATING
  YESTERDAY       27                                5
  MONTH TO DATE  161                              -10
  SINCE DEC 1    161                              -10
  SINCE JUL 1    747                             -128

 COOLING
  YESTERDAY        0                                0
  MONTH TO DATE    0                                0
  SINCE DEC 1      0                                0
  SINCE JAN 1   1644                              447
...............................................................


WIND (MPH)
  HIGHEST WIND SPEED    21   HIGHEST WIND DIRECTION    NW (320)
  HIGHEST GUST SPEED    29   HIGHEST GUST DIRECTION    NW (310)
  AVERAGE WIND SPEED     3.8




RELATIVE HUMIDITY (PERCENT)
 HIGHEST   100
 LOWEST     54
 AVERAGE    77

..........................................................


THE WALLOPS ISLAND VA CLIMATE NORMALS FOR TODAY
                         NORMAL    RECORD    YEAR
 MAXIMUM TEMPERATURE (F)   51        69      1978
 MINIMUM TEMPERATURE (F)   34        19      2006


SUNRISE AND SUNSET
DECEMBER  9 2016......SUNRISE   706 AM EST   SUNSET   442 PM EST
DECEMBER 10 2016......SUNRISE   707 AM EST   SUNSET   443 PM EST


-  INDICATES NEGATIVE NUMBERS.
R  INDICATES RECORD WAS SET OR TIED.
MM INDICATES DATA IS MISSING.
T  INDICATES TRACE AMOUNT.




$$
