000
CDUS41 KAKQ 232308
CLIWAL


CLIMATE REPORT
NATIONAL WEATHER SERVICE WAKEFIELD, VA
607 PM EST FRI FEB 23 2018


...................................

...THE WALLOPS ISLAND VA CLIMATE SUMMARY FOR FEBRUARY 23 2018...
VALID TODAY AS OF 0500 PM LOCAL TIME.

CLIMATE NORMAL PERIOD 1981 TO 2010
CLIMATE RECORD PERIOD 1963 TO 2018


WEATHER ITEM   OBSERVED TIME   RECORD YEAR NORMAL DEPARTURE
                VALUE   (LST)  VALUE       VALUE  FROM
                                                  NORMAL
...............................................................
TEMPERATURE (F)
 TODAY
  MAXIMUM         53    315 PM  69    2017  48      5
  MINIMUM         45    537 AM  18    1999  32     13
  AVERAGE         49

PRECIPITATION (IN)
  TODAY            T             1.66 1994   0.11  -0.11
  MONTH TO DATE    1.84                      2.23  -0.39
  SINCE DEC 1      7.40                      8.70  -1.30
  SINCE JAN 1      5.51                      5.27   0.24

SNOWFALL (IN)
  TODAY            0.0           0.2  1987
                                      1989
  MONTH TO DATE    0.0
  SINCE NOV 1     11.8
  SINCE JUL 1     11.8
  SNOW DEPTH       0

DEGREE DAYS
 HEATING
  TODAY           16

 COOLING
  TODAY            0
...............................................................


WIND (MPH)
  HIGHEST WIND SPEED    22   HIGHEST WIND DIRECTION    NE (50)
  HIGHEST GUST SPEED    29   HIGHEST GUST DIRECTION    NE (50)




RELATIVE HUMIDITY (PERCENT)
 HIGHEST   100
 LOWEST     86
 AVERAGE    93

..........................................................


THE WALLOPS ISLAND VA CLIMATE NORMALS FOR TOMORROW
                         NORMAL    RECORD    YEAR
 MAXIMUM TEMPERATURE (F)   49        75      1985
 MINIMUM TEMPERATURE (F)   32        13      2015


SUNRISE AND SUNSET
FEBRUARY 23 2018......SUNRISE   642 AM EST   SUNSET   549 PM EST
FEBRUARY 24 2018......SUNRISE   640 AM EST   SUNSET   550 PM EST


-  INDICATES NEGATIVE NUMBERS.
R  INDICATES RECORD WAS SET OR TIED.
MM INDICATES DATA IS MISSING.
T  INDICATES TRACE AMOUNT.




$$
