000
CDUS41 KAKQ 142226
CLIWAL


CLIMATE REPORT
NATIONAL WEATHER SERVICE WAKEFIELD, VA
526 PM EST SUN FEB 14 2016


...................................

...THE WALLOPS ISLAND VA CLIMATE SUMMARY FOR FEBRUARY 14 2016...
VALID TODAY AS OF 0500 PM LOCAL TIME.

CLIMATE NORMAL PERIOD 1981 TO 2010
CLIMATE RECORD PERIOD 1963 TO 2016


WEATHER ITEM   OBSERVED TIME   RECORD YEAR NORMAL DEPARTURE
                VALUE   (LST)  VALUE       VALUE  FROM
                                                  NORMAL
...............................................................
TEMPERATURE (F)
 TODAY
  MAXIMUM         27    338 PM  73    1990  47    -20
                                      1989
  MINIMUM         13    714 AM   8    1979  30    -17
  AVERAGE         20

PRECIPITATION (IN)
  TODAY            0.00          1.04 2007   0.09  -0.09
  MONTH TO DATE    2.48                      1.31   1.17
  SINCE DEC 1      9.38                      7.78   1.60
  SINCE JAN 1      5.10                      4.35   0.75

SNOWFALL (IN)
  TODAY            0.0           2.6  1986
  MONTH TO DATE    1.6
  SINCE NOV 1      8.9
  SINCE JUL 1      8.9
  SNOW DEPTH       0

DEGREE DAYS
 HEATING
  TODAY           45

 COOLING
  TODAY            0
...............................................................


WIND (MPH)
  HIGHEST WIND SPEED    20   HIGHEST WIND DIRECTION    NW (320)
  HIGHEST GUST SPEED    28   HIGHEST GUST DIRECTION    NW (330)




RELATIVE HUMIDITY (PERCENT)
 HIGHEST    58
 LOWEST     26
 AVERAGE    42

..........................................................


THE WALLOPS ISLAND VA CLIMATE NORMALS FOR TOMORROW
                         NORMAL    RECORD    YEAR
 MAXIMUM TEMPERATURE (F)   47        67      1989
 MINIMUM TEMPERATURE (F)   30        11      2015


SUNRISE AND SUNSET
FEBRUARY 14 2016......SUNRISE   653 AM EST   SUNSET   539 PM EST
FEBRUARY 15 2016......SUNRISE   652 AM EST   SUNSET   540 PM EST


-  INDICATES NEGATIVE NUMBERS.
R  INDICATES RECORD WAS SET OR TIED.
MM INDICATES DATA IS MISSING.
T  INDICATES TRACE AMOUNT.




$$
