000
CDUS41 KAKQ 110635
CLIWAL


CLIMATE REPORT
NATIONAL WEATHER SERVICE WAKEFIELD, VA
132 AM EST MON DEC 11 2017


...................................

...THE WALLOPS ISLAND VA CLIMATE SUMMARY FOR DECEMBER 10 2017...

CLIMATE NORMAL PERIOD 1981 TO 2010
CLIMATE RECORD PERIOD 1963 TO 2017


WEATHER ITEM   OBSERVED TIME   RECORD YEAR NORMAL DEPARTURE
                VALUE   (LST)  VALUE       VALUE  FROM
                                                  NORMAL
...............................................................
TEMPERATURE (F)
 YESTERDAY
  MAXIMUM         41    148 PM  70    2012  50     -9
  MINIMUM         29    840 PM  17    1968  33     -4
  AVERAGE         35                        42     -7

PRECIPITATION (IN)
  YESTERDAY        0.00          2.31        0.11  -0.11
  MONTH TO DATE    1.75                      1.13   0.62
  SINCE DEC 1      1.75                      1.13   0.62
  SINCE JAN 1     48.42                     38.54   9.88

SNOWFALL (IN)
  YESTERDAY        0.0           0.0    MM   0.0    0.0
  MONTH TO DATE    1.3                       0.5    0.8
  SINCE NOV 1      1.3                       0.6    0.7
  SINCE JUL 1      1.3                       0.6    0.7

DEGREE DAYS
 HEATING
  YESTERDAY       30                                7
  MONTH TO DATE  210                               -7
  SINCE DEC 1    210                               -7
  SINCE JUL 1    813                             -108

 COOLING
  YESTERDAY        0                                0
  MONTH TO DATE    0                                0
  SINCE DEC 1      0                                0
  SINCE JAN 1   1429                              232
...............................................................


WIND (MPH)
  HIGHEST WIND SPEED    15   HIGHEST WIND DIRECTION     W (280)
  HIGHEST GUST SPEED    18   HIGHEST GUST DIRECTION     W (280)
  AVERAGE WIND SPEED     6.5




RELATIVE HUMIDITY (PERCENT)
 HIGHEST   100
 LOWEST     59
 AVERAGE    80

..........................................................


THE WALLOPS ISLAND VA CLIMATE NORMALS FOR TODAY
                         NORMAL    RECORD    YEAR
 MAXIMUM TEMPERATURE (F)   50        72      1971
 MINIMUM TEMPERATURE (F)   33        17      1995
                                             1977
                                             1968


SUNRISE AND SUNSET
DECEMBER 11 2017......SUNRISE   708 AM EST   SUNSET   443 PM EST
DECEMBER 12 2017......SUNRISE   708 AM EST   SUNSET   443 PM EST


-  INDICATES NEGATIVE NUMBERS.
R  INDICATES RECORD WAS SET OR TIED.
MM INDICATES DATA IS MISSING.
T  INDICATES TRACE AMOUNT.




$$
