000
CDUS41 KAKQ 270832
CLIWAL


CLIMATE REPORT
NATIONAL WEATHER SERVICE WAKEFIELD, VA
330 AM EST TUE JAN 27 2015


...................................

...THE WALLOPS ISLAND VA CLIMATE SUMMARY FOR JANUARY 26 2015...

CLIMATE NORMAL PERIOD 1981 TO 2010
CLIMATE RECORD PERIOD 1963 TO 2015


WEATHER ITEM   OBSERVED TIME   RECORD YEAR NORMAL DEPARTURE
                VALUE   (LST)  VALUE       VALUE  FROM
                                                  NORMAL
...............................................................
TEMPERATURE (F)
 YESTERDAY
  MAXIMUM         49    203 PM  62    1989  45      4
  MINIMUM         32   1159 PM  18    2007  28      4
                                      1982
  AVERAGE         41                        36      5

PRECIPITATION (IN)
  YESTERDAY        0.18          1.12        0.10   0.08
  MONTH TO DATE    4.70                      2.55   2.15
  SINCE DEC 1      7.92                      5.98   1.94
  SINCE JAN 1      4.70                      2.55   2.15

SNOWFALL (IN)
  YESTERDAY        0.0           1.4  2004   0.1   -0.1
  MONTH TO DATE    T                         1.6   -1.6
  SINCE NOV 1      T                         3.6   -3.6
  SINCE JUL 1      T                         3.6   -3.6

DEGREE DAYS
 HEATING
  YESTERDAY       24                               -4
  MONTH TO DATE  741                               -3
  SINCE DEC 1   1419                              -83
  SINCE JUL 1   2113                              -93

 COOLING
  YESTERDAY        0                                0
  MONTH TO DATE    0                                0
  SINCE DEC 1      0                                0
  SINCE JAN 1      0                                0
...............................................................


WIND (MPH)
  HIGHEST WIND SPEED    24   HIGHEST WIND DIRECTION     N (20)
  HIGHEST GUST SPEED    31   HIGHEST GUST DIRECTION     N (20)
  AVERAGE WIND SPEED    11.9




RELATIVE HUMIDITY (PERCENT)
 HIGHEST   100
 LOWEST     80
 AVERAGE    90

..........................................................


THE WALLOPS ISLAND VA CLIMATE NORMALS FOR TODAY
                         NORMAL    RECORD    YEAR
 MAXIMUM TEMPERATURE (F)   45        72      1974
 MINIMUM TEMPERATURE (F)   28        11      2003


SUNRISE AND SUNSET
JANUARY 27 2015.......SUNRISE   710 AM EST   SUNSET   519 PM EST
JANUARY 28 2015.......SUNRISE   710 AM EST   SUNSET   520 PM EST


-  INDICATES NEGATIVE NUMBERS.
R  INDICATES RECORD WAS SET OR TIED.
MM INDICATES DATA IS MISSING.
T  INDICATES TRACE AMOUNT.




$$
