000
CDUS41 KAKQ 212145
CLIWAL


CLIMATE REPORT
NATIONAL WEATHER SERVICE WAKEFIELD, VA
545 PM EDT SAT OCT 21 2017


...................................

...THE WALLOPS ISLAND VA CLIMATE SUMMARY FOR OCTOBER 21 2017...
VALID TODAY AS OF 0500 PM LOCAL TIME.

CLIMATE NORMAL PERIOD 1981 TO 2010
CLIMATE RECORD PERIOD 1963 TO 2017


WEATHER ITEM   OBSERVED TIME   RECORD YEAR NORMAL DEPARTURE
                VALUE   (LST)  VALUE       VALUE  FROM
                                                  NORMAL
...............................................................
TEMPERATURE (F)
 TODAY
  MAXIMUM         73    240 PM  81    1984  67      6
  MINIMUM         48    629 AM  31    1974  48      0
  AVERAGE         61

PRECIPITATION (IN)
  TODAY            0.00          1.18 1988   0.10  -0.10
  MONTH TO DATE    5.09                      2.12   2.97
  SINCE SEP 1      6.93                      6.10   0.83
  SINCE JAN 1     42.45                     33.49   8.96

SNOWFALL (IN)
  TODAY            0.0           0.0    MM
  MONTH TO DATE    0.0
  SINCE NOV 1     10.1
  SINCE JUL 1      0.0
  SNOW DEPTH       0

DEGREE DAYS
 HEATING
  TODAY            4

 COOLING
  TODAY            0
...............................................................


WIND (MPH)
  HIGHEST WIND SPEED     8   HIGHEST WIND DIRECTION    NE (60)
  HIGHEST GUST SPEED    16   HIGHEST GUST DIRECTION     E (80)




RELATIVE HUMIDITY (PERCENT)
 HIGHEST   100
 LOWEST     47
 AVERAGE    74

..........................................................


THE WALLOPS ISLAND VA CLIMATE NORMALS FOR TOMORROW
                         NORMAL    RECORD    YEAR
 MAXIMUM TEMPERATURE (F)   66        79      2001
                                             1975
 MINIMUM TEMPERATURE (F)   48        30      1974


SUNRISE AND SUNSET
OCTOBER 21 2017.......SUNRISE   716 AM EDT   SUNSET   616 PM EDT
OCTOBER 22 2017.......SUNRISE   717 AM EDT   SUNSET   615 PM EDT


-  INDICATES NEGATIVE NUMBERS.
R  INDICATES RECORD WAS SET OR TIED.
MM INDICATES DATA IS MISSING.
T  INDICATES TRACE AMOUNT.




$$
