000
CDUS46 KLOX 310904
CLIWJF


CLIMATE REPORT
NATIONAL WEATHER SERVICE LOS ANGELES/OXNARD CA
204 AM PDT MON AUG 31 2015


...................................

...THE LANCASTER FOX FIELD CA CLIMATE SUMMARY FOR AUGUST 30 2015...

CLIMATE NORMAL PERIOD 1981 TO 2010
CLIMATE RECORD PERIOD 1948 TO 2015


WEATHER ITEM   OBSERVED TIME   RECORD YEAR NORMAL DEPARTURE
                VALUE   (LST)  VALUE       VALUE  FROM
                                                  NORMAL
...............................................................
TEMPERATURE (F)
 YESTERDAY
  MAXIMUM         94    234 PM 109    1948  96     -2
  MINIMUM         70    603 AM  50    1975  62      8
  AVERAGE         82                        79      3

PRECIPITATION (IN)
  YESTERDAY        0.00          0.57 1967   0.01  -0.01
  MONTH TO DATE    0.00                      0.10  -0.10
  SINCE OCT 1      6.99                      7.23  -0.24
  SINCE JAN 1      4.07                      5.10  -1.03

SNOWFALL (IN)
  YESTERDAY        0.0           0.0    MM
  MONTH TO DATE    0.0
  SINCE JUN 1      0.0
  SINCE JUL 1      0.0
  SNOW DEPTH       0

DEGREE DAYS
 HEATING
  YESTERDAY        0                                0
  MONTH TO DATE    0                                0
  SINCE JUN 1      2                               -6
  SINCE JUL 1      0                                0

 COOLING
  YESTERDAY       17                                3
  MONTH TO DATE  555                               76
  SINCE JUN 1   1481                              125
  SINCE JAN 1   1579                               34
...............................................................


WIND (MPH)
  HIGHEST WIND SPEED    26   HIGHEST WIND DIRECTION     W (260)
  HIGHEST GUST SPEED    32   HIGHEST GUST DIRECTION     W (270)
  AVERAGE WIND SPEED    17.5




RELATIVE HUMIDITY (PERCENT)
 HIGHEST    66
 LOWEST     26
 AVERAGE    46

..........................................................


THE LANCASTER FOX FIELD CA CLIMATE NORMALS FOR TODAY
                         NORMAL    RECORD    YEAR
 MAXIMUM TEMPERATURE (F)   95       109      1948
 MINIMUM TEMPERATURE (F)   61        48      1974


SUNRISE AND SUNSET
AUGUST 31 2015........SUNRISE   625 AM PDT   SUNSET   721 PM PDT
SEPTEMBER  1 2015.....SUNRISE   626 AM PDT   SUNSET   719 PM PDT


-  INDICATES NEGATIVE NUMBERS.
R  INDICATES RECORD WAS SET OR TIED.
MM INDICATES DATA IS MISSING.
T  INDICATES TRACE AMOUNT.




$$
