000
CDUS46 KLOX 210129
CLIWJF


CLIMATE REPORT
NATIONAL WEATHER SERVICE LOS ANGELES/OXNARD CA
529 PM PST SAT JAN 20 2018


...................................

...THE LANCASTER CLIMATE SUMMARY FOR JANUARY 20 2018...
VALID TODAY AS OF 0500 PM LOCAL TIME.

CLIMATE NORMAL PERIOD 1981 TO 2010
CLIMATE RECORD PERIOD 1948 TO 2018


WEATHER ITEM   OBSERVED TIME   RECORD YEAR NORMAL DEPARTURE LAST
                VALUE   (LST)  VALUE       VALUE  FROM      YEAR
                                                  NORMAL
..................................................................
TEMPERATURE (F)
 TODAY
  MAXIMUM         49    156 PM  80    1971  59    -10       51
  MINIMUM         38    611 AM  12    1963  31      7       40
  AVERAGE         44                        45     -1       46

PRECIPITATION (IN)
  TODAY            0.00          0.90 2010   0.05  -0.05     0.49
  MONTH TO DATE    0.95                      0.97  -0.02     1.78
  SINCE OCT 1      0.97                      3.10  -2.13     3.77
  SINCE JAN 1      0.95                      0.97  -0.02     1.78

SNOWFALL (IN)
  TODAY            0.0           0.0    MM   0.0            MM
  MONTH TO DATE    0.0                       0.2             0.0
  SINCE DEC 1      0.0                       1.5             0.0
  SINCE JUL 1      0.0                       1.5             0.0
  SNOW DEPTH       0

DEGREE DAYS
 HEATING
  TODAY           21                        20      1       19
  MONTH TO DATE  271                       411   -140      372
  SINCE DEC 1    912                      1068   -156      950
  SINCE JUL 1   1274                      1613   -339     1376

 COOLING
  TODAY            0                         0      0        0
  MONTH TO DATE    0                         0      0        0
  SINCE DEC 1      0                         0      0        0
  SINCE JAN 1      0                         0      0        0
..................................................................


WIND (MPH)
  HIGHEST WIND SPEED    37   HIGHEST WIND DIRECTION    NW (300)
  HIGHEST GUST SPEED    42   HIGHEST GUST DIRECTION    NW (310)
  AVERAGE WIND SPEED    20.2


SKY COVER
  POSSIBLE SUNSHINE  MM
  AVERAGE SKY COVER 0.0


WEATHER CONDITIONS
 THE FOLLOWING WEATHER WAS RECORDED TODAY.
  NO SIGNIFICANT WEATHER WAS OBSERVED.


RELATIVE HUMIDITY (PERCENT)
 HIGHEST    70           100 AM
 LOWEST     39           200 PM
 AVERAGE    55

..........................................................


THE LANCASTER CLIMATE NORMALS FOR TOMORROW
                         NORMAL    RECORD    YEAR
 MAXIMUM TEMPERATURE (F)   59        75      1950
 MINIMUM TEMPERATURE (F)   32        14      1987


SUNRISE AND SUNSET
JANUARY 20 2018.......SUNRISE   658 AM PST   SUNSET   510 PM PST
JANUARY 21 2018.......SUNRISE   658 AM PST   SUNSET   511 PM PST


-  INDICATES NEGATIVE NUMBERS.
R  INDICATES RECORD WAS SET OR TIED.
MM INDICATES DATA IS MISSING.
T  INDICATES TRACE AMOUNT.




$$
