000
CDUS46 KLOX 280113
CLIWJF


CLIMATE REPORT
NATIONAL WEATHER SERVICE LOS ANGELES/OXNARD CA
513 PM PST FRI FEB 27 2015


...................................

...THE LANCASTER CLIMATE SUMMARY FOR FEBRUARY 27 2015...
VALID TODAY AS OF 0500 PM LOCAL TIME.

CLIMATE NORMAL PERIOD 1981 TO 2010
CLIMATE RECORD PERIOD 1948 TO 2015


WEATHER ITEM   OBSERVED TIME   RECORD YEAR NORMAL DEPARTURE LAST
                VALUE   (LST)  VALUE       VALUE  FROM      YEAR
                                                  NORMAL
..................................................................
TEMPERATURE (F)
 TODAY
  MAXIMUM         62   1149 AM  83    1986  64     -2       65
  MINIMUM         50    508 AM  17    1971  37     13       50
  AVERAGE         56                        50      6       58

PRECIPITATION (IN)
  TODAY            0.00          0.82 1983   0.05  -0.05     0.07
  MONTH TO DATE    0.39                      1.73  -1.34     0.15
  SINCE OCT 1      4.27                      5.36  -1.09     1.79
  SINCE JAN 1      1.35                      3.23  -1.88     0.20

SNOWFALL (IN)
  TODAY            0.0           0.0    MM   0.0             0.0
  MONTH TO DATE    0.0                       0.6             0.0
  SINCE DEC 1      0.0                       2.3             0.0
  SINCE JUL 1      0.0                       2.3             0.0
  SNOW DEPTH       0

DEGREE DAYS
 HEATING
  TODAY            9                        15     -6        7
  MONTH TO DATE  307                       454   -147      326
  SINCE DEC 1   1454                      1734   -280     1572
  SINCE JUL 1   1851                      2279   -428     2223

 COOLING
  TODAY            0                         0      0        0
  MONTH TO DATE    0                         0      0        6
  SINCE DEC 1      0                         0      0        6
  SINCE JAN 1      0                         0      0        6
..................................................................


WIND (MPH)
  HIGHEST WIND SPEED    33   HIGHEST WIND DIRECTION    SW (220)
  HIGHEST GUST SPEED    39   HIGHEST GUST DIRECTION     W (270)
  AVERAGE WIND SPEED    21.6


SKY COVER
  POSSIBLE SUNSHINE  MM
  AVERAGE SKY COVER 0.0


WEATHER CONDITIONS
 THE FOLLOWING WEATHER WAS RECORDED TODAY.
  HAZE


RELATIVE HUMIDITY (PERCENT)
 HIGHEST    66           400 PM
 LOWEST     46          1100 AM
 AVERAGE    56

..........................................................


THE LANCASTER CLIMATE NORMALS FOR TOMORROW
                         NORMAL    RECORD    YEAR
 MAXIMUM TEMPERATURE (F)   64        81      1986
 MINIMUM TEMPERATURE (F)   37        20      1962


SUNRISE AND SUNSET
FEBRUARY 27 2015......SUNRISE   625 AM PST   SUNSET   547 PM PST
FEBRUARY 28 2015......SUNRISE   624 AM PST   SUNSET   548 PM PST


-  INDICATES NEGATIVE NUMBERS.
R  INDICATES RECORD WAS SET OR TIED.
MM INDICATES DATA IS MISSING.
T  INDICATES TRACE AMOUNT.




$$
