000
CDUS46 KLOX 290116
CLIWJF


CLIMATE REPORT
NATIONAL WEATHER SERVICE LOS ANGELES/OXNARD CA
616 PM PDT THU AUG 28 2014


...................................

...THE LANCASTER CLIMATE SUMMARY FOR AUGUST 28 2014...
VALID TODAY AS OF 0600 PM LOCAL TIME.

CLIMATE NORMAL PERIOD 1981 TO 2010
CLIMATE RECORD PERIOD 1948 TO 2014


WEATHER ITEM   OBSERVED TIME   RECORD YEAR NORMAL DEPARTURE LAST
                VALUE   (LST)  VALUE       VALUE  FROM      YEAR
                                                  NORMAL
..................................................................
TEMPERATURE (F)
 TODAY
  MAXIMUM        102    228 PM 107    2008  96      6       99
                                      2005
  MINIMUM         60    547 AM  50    1960  62     -2       66
  AVERAGE         81                        79      2       83

PRECIPITATION (IN)
  TODAY            0.00          0.06 2000   0.00   0.00     0.00
  MONTH TO DATE    0.03                      0.09  -0.06      T
  SINCE JUL 1      0.03                      0.18  -0.15     0.02
  SINCE JAN 1      2.35                      5.09  -2.74     1.12

SNOWFALL (IN)
  TODAY            0.0           0.0    MM   0.0             0.0
  MONTH TO DATE    0.0                       0.0             0.0
  SINCE JUN 1      0.0                       0.0             0.0
  SINCE JUL 1      0.0                       0.0             0.0
  SNOW DEPTH       0

DEGREE DAYS
 HEATING
  TODAY            0                         0      0        0
  MONTH TO DATE    0                         0      0        0
  SINCE JUN 1      0                         8     -8        0
  SINCE JUL 1      0                         0      0        0

 COOLING
  TODAY           16                        14      2       18
  MONTH TO DATE  406                       451    -45      459
  SINCE JUN 1   1393                      1328     65     1553
  SINCE JAN 1   1593                      1517     76     1811
..................................................................


WIND (MPH)
  HIGHEST WIND SPEED    26   HIGHEST WIND DIRECTION     W (250)
  HIGHEST GUST SPEED    33   HIGHEST GUST DIRECTION     W (260)
  AVERAGE WIND SPEED     6.2


SKY COVER
  POSSIBLE SUNSHINE  MM
  AVERAGE SKY COVER 0.0


WEATHER CONDITIONS
 THE FOLLOWING WEATHER WAS RECORDED TODAY.
  NO SIGNIFICANT WEATHER WAS OBSERVED.


RELATIVE HUMIDITY (PERCENT)
 HIGHEST    46           500 AM
 LOWEST     10           200 PM
 AVERAGE    28

..........................................................


THE LANCASTER CLIMATE NORMALS FOR TOMORROW
                         NORMAL    RECORD    YEAR
 MAXIMUM TEMPERATURE (F)   96       107      1998
 MINIMUM TEMPERATURE (F)   62        50      1953


SUNRISE AND SUNSET
AUGUST 28 2014........SUNRISE   623 AM PDT   SUNSET   725 PM PDT
AUGUST 29 2014........SUNRISE   624 AM PDT   SUNSET   723 PM PDT


-  INDICATES NEGATIVE NUMBERS.
R  INDICATES RECORD WAS SET OR TIED.
MM INDICATES DATA IS MISSING.
T  INDICATES TRACE AMOUNT.




$$
