000
CDUS46 KLOX 230916
CLIWJF


CLIMATE REPORT
NATIONAL WEATHER SERVICE LOS ANGELES/OXNARD CA
115 AM PST THU FEB 23 2017


...................................

...THE LANCASTER FOX FIELD CA CLIMATE SUMMARY FOR FEBRUARY 22 2017...

CLIMATE NORMAL PERIOD 1981 TO 2010
CLIMATE RECORD PERIOD 1948 TO 2017


WEATHER ITEM   OBSERVED TIME   RECORD YEAR NORMAL DEPARTURE
                VALUE   (LST)  VALUE       VALUE  FROM
                                                  NORMAL
...............................................................
TEMPERATURE (F)
 YESTERDAY
  MAXIMUM         54    151 PM  76    2012  63     -9
                                      2002
  MINIMUM         40   1057 PM  14    1953  36      4
  AVERAGE         47                        50     -3

PRECIPITATION (IN)
  YESTERDAY        0.00          0.39 2015   0.06  -0.06
  MONTH TO DATE    1.80                      1.43   0.37
  SINCE OCT 1      6.26                      5.06   1.20
  SINCE JAN 1      4.27                      2.93   1.34

SNOWFALL (IN)
  YESTERDAY        0.0           0.5  1969
  MONTH TO DATE    0.0
  SINCE DEC 1      0.0
  SINCE JUL 1      0.0
  SNOW DEPTH       0

DEGREE DAYS
 HEATING
  YESTERDAY       18                                3
  MONTH TO DATE  259                             -120
  SINCE DEC 1   1448                             -211
  SINCE JUL 1   1874                             -330

 COOLING
  YESTERDAY        0                                0
  MONTH TO DATE    0                                0
  SINCE DEC 1      0                                0
  SINCE JAN 1      0                                0
...............................................................


WIND (MPH)
  HIGHEST WIND SPEED    31   HIGHEST WIND DIRECTION     W (270)
  HIGHEST GUST SPEED    35   HIGHEST GUST DIRECTION     W (270)
  AVERAGE WIND SPEED    19.3




RELATIVE HUMIDITY (PERCENT)
 HIGHEST    83
 LOWEST     48
 AVERAGE    66

..........................................................


THE LANCASTER FOX FIELD CA CLIMATE NORMALS FOR TODAY
                         NORMAL    RECORD    YEAR
 MAXIMUM TEMPERATURE (F)   63        79      1989
 MINIMUM TEMPERATURE (F)   36        18      1984


SUNRISE AND SUNSET
FEBRUARY 23 2017......SUNRISE   629 AM PST   SUNSET   544 PM PST
FEBRUARY 24 2017......SUNRISE   628 AM PST   SUNSET   545 PM PST


-  INDICATES NEGATIVE NUMBERS.
R  INDICATES RECORD WAS SET OR TIED.
MM INDICATES DATA IS MISSING.
T  INDICATES TRACE AMOUNT.




$$
