000
CDUS46 KLOX 220859
CLIWJF


CLIMATE REPORT
NATIONAL WEATHER SERVICE LOS ANGELES/OXNARD CA
1259 AM PST MON DEC 22 2014


...................................

...THE LANCASTER FOX FIELD CA CLIMATE SUMMARY FOR DECEMBER 21 2014...

CLIMATE NORMAL PERIOD 1981 TO 2010
CLIMATE RECORD PERIOD 1948 TO 2014


WEATHER ITEM   OBSERVED TIME   RECORD YEAR NORMAL DEPARTURE
                VALUE   (LST)  VALUE       VALUE  FROM
                                                  NORMAL
...............................................................
TEMPERATURE (F)
 YESTERDAY
  MAXIMUM         65    122 PM  73    2000  57      8
  MINIMUM         42    800 AM  10    2012  29     13
  AVERAGE         54                        43     11

PRECIPITATION (IN)
  YESTERDAY        0.00          0.72 1970   0.04  -0.04
  MONTH TO DATE    2.62                      0.69   1.93
  SINCE JUL 1      2.95                      2.01   0.94
  SINCE JAN 1      5.27                      6.92  -1.65

SNOWFALL (IN)
  YESTERDAY        0.0           3.0  1970
  MONTH TO DATE    0.0
  SINCE DEC 1      0.0
  SINCE JUL 1      0.0
  SNOW DEPTH       0

DEGREE DAYS
 HEATING
  YESTERDAY       11                              -11
  MONTH TO DATE  346                              -95
  SINCE DEC 1    346                              -95
  SINCE JUL 1    743                             -243

 COOLING
  YESTERDAY        0                                0
  MONTH TO DATE    0                                0
  SINCE DEC 1      0                                0
  SINCE JAN 1   2055                              173
...............................................................


WIND (MPH)
  HIGHEST WIND SPEED    26   HIGHEST WIND DIRECTION     W (280)
  HIGHEST GUST SPEED    32   HIGHEST GUST DIRECTION     W (290)
  AVERAGE WIND SPEED     9.0




RELATIVE HUMIDITY (PERCENT)
 HIGHEST    89
 LOWEST     52
 AVERAGE    71

..........................................................


THE LANCASTER FOX FIELD CA CLIMATE NORMALS FOR TODAY
                         NORMAL    RECORD    YEAR
 MAXIMUM TEMPERATURE (F)   57        76      2005
 MINIMUM TEMPERATURE (F)   29         3      1990


SUNRISE AND SUNSET
DECEMBER 22 2014......SUNRISE   657 AM PST   SUNSET   446 PM PST
DECEMBER 23 2014......SUNRISE   657 AM PST   SUNSET   447 PM PST


-  INDICATES NEGATIVE NUMBERS.
R  INDICATES RECORD WAS SET OR TIED.
MM INDICATES DATA IS MISSING.
T  INDICATES TRACE AMOUNT.




$$
