000
CDUS46 KLOX 250931
CLIWJF


CLIMATE REPORT
NATIONAL WEATHER SERVICE LOS ANGELES/OXNARD CA
230 AM PDT SUN JUN 25 2017


...................................

...THE LANCASTER FOX FIELD CA CLIMATE SUMMARY FOR JUNE 24 2017...

CLIMATE NORMAL PERIOD 1981 TO 2010
CLIMATE RECORD PERIOD 1948 TO 2017


WEATHER ITEM   OBSERVED TIME   RECORD YEAR NORMAL DEPARTURE
                VALUE   (LST)  VALUE       VALUE  FROM
                                                  NORMAL
...............................................................
TEMPERATURE (F)
 YESTERDAY
  MAXIMUM        110R   118 PM 108    1961  93     17
  MINIMUM         77    513 AM  50    2003  64     13
  AVERAGE         94                        78     16

PRECIPITATION (IN)
  YESTERDAY        0.00          T    1984   0.00   0.00
  MONTH TO DATE    0.00                      0.04  -0.04
  SINCE OCT 1      6.51                      7.03  -0.52
  SINCE JAN 1      4.52                      4.90  -0.38

SNOWFALL (IN)
  YESTERDAY        0.0           0.0    MM
  MONTH TO DATE    0.0
  SINCE JUN 1      0.0
  SINCE JUL 1      0.0
  SNOW DEPTH       0

DEGREE DAYS
 HEATING
  YESTERDAY        0                                0
  MONTH TO DATE    9                                3
  SINCE JUN 1      9                                3
  SINCE JUL 1   2492                             -443

 COOLING
  YESTERDAY       29                               16
  MONTH TO DATE  349                               95
  SINCE JUN 1    349                               95
  SINCE JAN 1    510                               67
...............................................................


WIND (MPH)
  HIGHEST WIND SPEED    31   HIGHEST WIND DIRECTION     W (280)
  HIGHEST GUST SPEED    36   HIGHEST GUST DIRECTION     W (270)
  AVERAGE WIND SPEED    11.6




RELATIVE HUMIDITY (PERCENT)
 HIGHEST    37
 LOWEST      7
 AVERAGE    22

..........................................................


THE LANCASTER FOX FIELD CA CLIMATE NORMALS FOR TODAY
                         NORMAL    RECORD    YEAR
 MAXIMUM TEMPERATURE (F)   94       106      2006
                                             1957
 MINIMUM TEMPERATURE (F)   64        49      1950


SUNRISE AND SUNSET
JUNE 25 2017..........SUNRISE   541 AM PDT   SUNSET   810 PM PDT
JUNE 26 2017..........SUNRISE   542 AM PDT   SUNSET   810 PM PDT


-  INDICATES NEGATIVE NUMBERS.
R  INDICATES RECORD WAS SET OR TIED.
MM INDICATES DATA IS MISSING.
T  INDICATES TRACE AMOUNT.




$$
