000
CDUS46 KLOX 280903
CLIWJF


CLIMATE REPORT
NATIONAL WEATHER SERVICE LOS ANGELES/OXNARD CA
203 AM PDT THU APR 28 2016


...................................

...THE LANCASTER FOX FIELD CA CLIMATE SUMMARY FOR APRIL 27 2016...

CLIMATE NORMAL PERIOD 1981 TO 2010
CLIMATE RECORD PERIOD 1948 TO 2016


WEATHER ITEM   OBSERVED TIME   RECORD YEAR NORMAL DEPARTURE
                VALUE   (LST)  VALUE       VALUE  FROM
                                                  NORMAL
...............................................................
TEMPERATURE (F)
 YESTERDAY
  MAXIMUM         71    357 PM  95    2004  76     -5
  MINIMUM         46   1159 PM  32    1971  48     -2
  AVERAGE         59                        62     -3

PRECIPITATION (IN)
  YESTERDAY        0.00          0.16 1960   0.01  -0.01
  MONTH TO DATE    0.15                      0.33  -0.18
  SINCE OCT 1      3.82                      6.88  -3.06
  SINCE JAN 1      2.53                      4.75  -2.22

SNOWFALL (IN)
  YESTERDAY        0.0           0.0    MM
  MONTH TO DATE    0.0
  SINCE MAR 1      0.0
  SINCE JUL 1      0.0
  SNOW DEPTH       0

DEGREE DAYS
 HEATING
  YESTERDAY        6                                2
  MONTH TO DATE  100                              -95
  SINCE MAR 1    357                             -206
  SINCE JUL 1   2608                             -248

 COOLING
  YESTERDAY        0                               -2
  MONTH TO DATE   18                               -3
  SINCE MAR 1     21                               -2
  SINCE JAN 1     24                                1
...............................................................


WIND (MPH)
  HIGHEST WIND SPEED    37   HIGHEST WIND DIRECTION     W (280)
  HIGHEST GUST SPEED    45   HIGHEST GUST DIRECTION     W (270)
  AVERAGE WIND SPEED    25.2




RELATIVE HUMIDITY (PERCENT)
 HIGHEST    77
 LOWEST     15
 AVERAGE    46

..........................................................


THE LANCASTER FOX FIELD CA CLIMATE NORMALS FOR TODAY
                         NORMAL    RECORD    YEAR
 MAXIMUM TEMPERATURE (F)   77        96      2013
                                             2007
 MINIMUM TEMPERATURE (F)   49        31      1955


SUNRISE AND SUNSET
APRIL 28 2016.........SUNRISE   605 AM PDT   SUNSET   736 PM PDT
APRIL 29 2016.........SUNRISE   604 AM PDT   SUNSET   737 PM PDT


-  INDICATES NEGATIVE NUMBERS.
R  INDICATES RECORD WAS SET OR TIED.
MM INDICATES DATA IS MISSING.
T  INDICATES TRACE AMOUNT.




$$
