000
CDUS46 KLOX 300117
CLIWJF


CLIMATE REPORT
NATIONAL WEATHER SERVICE LOS ANGELES/OXNARD CA
616 PM PDT FRI JUL 29 2016


...................................

...THE LANCASTER CLIMATE SUMMARY FOR JULY 29 2016...
VALID TODAY AS OF 0600 PM LOCAL TIME.

CLIMATE NORMAL PERIOD 1981 TO 2010
CLIMATE RECORD PERIOD 1948 TO 2016


WEATHER ITEM   OBSERVED TIME   RECORD YEAR NORMAL DEPARTURE LAST
                VALUE   (LST)  VALUE       VALUE  FROM      YEAR
                                                  NORMAL
..................................................................
TEMPERATURE (F)
 TODAY
  MAXIMUM        110R   118 PM 109    1995  99     11      104
  MINIMUM         73    526 AM  52    1956  67      6       60
  AVERAGE         92                        83      9       82

PRECIPITATION (IN)
  TODAY            0.00          0.58 1968   0.00   0.00     0.00
  MONTH TO DATE    0.00                      0.09  -0.09     2.34
  SINCE OCT 1      3.82                      7.13  -3.31     6.99
  SINCE JAN 1      2.53                      5.00  -2.47     4.07

SNOWFALL (IN)
  TODAY            0.0           0.0    MM   0.0             0.0
  MONTH TO DATE    0.0                       0.0             0.0
  SINCE JUN 1      0.0                       0.0             0.0
  SINCE JUL 1      0.0                       0.0             0.0
  SNOW DEPTH       0

DEGREE DAYS
 HEATING
  TODAY            0                         0      0        0
  MONTH TO DATE    0                         0      0        0
  SINCE JUN 1      0                         8     -8        2
  SINCE JUL 1      0                         0      0        0

 COOLING
  TODAY           27                        18      9       17
  MONTH TO DATE  564                       502     62      412
  SINCE JUN 1   1098                       843    255      887
  SINCE JAN 1   1266                      1032    234      985
..................................................................


WIND (MPH)
  HIGHEST WIND SPEED    26   HIGHEST WIND DIRECTION    SW (240)
  HIGHEST GUST SPEED    34   HIGHEST GUST DIRECTION     W (250)
  AVERAGE WIND SPEED     8.7


SKY COVER
  POSSIBLE SUNSHINE  MM
  AVERAGE SKY COVER 0.1


WEATHER CONDITIONS
 THE FOLLOWING WEATHER WAS RECORDED TODAY.
  NO SIGNIFICANT WEATHER WAS OBSERVED.


RELATIVE HUMIDITY (PERCENT)
 HIGHEST    29           500 AM
 LOWEST     11           100 PM
 AVERAGE    20

..........................................................


THE LANCASTER CLIMATE NORMALS FOR TOMORROW
                         NORMAL    RECORD    YEAR
 MAXIMUM TEMPERATURE (F)   99       106      2000
 MINIMUM TEMPERATURE (F)   67        50      1956


SUNRISE AND SUNSET
JULY 29 2016..........SUNRISE   601 AM PDT   SUNSET   757 PM PDT
JULY 30 2016..........SUNRISE   602 AM PDT   SUNSET   756 PM PDT


-  INDICATES NEGATIVE NUMBERS.
R  INDICATES RECORD WAS SET OR TIED.
MM INDICATES DATA IS MISSING.
T  INDICATES TRACE AMOUNT.




$$
