000
CDUS46 KLOX 230113
CLIWJF


CLIMATE REPORT
NATIONAL WEATHER SERVICE LOS ANGELES/OXNARD CA
612 PM PDT FRI MAY 22 2015


...................................

...THE LANCASTER CLIMATE SUMMARY FOR MAY 22 2015...
VALID TODAY AS OF 0600 PM LOCAL TIME.

CLIMATE NORMAL PERIOD 1981 TO 2010
CLIMATE RECORD PERIOD 1948 TO 2015


WEATHER ITEM   OBSERVED TIME   RECORD YEAR NORMAL DEPARTURE LAST
                VALUE   (LST)  VALUE       VALUE  FROM      YEAR
                                                  NORMAL
..................................................................
TEMPERATURE (F)
 TODAY
  MAXIMUM         69    115 PM 102    2000  84    -15       78
  MINIMUM         50    438 AM  42    1965  56     -6       47
  AVERAGE         60                        70    -10       63

PRECIPITATION (IN)
  TODAY            0.00          0.01 2008   0.00   0.00      T
  MONTH TO DATE    0.28                      0.07   0.21      T
  SINCE OCT 1      4.61                      6.97  -2.36     3.91
  SINCE JAN 1      1.69                      4.84  -3.15     2.32

SNOWFALL (IN)
  TODAY            0.0           0.0    MM   0.0            MM
  MONTH TO DATE    0.0                       0.0             0.0
  SINCE MAR 1      0.0                       0.0             0.0
  SINCE JUL 1      0.0                       2.3             0.0
  SNOW DEPTH       0

DEGREE DAYS
 HEATING
  TODAY            5                         1      4        2
  MONTH TO DATE  103                        51     52       48
  SINCE MAR 1    505                       626   -121      496
  SINCE JUL 1   2374                      2919   -545     2733

 COOLING
  TODAY            0                         6     -6        0
  MONTH TO DATE   13                        95    -82       73
  SINCE MAR 1     41                       125    -84       95
  SINCE JAN 1     41                       125    -84      101
..................................................................


WIND (MPH)
  HIGHEST WIND SPEED    33   HIGHEST WIND DIRECTION     W (270)
  HIGHEST GUST SPEED    39   HIGHEST GUST DIRECTION     W (270)
  AVERAGE WIND SPEED    22.8


SKY COVER
  POSSIBLE SUNSHINE  MM
  AVERAGE SKY COVER 0.3


WEATHER CONDITIONS
 THE FOLLOWING WEATHER WAS RECORDED TODAY.
  NO SIGNIFICANT WEATHER WAS OBSERVED.


RELATIVE HUMIDITY (PERCENT)
 HIGHEST    77           500 AM
 LOWEST     40           100 PM
 AVERAGE    59

..........................................................


THE LANCASTER CLIMATE NORMALS FOR TOMORROW
                         NORMAL    RECORD    YEAR
 MAXIMUM TEMPERATURE (F)   84       102      2001
 MINIMUM TEMPERATURE (F)   56        41      2010
                                             1980


SUNRISE AND SUNSET
MAY 22 2015...........SUNRISE   545 AM PDT   SUNSET   754 PM PDT
MAY 23 2015...........SUNRISE   545 AM PDT   SUNSET   755 PM PDT


-  INDICATES NEGATIVE NUMBERS.
R  INDICATES RECORD WAS SET OR TIED.
MM INDICATES DATA IS MISSING.
T  INDICATES TRACE AMOUNT.




$$
