000
CDUS45 KLKN 010028
CLIWMC


CLIMATE REPORT
NATIONAL WEATHER SERVICE ELKO NV
527 PM PDT SUN APR 30 2017


...................................

...THE WINNEMUCCA AIRPORT NV CLIMATE SUMMARY FOR APRIL 30 2017...
VALID TODAY AS OF 0500 PM LOCAL TIME.

CLIMATE NORMAL PERIOD 1981 TO 2010
CLIMATE RECORD PERIOD 1877 TO 2017


WEATHER ITEM   OBSERVED TIME   RECORD YEAR NORMAL DEPARTURE LAST
                VALUE   (LST)  VALUE       VALUE  FROM      YEAR
                                                  NORMAL
..................................................................
TEMPERATURE (F)
 TODAY
  MAXIMUM         71    344 PM  90    1981  67      4       62
  MINIMUM         33    143 AM   6    1972  34     -1       37
  AVERAGE         52                        50      2       50

PRECIPITATION (IN)
  TODAY            0.00          0.71 1935   0.03  -0.03      T
  MONTH TO DATE    0.93                      0.89   0.04     1.07
  SINCE OCT 1      9.34                      5.73   3.61     8.20
  SINCE JAN 1      4.80                      3.25   1.55     3.92

SNOWFALL (IN)
  TODAY            0.0           5.0  1915   0.0    0.0      0.0
  MONTH TO DATE    T                         1.6   -1.6       T
  SINCE MAR 1      2.2                       4.8   -2.6      1.7
  SINCE JUL 1     18.3                      20.8   -2.5     21.1
  SNOW DEPTH       0

DEGREE DAYS
 HEATING
  TODAY           13                        15     -2       15
  MONTH TO DATE  565                       551     14      463
  SINCE MAR 1   1191                      1291   -100     1122
  SINCE JUL 1   5630                      5880   -250     5299

 COOLING
  TODAY            0                         0      0        0
  MONTH TO DATE    0                         0      0        0
  SINCE MAR 1      0                         0      0        0
  SINCE JAN 1      0                         0      0        0
..................................................................


WIND (MPH)
  HIGHEST WIND SPEED    21   HIGHEST WIND DIRECTION     W (270)
  HIGHEST GUST SPEED    25   HIGHEST GUST DIRECTION    NW (300)



WEATHER CONDITIONS
 THE FOLLOWING WEATHER WAS RECORDED TODAY.
  NO SIGNIFICANT WEATHER WAS OBSERVED.


RELATIVE HUMIDITY (PERCENT)
 HIGHEST    82           200 AM
 LOWEST     23          1000 AM
 AVERAGE    53

..........................................................


THE WINNEMUCCA AIRPORT NV CLIMATE NORMALS FOR TOMORROW
                         NORMAL    RECORD    YEAR
 MAXIMUM TEMPERATURE (F)   67        89      1947
 MINIMUM TEMPERATURE (F)   34        13      2008


SUNRISE AND SUNSET
APRIL 30 2017.........SUNRISE   550 AM PDT   SUNSET   747 PM PDT
MAY  1 2017...........SUNRISE   549 AM PDT   SUNSET   748 PM PDT


-  INDICATES NEGATIVE NUMBERS.
R  INDICATES RECORD WAS SET OR TIED.
MM INDICATES DATA IS MISSING.
T  INDICATES TRACE AMOUNT.




$$
