000
CDUS45 KLKN 230026
CLIWMC


CLIMATE REPORT
NATIONAL WEATHER SERVICE ELKO NV
426 PM PST MON DEC 22 2014


...................................

...THE WINNEMUCCA AIRPORT NV CLIMATE SUMMARY FOR DECEMBER 22 2014...
VALID TODAY AS OF 0400 PM LOCAL TIME.

CLIMATE NORMAL PERIOD 1981 TO 2010
CLIMATE RECORD PERIOD 1877 TO 2014


WEATHER ITEM   OBSERVED TIME   RECORD YEAR NORMAL DEPARTURE LAST
                VALUE   (LST)  VALUE       VALUE  FROM      YEAR
                                                  NORMAL
..................................................................
TEMPERATURE (F)
 TODAY
  MAXIMUM         53    251 PM  63    1964  40     13       44
  MINIMUM         47   1115 AM -37    1990  17     30       17
  AVERAGE         50                        28     22       31

PRECIPITATION (IN)
  TODAY            T             0.82 1884   0.03  -0.03     0.00
  MONTH TO DATE    1.01                      0.64   0.37     0.61
  SINCE OCT 1      2.42                      2.19   0.23     2.66
  SINCE JAN 1      8.40                      7.99   0.41     5.72

SNOWFALL (IN)
  TODAY            0.0           2.7  1894   0.2   -0.2      0.0
  MONTH TO DATE    T                         3.7   -3.7      9.9
  SINCE DEC 1      T                         3.7   -3.7      9.9
  SINCE JUL 1      2.3                       7.2   -4.9     16.5
  SNOW DEPTH       0

DEGREE DAYS
 HEATING
  TODAY           15                        36    -21       34
  MONTH TO DATE  551                       775   -224     1100
  SINCE DEC 1    551                       775   -224     1100
  SINCE JUL 1   1845                      2343   -498     2645

 COOLING
  TODAY            0                         0      0        0
  MONTH TO DATE    0                         0      0        0
  SINCE DEC 1      0                         0      0        0
  SINCE JAN 1    674                       541    133      762
..................................................................


WIND (MPH)
  HIGHEST WIND SPEED    24   HIGHEST WIND DIRECTION     W (270)
  HIGHEST GUST SPEED    30   HIGHEST GUST DIRECTION     W (260)



WEATHER CONDITIONS
 THE FOLLOWING WEATHER WAS RECORDED TODAY.
  LIGHT RAIN
  FOG


RELATIVE HUMIDITY (PERCENT)
 HIGHEST    80          1200 PM
 LOWEST     59           300 PM
 AVERAGE    70

..........................................................


THE WINNEMUCCA AIRPORT NV CLIMATE NORMALS FOR TOMORROW
                         NORMAL    RECORD    YEAR
 MAXIMUM TEMPERATURE (F)   40        61      1964
 MINIMUM TEMPERATURE (F)   17       -28      1990


SUNRISE AND SUNSET
DECEMBER 22 2014......SUNRISE   713 AM PST   SUNSET   427 PM PST
DECEMBER 23 2014......SUNRISE   713 AM PST   SUNSET   428 PM PST


-  INDICATES NEGATIVE NUMBERS.
R  INDICATES RECORD WAS SET OR TIED.
MM INDICATES DATA IS MISSING.
T  INDICATES TRACE AMOUNT.




$$
