000
CDUS45 KLKN 310930
CLIWMC


CLIMATE REPORT
NATIONAL WEATHER SERVICE ELKO NV
229 AM PDT SUN JUL 31 2016


...................................

...THE WINNEMUCCA AIRPORT NV CLIMATE SUMMARY FOR JULY 30 2016...

CLIMATE NORMAL PERIOD 1981 TO 2010
CLIMATE RECORD PERIOD 1877 TO 2016


WEATHER ITEM   OBSERVED TIME   RECORD YEAR NORMAL DEPARTURE LAST
                VALUE   (LST)  VALUE       VALUE  FROM      YEAR
                                                  NORMAL
..................................................................
TEMPERATURE (F)
 YESTERDAY
  MAXIMUM        101    251 PM 104    2003  95      6       98
                                      2000
                                      1971
  MINIMUM         72    518 AM  40    1975  52     20       43
                                      1956
  AVERAGE         87                        73     14       71

PRECIPITATION (IN)
  YESTERDAY        0.00          0.28 1952   0.01  -0.01     0.00
  MONTH TO DATE    T                         0.24  -0.24     0.66
  SINCE OCT 1      8.86                      7.65   1.21     8.90
  SINCE JAN 1      4.58                      5.17  -0.59     6.33

SNOWFALL (IN)
  YESTERDAY        0.0           0.0  1877   0.0    0.0      0.0
  MONTH TO DATE    0.0                       0.0    0.0      0.0
  SINCE JUN 1      0.0                       T      0.0      0.0
  SINCE JUL 1      0.0                       0.0    0.0      0.0
  SNOW DEPTH       0

DEGREE DAYS
 HEATING
  YESTERDAY        0                         0      0        0
  MONTH TO DATE   17                         6     11        5
  SINCE JUN 1     71                       111    -40       27
  SINCE JUL 1     17                         6     11        5

 COOLING
  YESTERDAY       22                         9     13        6
  MONTH TO DATE  217                       238    -21      191
  SINCE JUN 1    350                       317     33      396
  SINCE JAN 1    350                       328     22      400
..................................................................


WIND (MPH)
  HIGHEST WIND SPEED    24   HIGHEST WIND DIRECTION     W (260)
  HIGHEST GUST SPEED    35   HIGHEST GUST DIRECTION     W (250)
  AVERAGE WIND SPEED     9.5



WEATHER CONDITIONS
 THE FOLLOWING WEATHER WAS RECORDED YESTERDAY.
  NO SIGNIFICANT WEATHER WAS OBSERVED.


RELATIVE HUMIDITY (PERCENT)
 HIGHEST    33           500 AM
 LOWEST      9           500 PM
 AVERAGE    21

..........................................................


THE WINNEMUCCA AIRPORT NV CLIMATE NORMALS FOR TODAY
                         NORMAL    RECORD    YEAR
 MAXIMUM TEMPERATURE (F)   95       106      2000
 MINIMUM TEMPERATURE (F)   52        38      2001


SUNRISE AND SUNSET
JULY 31 2016..........SUNRISE   547 AM PDT   SUNSET   807 PM PDT
AUGUST  1 2016........SUNRISE   548 AM PDT   SUNSET   806 PM PDT


-  INDICATES NEGATIVE NUMBERS.
R  INDICATES RECORD WAS SET OR TIED.
MM INDICATES DATA IS MISSING.
T  INDICATES TRACE AMOUNT.




$$
