000
CDUS45 KLKN 310931
CLIWMC


CLIMATE REPORT
NATIONAL WEATHER SERVICE ELKO NV
230 AM PDT MON AUG 31 2015


...................................

...THE WINNEMUCCA AIRPORT NV CLIMATE SUMMARY FOR AUGUST 30 2015...

CLIMATE NORMAL PERIOD 1981 TO 2010
CLIMATE RECORD PERIOD 1877 TO 2015


WEATHER ITEM   OBSERVED TIME   RECORD YEAR NORMAL DEPARTURE LAST
                VALUE   (LST)  VALUE       VALUE  FROM      YEAR
                                                  NORMAL
..................................................................
TEMPERATURE (F)
 YESTERDAY
  MAXIMUM         82    332 PM  99    1955  87     -5       86
                                      1950
                                      1940
  MINIMUM         43    536 AM  29    1951  45     -2       53
  AVERAGE         63                        66     -3       70

PRECIPITATION (IN)
  YESTERDAY        0.00          0.13 1887   0.00   0.00     0.00
  MONTH TO DATE    0.23                      0.17   0.06     0.49
  SINCE OCT 1      9.13                      7.83   1.30     7.24
  SINCE JAN 1      6.56                      5.35   1.21     4.58

SNOWFALL (IN)
  YESTERDAY        0.0           0.0  1877   0.0    0.0      0.0
  MONTH TO DATE    0.0                       0.0    0.0      0.0
  SINCE JUN 1      0.0                       T      0.0      0.0
  SINCE JUL 1      0.0                       0.0    0.0      0.0
  SNOW DEPTH       0

DEGREE DAYS
 HEATING
  YESTERDAY        2                         2      0        0
  MONTH TO DATE    3                        16    -13       16
  SINCE JUN 1     30                       131   -101       90
  SINCE JUL 1      8                        26    -18       16

 COOLING
  YESTERDAY        0                         3     -3        5
  MONTH TO DATE  178                       173      5      148
  SINCE JUN 1    583                       495     88      616
  SINCE JAN 1    587                       506     81      625
..................................................................


WIND (MPH)
  HIGHEST WIND SPEED    21   HIGHEST WIND DIRECTION     W (270)
  HIGHEST GUST SPEED    25   HIGHEST GUST DIRECTION     W (260)
  AVERAGE WIND SPEED     7.7



WEATHER CONDITIONS
 THE FOLLOWING WEATHER WAS RECORDED YESTERDAY.
  NO SIGNIFICANT WEATHER WAS OBSERVED.


RELATIVE HUMIDITY (PERCENT)
 HIGHEST    56           500 AM
 LOWEST      9           500 PM
 AVERAGE    33

..........................................................


THE WINNEMUCCA AIRPORT NV CLIMATE NORMALS FOR TODAY
                         NORMAL    RECORD    YEAR
 MAXIMUM TEMPERATURE (F)   87        98      1987
                                             1950
 MINIMUM TEMPERATURE (F)   45        26      1887


SUNRISE AND SUNSET
AUGUST 31 2015........SUNRISE   617 AM PDT   SUNSET   725 PM PDT
SEPTEMBER  1 2015.....SUNRISE   618 AM PDT   SUNSET   724 PM PDT


-  INDICATES NEGATIVE NUMBERS.
R  INDICATES RECORD WAS SET OR TIED.
MM INDICATES DATA IS MISSING.
T  INDICATES TRACE AMOUNT.




$$
