212
CDUS45 KLKN 290931
CLIWMC


CLIMATE REPORT
NATIONAL WEATHER SERVICE ELKO NV
230 AM PDT FRI APR 29 2016


...................................

...THE WINNEMUCCA AIRPORT NV CLIMATE SUMMARY FOR APRIL 28 2016...

CLIMATE NORMAL PERIOD 1981 TO 2010
CLIMATE RECORD PERIOD 1877 TO 2016


WEATHER ITEM   OBSERVED TIME   RECORD YEAR NORMAL DEPARTURE LAST
                VALUE   (LST)  VALUE       VALUE  FROM      YEAR
                                                  NORMAL
..................................................................
TEMPERATURE (F)
 YESTERDAY
  MAXIMUM         60    212 PM  84    2007  66     -6       77
  MINIMUM         35   1159 PM  19    1984  33      2       34
                                      1976
  AVERAGE         48                        50     -2       56

PRECIPITATION (IN)
  YESTERDAY        T             0.47 1951   0.03  -0.03     0.00
  MONTH TO DATE    0.92                      0.82   0.10     1.83
  SINCE OCT 1      8.05                      5.66   2.39     5.74
  SINCE JAN 1      3.77                      3.18   0.59     3.17

SNOWFALL (IN)
  YESTERDAY        0.0           3.5  1894   0.0    0.0      0.0
  MONTH TO DATE    T                         1.5   -1.5      2.4
  SINCE MAR 1      1.7                       4.7   -3.0      2.4
  SINCE JUL 1     21.1                      20.7    0.4      5.3
  SNOW DEPTH       0

DEGREE DAYS
 HEATING
  YESTERDAY       17                        15      2        9
  MONTH TO DATE  429                       521    -92      564
  SINCE MAR 1   1088                      1260   -172     1161
  SINCE JUL 1   5265                      5849   -584     4943

 COOLING
  YESTERDAY        0                         0      0        0
  MONTH TO DATE    0                         0      0        0
  SINCE MAR 1      0                         0      0        0
  SINCE JAN 1      0                         0      0        0
..................................................................


WIND (MPH)
  HIGHEST WIND SPEED    22   HIGHEST WIND DIRECTION     N (360)
  HIGHEST GUST SPEED    30   HIGHEST GUST DIRECTION     N (350)
  AVERAGE WIND SPEED    10.5



WEATHER CONDITIONS
 THE FOLLOWING WEATHER WAS RECORDED YESTERDAY.
  NO SIGNIFICANT WEATHER WAS OBSERVED.


RELATIVE HUMIDITY (PERCENT)
 HIGHEST    92          1200 AM
 LOWEST     40           200 PM
 AVERAGE    66

..........................................................


THE WINNEMUCCA AIRPORT NV CLIMATE NORMALS FOR TODAY
                         NORMAL    RECORD    YEAR
 MAXIMUM TEMPERATURE (F)   67        87      1992
 MINIMUM TEMPERATURE (F)   34        19      1972
                                             1950


SUNRISE AND SUNSET
APRIL 29 2016.........SUNRISE   551 AM PDT   SUNSET   746 PM PDT
APRIL 30 2016.........SUNRISE   550 AM PDT   SUNSET   747 PM PDT


-  INDICATES NEGATIVE NUMBERS.
R  INDICATES RECORD WAS SET OR TIED.
MM INDICATES DATA IS MISSING.
T  INDICATES TRACE AMOUNT.




$$
