000
CDUS45 KLKN 180026
CLIWMC


CLIMATE REPORT
NATIONAL WEATHER SERVICE ELKO NV
526 PM PDT THU AUG 17 2017


...................................

...THE WINNEMUCCA AIRPORT NV CLIMATE SUMMARY FOR AUGUST 17 2017...
VALID TODAY AS OF 0500 PM LOCAL TIME.

CLIMATE NORMAL PERIOD 1981 TO 2010
CLIMATE RECORD PERIOD 1877 TO 2017


WEATHER ITEM   OBSERVED TIME   RECORD YEAR NORMAL DEPARTURE LAST
                VALUE   (LST)  VALUE       VALUE  FROM      YEAR
                                                  NORMAL
..................................................................
TEMPERATURE (F)
 TODAY
  MAXIMUM         92    359 PM 100    2010  91      1       97
                                      2001
                                      1967
  MINIMUM         46    515 AM  38    1993  49     -3       52
                                      1987
                                      1974
  AVERAGE         69                        70     -1       75

PRECIPITATION (IN)
  TODAY            0.00          0.73 1958   0.01  -0.01      T
  MONTH TO DATE    0.31                      0.10   0.21      T
  SINCE OCT 1     11.37                      7.76   3.61     8.86
  SINCE JAN 1      6.83                      5.28   1.55     4.58

SNOWFALL (IN)
  TODAY            0.0           0.0  1877   0.0    0.0      0.0
  MONTH TO DATE    0.0                       0.0    0.0      0.0
  SINCE JUN 1      0.0                       T      0.0      0.0
  SINCE JUL 1      0.0                       0.0    0.0      0.0
  SNOW DEPTH       0

DEGREE DAYS
 HEATING
  TODAY            0                         1     -1        0
  MONTH TO DATE    0                         1     -1        0
  SINCE JUN 1     73                       116    -43       71
  SINCE JUL 1      0                        11    -11       17

 COOLING
  TODAY            4                         6     -2       10
  MONTH TO DATE  169                       121     48      131
  SINCE JUN 1    671                       443    228      495
  SINCE JAN 1    678                       454    224      495
..................................................................


WIND (MPH)
  HIGHEST WIND SPEED    15   HIGHEST WIND DIRECTION    NW (310)
  HIGHEST GUST SPEED    19   HIGHEST GUST DIRECTION    NW (320)



WEATHER CONDITIONS
 THE FOLLOWING WEATHER WAS RECORDED TODAY.
  NO SIGNIFICANT WEATHER WAS OBSERVED.


RELATIVE HUMIDITY (PERCENT)
 HIGHEST    60           500 AM
 LOWEST     10           200 PM
 AVERAGE    35

..........................................................


THE WINNEMUCCA AIRPORT NV CLIMATE NORMALS FOR TOMORROW
                         NORMAL    RECORD    YEAR
 MAXIMUM TEMPERATURE (F)   91       100      2013
                                             1992
                                             1950
 MINIMUM TEMPERATURE (F)   49        30      1916


SUNRISE AND SUNSET
AUGUST 17 2017........SUNRISE   603 AM PDT   SUNSET   746 PM PDT
AUGUST 18 2017........SUNRISE   604 AM PDT   SUNSET   745 PM PDT


-  INDICATES NEGATIVE NUMBERS.
R  INDICATES RECORD WAS SET OR TIED.
MM INDICATES DATA IS MISSING.
T  INDICATES TRACE AMOUNT.




$$
