000
CDUS45 KLKN 030931
CLIWMC


CLIMATE REPORT
NATIONAL WEATHER SERVICE ELKO NV
231 AM PDT MON AUG 3 2015


...................................

...THE WINNEMUCCA AIRPORT NV CLIMATE SUMMARY FOR AUGUST 2 2015...

CLIMATE NORMAL PERIOD 1981 TO 2010
CLIMATE RECORD PERIOD 1877 TO 2015


WEATHER ITEM   OBSERVED TIME   RECORD YEAR NORMAL DEPARTURE LAST
                VALUE   (LST)  VALUE       VALUE  FROM      YEAR
                                                  NORMAL
..................................................................
TEMPERATURE (F)
 YESTERDAY
  MAXIMUM         90    203 PM 104    1977  94     -4       97
  MINIMUM         67   1159 PM  39    1985  52     15       57
                                      1975
                                      1964
  AVERAGE         79                        73      6       77

PRECIPITATION (IN)
  YESTERDAY        T             0.32 1958   0.00   0.00      T
  MONTH TO DATE    T                         0.01  -0.01     0.09
  SINCE OCT 1      8.90                      7.67   1.23     6.84
  SINCE JAN 1      6.33                      5.19   1.14     4.18

SNOWFALL (IN)
  YESTERDAY        0.0           0.0  1877   0.0    0.0      0.0
  MONTH TO DATE    0.0                       0.0    0.0      0.0
  SINCE JUN 1      0.0                       T      0.0      0.0
  SINCE JUL 1      0.0                       0.0    0.0      0.0
  SNOW DEPTH       0

DEGREE DAYS
 HEATING
  YESTERDAY        0                         0      0        0
  MONTH TO DATE    0                         0      0        0
  SINCE JUN 1     27                       115    -88       74
  SINCE JUL 1      5                        10     -5        0

 COOLING
  YESTERDAY       14                         8      6       12
  MONTH TO DATE   25                        16      9       23
  SINCE JUN 1    430                       338     92      491
  SINCE JAN 1    434                       349     85      500
..................................................................


WIND (MPH)
  HIGHEST WIND SPEED    23   HIGHEST WIND DIRECTION    SW (240)
  HIGHEST GUST SPEED    28   HIGHEST GUST DIRECTION     W (250)
  AVERAGE WIND SPEED    11.8



WEATHER CONDITIONS
 THE FOLLOWING WEATHER WAS RECORDED YESTERDAY.
  LIGHT RAIN


RELATIVE HUMIDITY (PERCENT)
 HIGHEST    41           400 AM
 LOWEST     19           200 PM
 AVERAGE    30

..........................................................


THE WINNEMUCCA AIRPORT NV CLIMATE NORMALS FOR TODAY
                         NORMAL    RECORD    YEAR
 MAXIMUM TEMPERATURE (F)   94       104      1946
 MINIMUM TEMPERATURE (F)   52        33      1956


SUNRISE AND SUNSET
AUGUST  3 2015........SUNRISE   549 AM PDT   SUNSET   805 PM PDT
AUGUST  4 2015........SUNRISE   550 AM PDT   SUNSET   804 PM PDT


-  INDICATES NEGATIVE NUMBERS.
R  INDICATES RECORD WAS SET OR TIED.
MM INDICATES DATA IS MISSING.
T  INDICATES TRACE AMOUNT.




$$
