834
CDUS45 KLKN 290931
CLIWMC


CLIMATE REPORT
NATIONAL WEATHER SERVICE ELKO NV
228 AM PDT THU SEP 29 2016


...................................

...THE WINNEMUCCA AIRPORT NV CLIMATE SUMMARY FOR SEPTEMBER 28 2016...

CLIMATE NORMAL PERIOD 1981 TO 2010
CLIMATE RECORD PERIOD 1877 TO 2016


WEATHER ITEM   OBSERVED TIME   RECORD YEAR NORMAL DEPARTURE LAST
                VALUE   (LST)  VALUE       VALUE  FROM      YEAR
                                                  NORMAL
..................................................................
TEMPERATURE (F)
 YESTERDAY
  MAXIMUM         89    230 PM  95    1963  76     13       85
  MINIMUM         40    558 AM  19    1959  35      5       38
  AVERAGE         65                        55     10       62

PRECIPITATION (IN)
  YESTERDAY        0.00          0.39 2014   0.02  -0.02     0.00
  MONTH TO DATE    0.24                      0.40  -0.16     0.06
  SINCE OCT 1      9.10                      8.24   0.86     9.19
  SINCE JAN 1      4.82                      5.76  -0.94     6.62

SNOWFALL (IN)
  YESTERDAY        0.0           0.0  1877   0.0    0.0      0.0
  MONTH TO DATE    0.0                       0.0    0.0      0.0
  SINCE SEP 1      0.0                       0.0    0.0      0.0
  SINCE JUL 1      0.0                       0.0    0.0      0.0
  SNOW DEPTH       0

DEGREE DAYS
 HEATING
  YESTERDAY        0                        10    -10        3
  MONTH TO DATE  165                       153     12      113
  SINCE SEP 1    165                       153     12      113
  SINCE JUL 1    185                       183      2      123

 COOLING
  YESTERDAY        0                         0      0        0
  MONTH TO DATE    7                        29    -22       27
  SINCE SEP 1      7                        29    -22       27
  SINCE JAN 1    572                       539     33      614
..................................................................


WIND (MPH)
  HIGHEST WIND SPEED    13   HIGHEST WIND DIRECTION     W (250)
  HIGHEST GUST SPEED    16   HIGHEST GUST DIRECTION    SW (220)
  AVERAGE WIND SPEED     5.2



WEATHER CONDITIONS
 THE FOLLOWING WEATHER WAS RECORDED YESTERDAY.
  NO SIGNIFICANT WEATHER WAS OBSERVED.


RELATIVE HUMIDITY (PERCENT)
 HIGHEST    59           600 AM
 LOWEST     12           300 PM
 AVERAGE    36

..........................................................


THE WINNEMUCCA AIRPORT NV CLIMATE NORMALS FOR TODAY
                         NORMAL    RECORD    YEAR
 MAXIMUM TEMPERATURE (F)   75        93      2010
                                             1963
 MINIMUM TEMPERATURE (F)   35        17      1954


SUNRISE AND SUNSET
SEPTEMBER 29 2016.....SUNRISE   646 AM PDT   SUNSET   636 PM PDT
SEPTEMBER 30 2016.....SUNRISE   647 AM PDT   SUNSET   634 PM PDT


-  INDICATES NEGATIVE NUMBERS.
R  INDICATES RECORD WAS SET OR TIED.
MM INDICATES DATA IS MISSING.
T  INDICATES TRACE AMOUNT.




$$
