000
CDUS45 KLKN 170939
CLIWMC


CLIMATE REPORT
NATIONAL WEATHER SERVICE ELKO NV
138 AM PST SUN DEC 17 2017


...................................

...THE WINNEMUCCA AIRPORT NV CLIMATE SUMMARY FOR DECEMBER 16 2017...

CLIMATE NORMAL PERIOD 1981 TO 2010
CLIMATE RECORD PERIOD 1877 TO 2017


WEATHER ITEM   OBSERVED TIME   RECORD YEAR NORMAL DEPARTURE LAST
                VALUE   (LST)  VALUE       VALUE  FROM      YEAR
                                                  NORMAL
..................................................................
TEMPERATURE (F)
 YESTERDAY
  MAXIMUM         37   1257 PM  67    1939  41     -4       47
  MINIMUM          8   1152 PM  -8    2008  17     -9       16
  AVERAGE         23                        29     -6       32

PRECIPITATION (IN)
  YESTERDAY        0.18          0.26 1957   0.03   0.15     0.22
                                      1934
  MONTH TO DATE    0.31                      0.46  -0.15     1.92
  SINCE OCT 1      1.34                      2.01  -0.67     4.26
  SINCE JAN 1      8.42                      7.81   0.61     9.08

SNOWFALL (IN)
  YESTERDAY        2.4 R         2.0  1945   0.2    2.2       T
  MONTH TO DATE    3.4                       2.6    0.8      3.3
  SINCE DEC 1      3.4                       2.6    0.8      3.3
  SINCE JUL 1      3.4                       6.1   -2.7      3.9
  SNOW DEPTH       1

DEGREE DAYS
 HEATING
  YESTERDAY       42                        36      6       33
  MONTH TO DATE  603                       559     44      546
  SINCE DEC 1    603                       559     44      546
  SINCE JUL 1   2039                      2127    -88     1881

 COOLING
  YESTERDAY        0                         0      0        0
  MONTH TO DATE    0                         0      0        0
  SINCE DEC 1      0                         0      0        0
  SINCE JAN 1    927                       541    386      577
..................................................................


WIND (MPH)
  HIGHEST WIND SPEED    23   HIGHEST WIND DIRECTION     N (340)
  HIGHEST GUST SPEED    28   HIGHEST GUST DIRECTION     N (340)
  AVERAGE WIND SPEED     9.2



WEATHER CONDITIONS
 THE FOLLOWING WEATHER WAS RECORDED YESTERDAY.
  LIGHT SNOW
  FOG


RELATIVE HUMIDITY (PERCENT)
 HIGHEST    89           100 AM
 LOWEST     52           100 PM
 AVERAGE    71

..........................................................


THE WINNEMUCCA AIRPORT NV CLIMATE NORMALS FOR TODAY
                         NORMAL    RECORD    YEAR
 MAXIMUM TEMPERATURE (F)   41        58      1979
 MINIMUM TEMPERATURE (F)   17       -12      2008


SUNRISE AND SUNSET
DECEMBER 17 2017......SUNRISE   710 AM PST   SUNSET   425 PM PST
DECEMBER 18 2017......SUNRISE   711 AM PST   SUNSET   425 PM PST


-  INDICATES NEGATIVE NUMBERS.
R  INDICATES RECORD WAS SET OR TIED.
MM INDICATES DATA IS MISSING.
T  INDICATES TRACE AMOUNT.




$$
