000
CDUS45 KLKN 180030
CLIWMC


CLIMATE REPORT
NATIONAL WEATHER SERVICE ELKO NV
430 PM PST TUE JAN 17 2017


...................................

...THE WINNEMUCCA AIRPORT NV CLIMATE SUMMARY FOR JANUARY 17 2017...
VALID TODAY AS OF 0400 PM LOCAL TIME.

CLIMATE NORMAL PERIOD 1981 TO 2010
CLIMATE RECORD PERIOD 1877 TO 2017


WEATHER ITEM   OBSERVED TIME   RECORD YEAR NORMAL DEPARTURE LAST
                VALUE   (LST)  VALUE       VALUE  FROM      YEAR
                                                  NORMAL
..................................................................
TEMPERATURE (F)
 TODAY
  MAXIMUM         35    310 PM  64    1971  42     -7       43
  MINIMUM         15    201 AM -22    1917  19     -4       25
                                      1888
  AVERAGE         25                        30     -5       34

PRECIPITATION (IN)
  TODAY            0.00          0.59 1945   0.03  -0.03     0.02
  MONTH TO DATE    1.19                      0.52   0.67     1.06
  SINCE OCT 1      5.73                      3.00   2.73     5.34
  SINCE JAN 1      1.19                      0.52   0.67     1.06

SNOWFALL (IN)
  TODAY            0.0           7.3  1945   0.1   -0.1      0.0
  MONTH TO DATE    4.2                       2.1    2.1      5.5
  SINCE DEC 1     10.4                       7.4    3.0     14.5
  SINCE JUL 1     11.0                      10.9    0.1     14.8
  SNOW DEPTH      MM

DEGREE DAYS
 HEATING
  TODAY           40                        35      5       31
  MONTH TO DATE  655                       606     49      639
  SINCE DEC 1   1855                      1711    144     1695
  SINCE JUL 1   3190                      3279    -89     3044

 COOLING
  TODAY            0                         0      0        0
  MONTH TO DATE    0                         0      0        0
  SINCE DEC 1      0                         0      0        0
  SINCE JAN 1      0                         0      0        0
..................................................................


WIND (MPH)
  HIGHEST WIND SPEED    13   HIGHEST WIND DIRECTION    SW (240)
  HIGHEST GUST SPEED    16   HIGHEST GUST DIRECTION    SW (240)



WEATHER CONDITIONS
 THE FOLLOWING WEATHER WAS RECORDED TODAY.
  NO SIGNIFICANT WEATHER WAS OBSERVED.


RELATIVE HUMIDITY (PERCENT)
 HIGHEST   100          1200 AM
 LOWEST     64           200 PM
 AVERAGE    82

..........................................................


THE WINNEMUCCA AIRPORT NV CLIMATE NORMALS FOR TOMORROW
                         NORMAL    RECORD    YEAR
 MAXIMUM TEMPERATURE (F)   42        68      1971
 MINIMUM TEMPERATURE (F)   19       -21      1917


SUNRISE AND SUNSET
JANUARY 17 2017.......SUNRISE   712 AM PST   SUNSET   451 PM PST
JANUARY 18 2017.......SUNRISE   712 AM PST   SUNSET   452 PM PST


-  INDICATES NEGATIVE NUMBERS.
R  INDICATES RECORD WAS SET OR TIED.
MM INDICATES DATA IS MISSING.
T  INDICATES TRACE AMOUNT.




$$
