000
CDUS41 KALY 212044
CLIWRK


CLIMATE REPORT
NATIONAL WEATHER SERVICE ALBANY NY
444 PM EDT SUN SEP 21 2014


...................................

...THE POUGHKEEPSIE NY CLIMATE SUMMARY FOR SEPTEMBER 21 2014...
VALID TODAY AS OF 0400 PM LOCAL TIME.

CLIMATE NORMAL PERIOD 1981 TO 2010
CLIMATE RECORD PERIOD 1949 TO 2014


WEATHER ITEM   OBSERVED TIME   RECORD YEAR NORMAL DEPARTURE LAST
                VALUE   (LST)  VALUE       VALUE  FROM      YEAR
                                                  NORMAL
..................................................................
TEMPERATURE (F)
 TODAY
  MAXIMUM         79    203 PM  89    1965  73      6       76
  MINIMUM         60   1256 AM  30    1962  49     11       53
  AVERAGE         70                        61      9       65

PRECIPITATION (IN)
  TODAY            0.00          3.77 1966   0.14  -0.14     0.55
  MONTH TO DATE    0.50                      2.92  -2.42     2.18
  SINCE SEP 1      0.50                      2.92  -2.42     2.18
  SINCE JAN 1     25.17                     33.70  -8.53    32.40

DEGREE DAYS
 HEATING
  TODAY            0                         5     -5        0
  MONTH TO DATE   60                        61     -1       72
  SINCE SEP 1     60                        61     -1       72
  SINCE JUL 1     65                        78    -13       75

 COOLING
  TODAY            5                         1      4        0
  MONTH TO DATE   78                        57     21       64
  SINCE SEP 1     78                        57     21       64
  SINCE JAN 1    675                       661     14      821
..................................................................


WIND (MPH)
  HIGHEST WIND SPEED    10   HIGHEST WIND DIRECTION    SE (140)
  HIGHEST GUST SPEED    13   HIGHEST GUST DIRECTION     S (170)
  AVERAGE WIND SPEED     2.2


SKY COVER
  AVERAGE SKY COVER 0.9



RELATIVE HUMIDITY (PERCENT)
 HIGHEST    97          1200 AM
 LOWEST     67           200 PM
 AVERAGE    82

..........................................................


THE POUGHKEEPSIE NY CLIMATE NORMALS FOR TOMORROW
                         NORMAL    RECORD    YEAR
 MAXIMUM TEMPERATURE (F)   73        91      1980
 MINIMUM TEMPERATURE (F)   49        29      1962


SUNRISE AND SUNSET
SEPTEMBER 21 2014.....SUNRISE   642 AM EDT   SUNSET   655 PM EDT
SEPTEMBER 22 2014.....SUNRISE   643 AM EDT   SUNSET   653 PM EDT


-  INDICATES NEGATIVE NUMBERS.
R  INDICATES RECORD WAS SET OR TIED.
MM INDICATES DATA IS MISSING.
T  INDICATES TRACE AMOUNT.




$$
