000
CDUS45 KRIW 010031
CLIWRL


CLIMATE REPORT
NATIONAL WEATHER SERVICE RIVERTON WY
629 PM MDT WED AUG 31 2016


...................................

...THE WORLAND WY CLIMATE SUMMARY FOR AUGUST 31 2016...
VALID TODAY AS OF 0500 PM LOCAL TIME.

CLIMATE NORMAL PERIOD 1981 TO 2010
CLIMATE RECORD PERIOD 1947 TO 2016


WEATHER ITEM   OBSERVED TIME   RECORD YEAR NORMAL DEPARTURE LAST
                VALUE   (LST)  VALUE       VALUE  FROM      YEAR
                                                  NORMAL
..................................................................
TEMPERATURE (F)
 TODAY
  MAXIMUM         96        MM 100    1991  83     13       90
  MINIMUM         60        MM  36    1993  49     11       46
  AVERAGE         78                        66     12       68

PRECIPITATION (IN)
  TODAY            0.00          0.65 1963   0.02  -0.02     0.00
  MONTH TO DATE    0.27                      0.43  -0.16     0.47
  SINCE JUN 1      0.71                      2.29  -1.58     1.94
  SINCE JAN 1      4.47                      5.45  -0.98     6.12

DEGREE DAYS
 HEATING
  TODAY            0                         2     -2        0
  MONTH TO DATE   27                        20      7       30
  SINCE JUN 1     37                       129    -92       41
  SINCE JUL 1     31                        36     -5       37

 COOLING
  TODAY           13                         3     10        3
  MONTH TO DATE  199                       181     18      197
  SINCE JUN 1    663                       494    169      574
  SINCE JAN 1    665                       506    159      576
..................................................................


WIND (MPH)
  HIGHEST WIND SPEED    14   HIGHEST WIND DIRECTION     S (160)
  HIGHEST GUST SPEED    22   HIGHEST GUST DIRECTION     S (160)
  AVERAGE WIND SPEED     9.4


SKY COVER
  POSSIBLE SUNSHINE  MM
  AVERAGE SKY COVER 0.0


WEATHER CONDITIONS
 THE FOLLOWING WEATHER WAS RECORDED TODAY.
  NO SIGNIFICANT WEATHER WAS OBSERVED.


RELATIVE HUMIDITY (PERCENT)
 HIGHEST    44           500 AM
 LOWEST      5           400 PM
 AVERAGE    25

..........................................................


THE WORLAND WY CLIMATE NORMALS FOR TOMORROW
                         NORMAL    RECORD    YEAR
 MAXIMUM TEMPERATURE (F)   82       100      1983
 MINIMUM TEMPERATURE (F)   49        36      1965


SUNRISE AND SUNSET
AUGUST 31 2016........SUNRISE   635 AM MDT   SUNSET   748 PM MDT
SEPTEMBER  1 2016.....SUNRISE   636 AM MDT   SUNSET   747 PM MDT


-  INDICATES NEGATIVE NUMBERS.
R  INDICATES RECORD WAS SET OR TIED.
MM INDICATES DATA IS MISSING.
T  INDICATES TRACE AMOUNT.




$$
