859
CDUS45 KRIW 260052
CLIWRL


CLIMATE REPORT
NATIONAL WEATHER SERVICE RIVERTON WY
645 PM MDT SAT MAR 25 2017


...................................

...THE WORLAND WY CLIMATE SUMMARY FOR MARCH 25 2017...
VALID TODAY AS OF 0500 PM LOCAL TIME.

CLIMATE NORMAL PERIOD 1981 TO 2010
CLIMATE RECORD PERIOD 1947 TO 2017


WEATHER ITEM   OBSERVED TIME   RECORD YEAR NORMAL DEPARTURE LAST
                VALUE   (LST)  VALUE       VALUE  FROM      YEAR
                                                  NORMAL
..................................................................
TEMPERATURE (F)
 TODAY
  MAXIMUM         55        MM  77    1999  54      1       43
  MINIMUM         35        MM -15    1965  26      9       29
  AVERAGE         45                        40      5       36

PRECIPITATION (IN)
  TODAY            T             0.57 1977   0.01  -0.01      T
  MONTH TO DATE    0.65                      0.35   0.30     0.13
  SINCE MAR 1      0.65                      0.35   0.30     0.13
  SINCE JAN 1      1.05                      0.77   0.28     0.16

DEGREE DAYS
 HEATING
  TODAY           20                        25     -5       29
  MONTH TO DATE  554                       739   -185      635
  SINCE MAR 1    554                       739   -185      635
  SINCE JUL 1   6429                      6740   -311     6020

 COOLING
  TODAY            0                         0      0        0
  MONTH TO DATE    0                         0      0        0
  SINCE MAR 1      0                         0      0        0
  SINCE JAN 1      0                         0      0        0
..................................................................


WIND (MPH)
  HIGHEST WIND SPEED    12   HIGHEST WIND DIRECTION    SE (150)
  HIGHEST GUST SPEED    MM   HIGHEST GUST DIRECTION    MM
  AVERAGE WIND SPEED     5.3


SKY COVER
  POSSIBLE SUNSHINE  MM
  AVERAGE SKY COVER 0.6


WEATHER CONDITIONS
 THE FOLLOWING WEATHER WAS RECORDED TODAY.
  NO SIGNIFICANT WEATHER WAS OBSERVED.


RELATIVE HUMIDITY (PERCENT)
 HIGHEST    92           500 AM
 LOWEST     54           100 PM
 AVERAGE    73

..........................................................


THE WORLAND WY CLIMATE NORMALS FOR TOMORROW
                         NORMAL    RECORD    YEAR
 MAXIMUM TEMPERATURE (F)   54        75      1997
 MINIMUM TEMPERATURE (F)   26        -3      1965


SUNRISE AND SUNSET
MARCH 25 2017.........SUNRISE   705 AM MDT   SUNSET   731 PM MDT
MARCH 26 2017.........SUNRISE   703 AM MDT   SUNSET   732 PM MDT


-  INDICATES NEGATIVE NUMBERS.
R  INDICATES RECORD WAS SET OR TIED.
MM INDICATES DATA IS MISSING.
T  INDICATES TRACE AMOUNT.




$$
