000
CDUS45 KRIW 220735
CLIWRL


CLIMATE REPORT
NATIONAL WEATHER SERVICE RIVERTON WY
134 AM MDT TUE AUG 22 2017


...................................

...THE WORLAND WY CLIMATE SUMMARY FOR AUGUST 21 2017...

CLIMATE NORMAL PERIOD 1981 TO 2010
CLIMATE RECORD PERIOD 1947 TO 2017


WEATHER ITEM   OBSERVED TIME   RECORD YEAR NORMAL DEPARTURE LAST
                VALUE   (LST)  VALUE       VALUE  FROM      YEAR
                                                  NORMAL
..................................................................
TEMPERATURE (F)
 YESTERDAY
  MAXIMUM         83    514 PM  99    1969  87     -4       94
  MINIMUM         47    528 AM  41    1974  52     -5       42
  AVERAGE         65                        69     -4       68

PRECIPITATION (IN)
  YESTERDAY        0.00          0.59 1965   0.01  -0.01     0.00
  MONTH TO DATE    0.18                      0.29  -0.11     0.27
  SINCE JUN 1      0.70                      2.15  -1.45     0.71
  SINCE JAN 1      5.50                      5.31   0.19     4.47

DEGREE DAYS
 HEATING
  YESTERDAY        0                         1     -1        0
  MONTH TO DATE    1                         5     -4       13
  SINCE JUN 1     47                       111    -64       23
  SINCE JUL 1      1                        18    -17       17

 COOLING
  YESTERDAY        0                         5     -5        3
  MONTH TO DATE   67                       142    -75      154
  SINCE JUN 1    468                       455     13      618
  SINCE JAN 1    468                       467      1      620
..................................................................


WIND (MPH)
  HIGHEST WIND SPEED    15   HIGHEST WIND DIRECTION     E (110)
  HIGHEST GUST SPEED    17   HIGHEST GUST DIRECTION     E (110)
  AVERAGE WIND SPEED     4.4


SKY COVER
  POSSIBLE SUNSHINE  MM
  AVERAGE SKY COVER 0.0


WEATHER CONDITIONS
 THE FOLLOWING WEATHER WAS RECORDED YESTERDAY.
  NO SIGNIFICANT WEATHER WAS OBSERVED.


RELATIVE HUMIDITY (PERCENT)
 HIGHEST    61           500 AM
 LOWEST     18           500 PM
 AVERAGE    40

..........................................................


THE WORLAND WY CLIMATE NORMALS FOR TODAY
                         NORMAL    RECORD    YEAR
 MAXIMUM TEMPERATURE (F)   86       100      2010
                                             2003
                                             1976
 MINIMUM TEMPERATURE (F)   52        37      1966


SUNRISE AND SUNSET
AUGUST 22 2017........SUNRISE   624 AM MDT   SUNSET   804 PM MDT
AUGUST 23 2017........SUNRISE   625 AM MDT   SUNSET   803 PM MDT


-  INDICATES NEGATIVE NUMBERS.
R  INDICATES RECORD WAS SET OR TIED.
MM INDICATES DATA IS MISSING.
T  INDICATES TRACE AMOUNT.




$$
