000
CDUS45 KRIW 300735
CLIWRL


CLIMATE REPORT
NATIONAL WEATHER SERVICE RIVERTON WY
134 AM MDT SAT AUG 30 2014


...................................

...THE WORLAND WY CLIMATE SUMMARY FOR AUGUST 29 2014...

CLIMATE NORMAL PERIOD 1981 TO 2010
CLIMATE RECORD PERIOD 1947 TO 2014


WEATHER ITEM   OBSERVED TIME   RECORD YEAR NORMAL DEPARTURE LAST
                VALUE   (LST)  VALUE       VALUE  FROM      YEAR
                                                  NORMAL
..................................................................
TEMPERATURE (F)
 YESTERDAY
  MAXIMUM         83    525 PM 103    2012  84     -1       95
  MINIMUM         53    556 AM  39    1968  50      3       56
  AVERAGE         68                        66      2       76

PRECIPITATION (IN)
  YESTERDAY        T             0.30 1971   0.02  -0.02      T
  MONTH TO DATE    1.49                      0.40   1.09     0.13
  SINCE JUN 1      3.36                      2.26   1.10     0.52
  SINCE JAN 1      5.57                      5.42   0.15     3.21

DEGREE DAYS
 HEATING
  YESTERDAY        0                         2     -2        0
  MONTH TO DATE   29                        16     13        0
  SINCE JUN 1    120                       122     -2       45
  SINCE JUL 1     30                        29      1        0

 COOLING
  YESTERDAY        3                         3      0       11
  MONTH TO DATE  168                       175     -7      262
  SINCE JUN 1    476                       488    -12      728
  SINCE JAN 1    506                       500      6      745
..................................................................


WIND (MPH)
  HIGHEST WIND SPEED    28   HIGHEST WIND DIRECTION     N (10)
  HIGHEST GUST SPEED    37   HIGHEST GUST DIRECTION     N (340)
  AVERAGE WIND SPEED     7.5


SKY COVER
  POSSIBLE SUNSHINE  MM
  AVERAGE SKY COVER 0.2


WEATHER CONDITIONS
 THE FOLLOWING WEATHER WAS RECORDED YESTERDAY.
  THUNDERSTORM
  LIGHT RAIN


RELATIVE HUMIDITY (PERCENT)
 HIGHEST    89           600 AM
 LOWEST     20           400 PM
 AVERAGE    55

..........................................................


THE WORLAND WY CLIMATE NORMALS FOR TODAY
                         NORMAL    RECORD    YEAR
 MAXIMUM TEMPERATURE (F)   83        99      1999
 MINIMUM TEMPERATURE (F)   49        34      1964


SUNRISE AND SUNSET
AUGUST 30 2014........SUNRISE   633 AM MDT   SUNSET   751 PM MDT
AUGUST 31 2014........SUNRISE   634 AM MDT   SUNSET   749 PM MDT


-  INDICATES NEGATIVE NUMBERS.
R  INDICATES RECORD WAS SET OR TIED.
MM INDICATES DATA IS MISSING.
T  INDICATES TRACE AMOUNT.




$$
