000
CDUS45 KRIW 300733
CLIWRL


CLIMATE REPORT
NATIONAL WEATHER SERVICE RIVERTON WY
132 AM MDT TUE SEP 30 2014


...................................

...THE WORLAND WY CLIMATE SUMMARY FOR SEPTEMBER 29 2014...

CLIMATE NORMAL PERIOD 1981 TO 2010
CLIMATE RECORD PERIOD 1947 TO 2014


WEATHER ITEM   OBSERVED TIME   RECORD YEAR NORMAL DEPARTURE LAST
                VALUE   (LST)  VALUE       VALUE  FROM      YEAR
                                                  NORMAL
..................................................................
TEMPERATURE (F)
 YESTERDAY
  MAXIMUM         67    339 PM  92    1967  67      0       69
  MINIMUM         47    639 AM  25    1984  37     10       46
  AVERAGE         57                        52      5       58

PRECIPITATION (IN)
  YESTERDAY        0.30          0.44 1995   0.03   0.27     0.00
  MONTH TO DATE    1.01                      0.82   0.19     2.63
  SINCE SEP 1      1.01                      0.82   0.19     2.63
  SINCE JAN 1      6.60                      6.27   0.33     5.84

DEGREE DAYS
 HEATING
  YESTERDAY        8                        13     -5        7
  MONTH TO DATE  166                       208    -42      140
  SINCE SEP 1    166                       208    -42      140
  SINCE JUL 1    200                       244    -44      140

 COOLING
  YESTERDAY        0                         0      0        0
  MONTH TO DATE   34                        28      6       91
  SINCE SEP 1     34                        28      6       91
  SINCE JAN 1    543                       534      9      852
..................................................................


WIND (MPH)
  HIGHEST WIND SPEED     9   HIGHEST WIND DIRECTION     N (340)
  HIGHEST GUST SPEED    13   HIGHEST GUST DIRECTION    NW (330)
  AVERAGE WIND SPEED     3.8


SKY COVER
  POSSIBLE SUNSHINE  MM
  AVERAGE SKY COVER 0.6


WEATHER CONDITIONS
 THE FOLLOWING WEATHER WAS RECORDED YESTERDAY.
  HEAVY RAIN
  RAIN
  LIGHT RAIN
  FOG


RELATIVE HUMIDITY (PERCENT)
 HIGHEST   100           200 AM
 LOWEST     48           400 PM
 AVERAGE    74

..........................................................


THE WORLAND WY CLIMATE NORMALS FOR TODAY
                         NORMAL    RECORD    YEAR
 MAXIMUM TEMPERATURE (F)   67        90      1963
 MINIMUM TEMPERATURE (F)   37        22      1985


SUNRISE AND SUNSET
SEPTEMBER 30 2014.....SUNRISE   708 AM MDT   SUNSET   654 PM MDT
OCTOBER  1 2014.......SUNRISE   710 AM MDT   SUNSET   653 PM MDT


-  INDICATES NEGATIVE NUMBERS.
R  INDICATES RECORD WAS SET OR TIED.
MM INDICATES DATA IS MISSING.
T  INDICATES TRACE AMOUNT.




$$
