000
CDUS45 KRIW 170733
CLIWRL


CLIMATE REPORT
NATIONAL WEATHER SERVICE RIVERTON WY
131 AM MDT TUE OCT 17 2017


...................................

...THE WORLAND WY CLIMATE SUMMARY FOR OCTOBER 16 2017...

CLIMATE NORMAL PERIOD 1981 TO 2010
CLIMATE RECORD PERIOD 1947 TO 2017


WEATHER ITEM   OBSERVED TIME   RECORD YEAR NORMAL DEPARTURE LAST
                VALUE   (LST)  VALUE       VALUE  FROM      YEAR
                                                  NORMAL
..................................................................
TEMPERATURE (F)
 YESTERDAY
  MAXIMUM         68    348 PM  86    1991  60      8       66
  MINIMUM         26    633 AM  17    1992  31     -5       46
  AVERAGE         47                        46      1       56

PRECIPITATION (IN)
  YESTERDAY        0.00          0.64 1998   0.02  -0.02      T
  MONTH TO DATE    0.23                      0.45  -0.22     2.23
  SINCE SEP 1      2.30                      1.30   1.00     4.20
  SINCE JAN 1      7.80                      6.75   1.05     8.67

DEGREE DAYS
 HEATING
  YESTERDAY       18                        19     -1        9
  MONTH TO DATE  348                       265     83      231
  SINCE SEP 1    616                       486    130      416
  SINCE JUL 1    617                       522     95      447

 COOLING
  YESTERDAY        0                         0      0        0
  MONTH TO DATE    0                         0      0        0
  SINCE SEP 1     52                        29     23       25
  SINCE JAN 1    588                       535     53      690
..................................................................


WIND (MPH)
  HIGHEST WIND SPEED     9   HIGHEST WIND DIRECTION     S (180)
  HIGHEST GUST SPEED    10   HIGHEST GUST DIRECTION     S (180)
  AVERAGE WIND SPEED     3.6


SKY COVER
  POSSIBLE SUNSHINE  MM
  AVERAGE SKY COVER 0.0


WEATHER CONDITIONS
 THE FOLLOWING WEATHER WAS RECORDED YESTERDAY.
  NO SIGNIFICANT WEATHER WAS OBSERVED.


RELATIVE HUMIDITY (PERCENT)
 HIGHEST   100           400 AM
 LOWEST     21           300 PM
 AVERAGE    61

..........................................................


THE WORLAND WY CLIMATE NORMALS FOR TODAY
                         NORMAL    RECORD    YEAR
 MAXIMUM TEMPERATURE (F)   60        81      2003
 MINIMUM TEMPERATURE (F)   30        19      1968


SUNRISE AND SUNSET
OCTOBER 17 2017.......SUNRISE   729 AM MDT   SUNSET   624 PM MDT
OCTOBER 18 2017.......SUNRISE   731 AM MDT   SUNSET   623 PM MDT


-  INDICATES NEGATIVE NUMBERS.
R  INDICATES RECORD WAS SET OR TIED.
MM INDICATES DATA IS MISSING.
T  INDICATES TRACE AMOUNT.




$$
