000
CDUS45 KRIW 220735
CLIWRL


CLIMATE REPORT
NATIONAL WEATHER SERVICE RIVERTON WY
127 AM MDT TUE JUL 22 2014


...................................

...THE WORLAND WY CLIMATE SUMMARY FOR JULY 21 2014...

CLIMATE NORMAL PERIOD 1981 TO 2010
CLIMATE RECORD PERIOD 1947 TO 2014


WEATHER ITEM   OBSERVED TIME   RECORD YEAR NORMAL DEPARTURE LAST
                VALUE   (LST)  VALUE       VALUE  FROM      YEAR
                                                  NORMAL
..................................................................
TEMPERATURE (F)
 YESTERDAY
  MAXIMUM         95    120 PM 104    1982  90      5       97
  MINIMUM         61   1159 PM  47    1972  56      5       59
  AVERAGE         78                        73      5       78

PRECIPITATION (IN)
  YESTERDAY        T             0.27 1970   0.02  -0.02     0.00
  MONTH TO DATE    0.08                      0.48  -0.40     0.20
  SINCE JUN 1      1.70                      1.63   0.07     0.29
  SINCE JAN 1      3.91                      4.79  -0.88     2.98

DEGREE DAYS
 HEATING
  YESTERDAY        0                         0      0        0
  MONTH TO DATE    1                        10     -9        0
  SINCE JUN 1     91                       103    -12       45
  SINCE JUL 1      1                        10     -9        0

 COOLING
  YESTERDAY       13                         8      5       13
  MONTH TO DATE  191                       148     43      244
  SINCE JUN 1    220                       232    -12      377
  SINCE JAN 1    250                       244      6      394
..................................................................


WIND (MPH)
  HIGHEST WIND SPEED    37   HIGHEST WIND DIRECTION     W (250)
  HIGHEST GUST SPEED    46   HIGHEST GUST DIRECTION     W (260)
  AVERAGE WIND SPEED     7.9


SKY COVER
  POSSIBLE SUNSHINE  MM
  AVERAGE SKY COVER 0.1


WEATHER CONDITIONS
 THE FOLLOWING WEATHER WAS RECORDED YESTERDAY.
  THUNDERSTORM
  LIGHT RAIN


RELATIVE HUMIDITY (PERCENT)
 HIGHEST    52          1100 PM
 LOWEST     16           100 PM
 AVERAGE    34

..........................................................


THE WORLAND WY CLIMATE NORMALS FOR TODAY
                         NORMAL    RECORD    YEAR
 MAXIMUM TEMPERATURE (F)   90       103      1982
 MINIMUM TEMPERATURE (F)   56        45      1978


SUNRISE AND SUNSET
JULY 22 2014..........SUNRISE   550 AM MDT   SUNSET   846 PM MDT
JULY 23 2014..........SUNRISE   551 AM MDT   SUNSET   845 PM MDT


-  INDICATES NEGATIVE NUMBERS.
R  INDICATES RECORD WAS SET OR TIED.
MM INDICATES DATA IS MISSING.
T  INDICATES TRACE AMOUNT.




$$
