000
CDAK47 PAYA 280902
CLIYAK

CLIMATE REPORT
NATIONAL WEATHER SERVICE YAKUTAT, AK
103 AM AKDT SAT MAY 28 2016

...................................
...THE YAKUTAT AP CLIMATE SUMMARY FOR MAY 27 2016...

CLIMATE NORMAL PERIOD  1981 TO  2010
CLIMATE RECORD PERIOD  1948 TO  2016

WEATHER ITEM   OBSERVED TIME    RECORD YEAR NORMAL DEPARTURE LAST
               VALUE    (LST)   VALUE       VALUE  FROM      YEAR
                                                   NORMAL
...................................................................
TEMPERATURE
YESTERDAY
 MAXIMUM            68  0118 PM    73  2010     54      14     53
 MINIMUM            36  0413 AM    26  1936     40      -4     43
 AVERAGE            52                          47       5     48

PRECIPITATION
(INCHES)
 YESTERDAY        0.00           2.33  1991   0.26   -0.26   0.10
 MONTH TO DATE    6.73                        7.21   -0.48   1.62
 SINCE MAR 1     26.26                       27.44   -1.18  26.21
 SINCE JAN 1     51.55                       51.96   -0.41  50.58

SNOWFALL
(INCHES)
 YESTERDAY         0.0            0.0  2016    0.0     0.0    0.0
 MONTH TO DATE     0.0                         0.4    -0.4    0.0
 SINCE MAR 1       0.7                        37.8   -37.1   34.3
 SINCE JUL 1      49.9                       140.0   -90.1   47.1
 SNOW DEPTH (IN)     0                                          0

DEGREE DAYS
 HEATING
  YESTERDAY         13                          18      -5     17
  MONTH TO DATE    451                         559    -108    476
  SINCE MAR 1     1916                        2397    -481   2172
  SINCE JUL 1     7254                        8526   -1272   7604

 COOLING
  YESTERDAY          0                           0       0      0
  MONTH TO DATE      0                           0       0      0
  SINCE MAR 1        0                           0       0      0
  SINCE JAN 1        0                           0       0      0
...................................................................

WIND (MPH)
 HIGHEST WIND SPEED    14     HIGHEST WIND DIRECTION    340
 HIGHEST GUST SPEED    22     HIGHEST GUST DIRECTION    350
 AVERAGE WIND SPEED   5.0

SKY COVER
  POSSIBLE SUNSHINE    MM          AVERAGE SKY COVER     MM

WEATHER CONDITIONS
 THE FOLLOWING WEATHER WAS RECORDED YESTERDAY.


RELATIVE HUMIDITY
 HIGHEST RH     MM PERCENT       MM
 LOWEST  RH     MM PERCENT       MM
 AVERAGE RH     MM PERCENT       MM
...................................................................

THE YAKUTAT CLIMATE NORMALS FOR TODAY
                           NORMAL    RECORD   YEAR
 MAXIMUM TEMPERATURE (F)     55        75     2010
 MINIMUM TEMPERATURE (F)     40        27     1936

SUNRISE AND SUNSET
 MAY 28 2016..........SUNRISE  4:18 AM      SUNSET 10:17 PM
 MAY 29 2016..........SUNRISE  4:16 AM      SUNSET 10:18 PM

-  INDICATES NEGATIVE NUMBERS.
R  INDICATES RECORD HAS BEEN SET OR TIED.
MM INDICATES DATA IS MISSING.
T  INDICATES TRACE OF PRECIPITATION.

&&
-------------------------------------------------------------------

AMOUNT OF DAYLIGHT TODAY  (HOUR:MIN)........17 HOURS 59 MINUTES
GAIN/LOSS SINCE YESTERDAY (HOUR:MIN:SEC)....+0:03:29

$$
*** MAY 16
