000
CDAK47 PAJK 211132
CLIYAK
CLIMATE REPORT
NATIONAL WEATHER SERVICE JUNEAU, AK
330 AM AKDT SAT OCT 21 2017


...................................

...THE YAKUTAT CLIMATE SUMMARY FOR OCTOBER 20 2017...

CLIMATE NORMAL PERIOD 1981 TO 2010
CLIMATE RECORD PERIOD 1917 TO 2017


WEATHER ITEM   OBSERVED RECORD YEAR NORMAL DEPARTURE LAST
                VALUE   VALUE       VALUE  FROM      YEAR
                                           NORMAL
...........................................................
TEMPERATURE (F)
 YESTERDAY
  MAXIMUM         42     54    2016  46     -4       54
  MINIMUM         34      7    1996  34      0       36
  AVERAGE         38                 40     -2       45

PRECIPITATION (IN)
  YESTERDAY        0.23   2.60 1928   0.67  -0.44     0.03
  MONTH TO DATE    9.47              15.33  -5.86     2.83
  SINCE JAN 1     97.65             117.74 -20.09    98.08

SNOWFALL (IN)
  YESTERDAY        0.1   14.0  1996   0.1    0.0      0.0
  MONTH TO DATE    0.1                0.7   -0.6       T
  SINCE JUL 1      0.1                0.7   -0.6       T
  SNOW DEPTH       0

DEGREE DAYS
 HEATING
  YESTERDAY       27                 25      2       20
  MONTH TO DATE  252                443   -191      468
...........................................................


WIND (MPH)
  HIGHEST WIND SPEED    13   HIGHEST WIND DIRECTION     E (80)
  HIGHEST GUST SPEED    17   HIGHEST GUST DIRECTION     E (100)
  AVERAGE WIND SPEED     4.5


SKY COVER
  AVERAGE SKY COVER 0.9


WEATHER CONDITIONS
 THE FOLLOWING WEATHER WAS RECORDED YESTERDAY.
  LIGHT RAIN
  LIGHT SNOW
  FOG


..........................................................


THE YAKUTAT CLIMATE NORMALS FOR TODAY
                         NORMAL    RECORD    YEAR
 MAXIMUM TEMPERATURE (F)   46        58      2003
 MINIMUM TEMPERATURE (F)   33         7      1996


SUNRISE AND SUNSET
OCTOBER 21 2017.......SUNRISE   813 AM AKDT  SUNSET   553 PM AKDT
OCTOBER 22 2017.......SUNRISE   815 AM AKDT  SUNSET   550 PM AKDT


-  INDICATES NEGATIVE NUMBERS.
R  INDICATES RECORD WAS SET OR TIED.
MM INDICATES DATA IS MISSING.
T  INDICATES TRACE AMOUNT.




$$
--------------------------------------------------------------

AMOUNT OF DAYLIGHT TODAY (HOUR:MIN)......... 9 HOURS 40 MINUTES
GAIN/LOSS SINCE YESTERDAY (HOUR:MIN:SEC).... -0:05:12

$$
