000
CDAK47 PAYA 280913
CLIYAK

CLIMATE REPORT
NATIONAL WEATHER SERVICE YAKUTAT, AK
113 AM AKDT THU MAY 28 2015

...................................
...THE YAKUTAT AP CLIMATE SUMMARY FOR MAY 27 2015...

CLIMATE NORMAL PERIOD  1981 TO  2010
CLIMATE RECORD PERIOD  1948 TO  2015

WEATHER ITEM   OBSERVED TIME    RECORD YEAR NORMAL DEPARTURE LAST
               VALUE    (LST)   VALUE       VALUE  FROM      YEAR
                                                   NORMAL
...................................................................
TEMPERATURE
YESTERDAY
 MAXIMUM            53  0724 PM    73  2010     54      -1     52
 MINIMUM            43  1159 PM    30  2000     40       3     43
 AVERAGE            48                          47       1     48

PRECIPITATION
(INCHES)
 YESTERDAY        0.10           2.33  1991   0.26   -0.16      T
 MONTH TO DATE    1.62                        7.21   -5.59   2.68
 SINCE MAR 1     26.21                       27.44   -1.23  10.60
 SINCE JAN 1     50.58                       51.96   -1.38  37.66

SNOWFALL
(INCHES)
 YESTERDAY         0.0            0.0  2015    0.0     0.0    0.0
 MONTH TO DATE     0.0                         0.4    -0.4    0.0
 SINCE MAR 1      34.3                        37.8    -3.5   13.6
 SINCE JUL 1      47.1                       140.0   -92.9  109.0
 SNOW DEPTH (IN)     0                                          0

DEGREE DAYS
 HEATING
  YESTERDAY         17                          18      -1     17
  MONTH TO DATE    476                         559     -83    477
  SINCE MAR 1     2172                        2397    -225   2383
  SINCE JUL 1     7604                        8526    -922   8196

 COOLING
  YESTERDAY          0                           0       0      0
  MONTH TO DATE      0                           0       0      0
  SINCE MAR 1        0                           0       0      0
  SINCE JAN 1        0                           0       0      0
...................................................................

WIND (MPH)
 HIGHEST WIND SPEED     9     HIGHEST WIND DIRECTION    260
 HIGHEST GUST SPEED    13     HIGHEST GUST DIRECTION    270
 AVERAGE WIND SPEED   3.4

SKY COVER
  POSSIBLE SUNSHINE    MM          AVERAGE SKY COVER     MM

WEATHER CONDITIONS
 THE FOLLOWING WEATHER WAS RECORDED YESTERDAY.
  FOG
RAIN


RELATIVE HUMIDITY
 HIGHEST RH     MM PERCENT       MM
 LOWEST  RH     MM PERCENT       MM
 AVERAGE RH     MM PERCENT       MM
...................................................................

THE YAKUTAT CLIMATE NORMALS FOR TODAY
                           NORMAL    RECORD   YEAR
 MAXIMUM TEMPERATURE (F)     55        75     2010
 MINIMUM TEMPERATURE (F)     40        29     1968

SUNRISE AND SUNSET
 MAY 28 2015..........SUNRISE  4:19 AM      SUNSET 10:15 PM
 MAY 29 2015..........SUNRISE  4:18 AM      SUNSET 10:17 PM

-  INDICATES NEGATIVE NUMBERS.
R  INDICATES RECORD HAS BEEN SET OR TIED.
MM INDICATES DATA IS MISSING.
T  INDICATES TRACE OF PRECIPITATION.

&&
-------------------------------------------------------------------

AMOUNT OF DAYLIGHT TODAY  (HOUR:MIN)........17 HOURS 56 MINUTES
GAIN/LOSS SINCE YESTERDAY (HOUR:MIN:SEC)....+0:03:34

$$
*** MAY 15
