000
CDAK47 PAYA 171207
CLIYAK

CLIMATE REPORT
NATIONAL WEATHER SERVICE YAKUTAT, AK
407 AM AKDT THU APR 17 2014

...................................
...THE YAKUTAT AP CLIMATE SUMMARY FOR APRIL 16 2014...

CLIMATE NORMAL PERIOD  1981 TO  2010
CLIMATE RECORD PERIOD  1948 TO  2014

WEATHER ITEM   OBSERVED TIME    RECORD YEAR NORMAL DEPARTURE LAST
               VALUE    (LST)   VALUE       VALUE  FROM      YEAR
                                                   NORMAL
...................................................................
TEMPERATURE
YESTERDAY
 MAXIMUM            48  0248 PM    61  1990     46       2     34
 MINIMUM            29  1130 PM    11  1972     30      -1     32
 AVERAGE            39                          38       1     33

PRECIPITATION
(INCHES)
 YESTERDAY        0.08           2.80  1983   0.29   -0.21   1.12
 MONTH TO DATE    2.86                        5.12   -2.26   5.55
 SINCE MAR 1      6.91                       16.16   -9.25  11.48
 SINCE JAN 1     33.97                       40.68   -6.71  38.13

SNOWFALL
(INCHES)
 YESTERDAY         0.0           10.6  2013    0.3    -0.3   10.6
 MONTH TO DATE     5.8                         7.7    -1.9   18.5
 SINCE MAR 1      13.6                        34.9   -21.3   53.8
 SINCE JUL 1     109.0                       137.1   -28.1  169.7
 SNOW DEPTH (IN)     T                                         30

DEGREE DAYS
 HEATING
  YESTERDAY         26                          27      -1     32
  MONTH TO DATE    476                         461      15    525
  SINCE MAR 1     1555                        1483      72   1636
  SINCE JUL 1     7368                        7612    -244   7881

 COOLING
  YESTERDAY          0                           0       0      0
  MONTH TO DATE      0                           0       0      0
  SINCE MAR 1        0                           0       0      0
  SINCE JAN 1        0                           0       0      0
...................................................................

WIND (MPH)
 HIGHEST WIND SPEED    12     HIGHEST WIND DIRECTION    190
 HIGHEST GUST SPEED    15     HIGHEST GUST DIRECTION    180
 AVERAGE WIND SPEED   2.5

WEATHER CONDITIONS
 THE FOLLOWING WEATHER WAS RECORDED YESTERDAY.
  FOG
RAIN

...................................................................

THE YAKUTAT CLIMATE NORMALS FOR TODAY
                           NORMAL    RECORD   YEAR
 MAXIMUM TEMPERATURE (F)     46        57     1999
 MINIMUM TEMPERATURE (F)     30        13     1967

SUNRISE AND SUNSET
 APR 17 2014..........SUNRISE  5:58 AM      SUNSET  8:41 PM
 APR 18 2014..........SUNRISE  5:55 AM      SUNSET  8:44 PM

-  INDICATES NEGATIVE NUMBERS.
R  INDICATES RECORD HAS BEEN SET OR TIED.
MM INDICATES DATA IS MISSING.
T  INDICATES TRACE OF PRECIPITATION.

&&
-------------------------------------------------------------------

AMOUNT OF DAYLIGHT TODAY  (HOUR:MIN)........14 HOURS 43 MINUTES
GAIN/LOSS SINCE YESTERDAY (HOUR:MIN:SEC)....+0:05:17

$$
TR APR 14
