000
CDAK47 PAYA 280929
CLIYAK

CLIMATE REPORT
NATIONAL WEATHER SERVICE YAKUTAT, AK
129 AM AKDT FRI AUG 28 2015

...................................
...THE YAKUTAT AP CLIMATE SUMMARY FOR AUGUST 27 2015...

CLIMATE NORMAL PERIOD  1981 TO  2010
CLIMATE RECORD PERIOD  1917 TO  2015

WEATHER ITEM   OBSERVED TIME    RECORD YEAR NORMAL DEPARTURE LAST
               VALUE    (LST)   VALUE       VALUE  FROM      YEAR
                                                   NORMAL
...................................................................
TEMPERATURE
YESTERDAY
 MAXIMUM            56  1014 AM    73  1985     60      -4     58
 MINIMUM            51  1159 PM    31  1969     45       6     42
 AVERAGE            54                          52       2     50

PRECIPITATION
(INCHES)
 YESTERDAY        1.56           3.68  1960   0.53    1.03   0.13
 MONTH TO DATE   12.48                       11.93    0.55  20.90
 SINCE JUN 1     32.94                       26.20    6.74  37.42
 SINCE JAN 1     83.52                       79.16    4.36  76.53

SNOWFALL
(INCHES)
 YESTERDAY         0.0            0.0  2015    0.0     0.0    0.0
 MONTH TO DATE     0.0                         0.0     0.0    0.0
 SINCE JUN 1       0.0                         0.0     0.0    0.0
 SINCE JUL 1       0.0                         0.0     0.0    0.0
 SNOW DEPTH (IN)     0                                          0

DEGREE DAYS
 HEATING
  YESTERDAY         11                          13      -2     15
  MONTH TO DATE    253                         293     -40    263
  SINCE JUN 1      855                        1051    -196   1022
  SINCE JUL 1      521                         625    -104    576

 COOLING
  YESTERDAY          0                           0       0      0
  MONTH TO DATE      0                           0       0      0
  SINCE JUN 1        0                           0       0      0
  SINCE JAN 1        0                           0       0      0
...................................................................

WIND (MPH)
 HIGHEST WIND SPEED    13     HIGHEST WIND DIRECTION     70
 HIGHEST GUST SPEED    21     HIGHEST GUST DIRECTION     70
 AVERAGE WIND SPEED   7.4

SKY COVER
  POSSIBLE SUNSHINE    MM          AVERAGE SKY COVER     MM

WEATHER CONDITIONS
 THE FOLLOWING WEATHER WAS RECORDED YESTERDAY.
  FOG
RAIN


RELATIVE HUMIDITY
 HIGHEST RH     MM PERCENT       MM
 LOWEST  RH     MM PERCENT       MM
 AVERAGE RH     MM PERCENT       MM
...................................................................

THE YAKUTAT CLIMATE NORMALS FOR TODAY
                           NORMAL    RECORD   YEAR
 MAXIMUM TEMPERATURE (F)     59        72     1930
 MINIMUM TEMPERATURE (F)     45        33     1971

SUNRISE AND SUNSET
 AUG 28 2015..........SUNRISE  6:06 AM      SUNSET  8:33 PM
 AUG 29 2015..........SUNRISE  6:08 AM      SUNSET  8:30 PM

-  INDICATES NEGATIVE NUMBERS.
R  INDICATES RECORD HAS BEEN SET OR TIED.
MM INDICATES DATA IS MISSING.
T  INDICATES TRACE OF PRECIPITATION.

&&
-------------------------------------------------------------------

AMOUNT OF DAYLIGHT TODAY  (HOUR:MIN)........14 HOURS 27 MINUTES
GAIN/LOSS SINCE YESTERDAY (HOUR:MIN:SEC)....-0:05:13

$$
*** AUG 15
