000
CDAK47 PAYA 250029
CLIYAK

CLIMATE REPORT
NATIONAL WEATHER SERVICE YAKUTAT, AK
429 PM AKDT THU APR 24 2014

...................................
...THE YAKUTAT AP CLIMATE SUMMARY FOR APRIL 24 2014...
VALID TODAY AS OF 2:00 PM LOCAL TIME

CLIMATE NORMAL PERIOD  1981 TO  2010
CLIMATE RECORD PERIOD  1948 TO  2014

WEATHER ITEM   OBSERVED TIME    RECORD YEAR NORMAL DEPARTURE LAST
               VALUE    (LST)   VALUE       VALUE  FROM      YEAR
                                                   NORMAL
...................................................................
TEMPERATURE
TODAY
 MAXIMUM            43  0125 PM    68  1997     48      -5     41
 MINIMUM            37  0456 AM    19  1967     32       5     33
 AVERAGE            40                          40       0     37

PRECIPITATION
(INCHES)
 TODAY            0.14           1.63  1964   0.30   -0.16   1.10
 MONTH TO DATE    3.33                        7.46   -4.13   7.51
 SINCE MAR 1      7.38                       18.50   -11.12  13.44
 SINCE JAN 1     34.44                       43.02   -8.58  40.09

SNOWFALL
(INCHES)
 TODAY             0.0            3.8  1955    0.2    -0.2    0.0
 MONTH TO DATE     5.8                         9.4    -3.6   22.6
 SINCE MAR 1      13.6                        36.6   -23.0   57.9
 SINCE JUL 1     109.0                       138.8   -29.8  173.8
 SNOW DEPTH (IN)     T                                         20

DEGREE DAYS
 HEATING
  TODAY             25                          25       0     28
  MONTH TO DATE    681                         669      12    774
  SINCE MAR 1     1760                        1691      69   1885
  SINCE JUL 1     7573                        7820    -247   8130

 COOLING
  TODAY              0                           0       0      0
  MONTH TO DATE      0                           0       0      0
  SINCE MAR 1        0                           0       0      0
  SINCE JAN 1        0                           0       0      0
...................................................................

WIND (MPH)
 HIGHEST WIND SPEED     9     HIGHEST WIND DIRECTION    260
 HIGHEST GUST SPEED    12     HIGHEST GUST DIRECTION    310
 AVERAGE WIND SPEED    MM

SKY COVER
  POSSIBLE SUNSHINE  MM            AVERAGE SKY COVER MM

WEATHER CONDITIONS
 THE FOLLOWING WEATHER WAS RECORDED TODAY.
FOG
RAIN


RELATIVE HUMIDITY
 HIGHEST RH     MM PERCENT       MM
 LOWEST  RH     MM PERCENT       MM
 AVERAGE RH     MM PERCENT       MM
...................................................................

THE YAKUTAT CLIMATE NORMALS FOR TOMORROW
                        NORMAL    RECORD   YEAR
 MAXIMUM TEMPERATURE      48        68     2005
 MINIMUM TEMPERATURE      32        18     1954

SUNRISE AND SUNSET
 APR 24 2014..........SUNRISE  5:38 AM      SUNSET  8:58 PM
 APR 25 2014..........SUNRISE  5:35 AM      SUNSET  9:01 PM

-  INDICATES NEGATIVE NUMBERS.
R  INDICATES RECORD HAS BEEN SET OR TIED.
MM INDICATES DATA IS MISSING.
T  INDICATES TRACE OF PRECIPITATION.

&&
-------------------------------------------------------------------

AMOUNT OF DAYLIGHT TODAY  (HOUR:MIN)........15 HOURS 20 MINUTES
GAIN/LOSS SINCE YESTERDAY (HOUR:MIN:SEC)....+0:05:12

$$
*** APR 14
