000
CDAK47 PAYA 020930 CCA
CLIYAK

CLIMATE REPORT
NATIONAL WEATHER SERVICE YAKUTAT, AK
130 AM AKDT THU JUL 2 2015

...................................
...THE YAKUTAT AP CLIMATE SUMMARY FOR JULY 1 2015...

CLIMATE NORMAL PERIOD  1981 TO  2010
CLIMATE RECORD PERIOD  1948 TO  2015

WEATHER ITEM   OBSERVED TIME    RECORD YEAR NORMAL DEPARTURE LAST
               VALUE    (LST)   VALUE       VALUE  FROM      YEAR
                                                   NORMAL
...................................................................
TEMPERATURE
YESTERDAY
 MAXIMUM            58  1135 AM    68  1994     59      -1     63
 MINIMUM            50  0344 AM    40  1999     47       3     52
 AVERAGE            54                          53       1     58

PRECIPITATION
(INCHES)
 YESTERDAY        0.28           4.00  1964   0.21    0.07      T
 MONTH TO DATE    0.28                        0.21    0.07      T
 SINCE JUN 1      8.93                        6.60    2.33  10.10
 SINCE JAN 1     59.51                       59.56   -0.05  49.21

SNOWFALL
(INCHES)
 YESTERDAY         0.0            0.0  2015    0.0     0.0    0.0
 MONTH TO DATE     0.0                         0.0     0.0    0.0
 SINCE JUN 1       0.0                         0.0     0.0    0.0
 SINCE JUL 1       0.0                         0.0     0.0    0.0
 SNOW DEPTH (IN)     0                                          0

DEGREE DAYS
 HEATING
  YESTERDAY         11                          12      -1      7
  MONTH TO DATE     11                          12      -1      7
  SINCE JUN 1      345                         438     -93    453
  SINCE JUL 1       11                          12      -1      7

 COOLING
  YESTERDAY          0                           0       0      0
  MONTH TO DATE      0                           0       0      0
  SINCE JUN 1        0                           0       0      0
  SINCE JAN 1        0                           0       0      0
...................................................................

WIND (MPH)
 HIGHEST WIND SPEED    13     HIGHEST WIND DIRECTION    360
 HIGHEST GUST SPEED    17     HIGHEST GUST DIRECTION     10
 AVERAGE WIND SPEED   4.9

SKY COVER
  POSSIBLE SUNSHINE    MM          AVERAGE SKY COVER     MM

WEATHER CONDITIONS
 THE FOLLOWING WEATHER WAS RECORDED YESTERDAY.
  FOG
RAIN


RELATIVE HUMIDITY
 HIGHEST RH     MM PERCENT       MM
 LOWEST  RH     MM PERCENT       MM
 AVERAGE RH     MM PERCENT       MM
...................................................................

THE YAKUTAT CLIMATE NORMALS FOR TODAY
                           NORMAL    RECORD   YEAR
 MAXIMUM TEMPERATURE (F)     59        76     1979
 MINIMUM TEMPERATURE (F)     47        36     1982

SUNRISE AND SUNSET
 JUL 2 2015..........SUNRISE  4:08 AM      SUNSET 10:38 PM
 JUL 3 2015..........SUNRISE  4:09 AM      SUNSET 10:37 PM

-  INDICATES NEGATIVE NUMBERS.
R  INDICATES RECORD HAS BEEN SET OR TIED.
MM INDICATES DATA IS MISSING.
T  INDICATES TRACE OF PRECIPITATION.

&&
-------------------------------------------------------------------

AMOUNT OF DAYLIGHT TODAY  (HOUR:MIN)........18 HOURS 30 MINUTES
GAIN/LOSS SINCE YESTERDAY (HOUR:MIN:SEC)....-0:01:48

$$
*** JUL 15
