000
CDAK47 PAYA 190906
CLIYAK

CLIMATE REPORT
NATIONAL WEATHER SERVICE YAKUTAT, AK
1206 AM AKST FRI DEC 19 2014

...................................
...THE YAKUTAT AP CLIMATE SUMMARY FOR DECEMBER 18 2014...

CLIMATE NORMAL PERIOD  1981 TO  2010
CLIMATE RECORD PERIOD  1948 TO  2014

WEATHER ITEM   OBSERVED TIME    RECORD YEAR NORMAL DEPARTURE LAST
               VALUE    (LST)   VALUE       VALUE  FROM      YEAR
                                                   NORMAL
...................................................................
TEMPERATURE
YESTERDAY
 MAXIMUM            43  0809 PM    46  2004     35       8     25
 MINIMUM            25  1010 AM    -6  1964     24       1      3
 AVERAGE            34                          30       4     14

PRECIPITATION
(INCHES)
 YESTERDAY        0.00           2.80  1985   0.53   -0.53   0.03
 MONTH TO DATE    8.47                        9.54   -1.07   4.22
 SINCE DEC 1      8.47                        9.54   -1.07   4.22
 SINCE JAN 1    131.38                      148.38  -17.00 131.92

SNOWFALL
(INCHES)
 YESTERDAY         0.0            8.9  1999    0.7    -0.7    0.2
 MONTH TO DATE     1.4                        13.2   -11.8   18.3
 SINCE DEC 1       1.4                        13.2   -11.8   18.3
 SINCE JUL 1       6.7                        33.9   -27.2   27.5
 SNOW DEPTH (IN)     0                                         13

DEGREE DAYS
 HEATING
  YESTERDAY         31                          35      -4     51
  MONTH TO DATE    546                         630     -84    720
  SINCE DEC 1      546                         630     -84    720
  SINCE JUL 1     3226                        3528    -302   3330

 COOLING
  YESTERDAY          0                           0       0      0
  MONTH TO DATE      0                           0       0      0
  SINCE DEC 1        0                           0       0      0
  SINCE JAN 1        0                           0       0      0
...................................................................

WIND (MPH)
 HIGHEST WIND SPEED    13     HIGHEST WIND DIRECTION     60
 HIGHEST GUST SPEED    17     HIGHEST GUST DIRECTION     60
 AVERAGE WIND SPEED   4.6

SKY COVER
  POSSIBLE SUNSHINE    MM          AVERAGE SKY COVER     MM

WEATHER CONDITIONS
 THE FOLLOWING WEATHER WAS RECORDED YESTERDAY.
  FOG


RELATIVE HUMIDITY
 HIGHEST RH     MM PERCENT       MM
 LOWEST  RH     MM PERCENT       MM
 AVERAGE RH     MM PERCENT       MM
...................................................................

THE YAKUTAT CLIMATE NORMALS FOR TODAY
                           NORMAL    RECORD   YEAR
 MAXIMUM TEMPERATURE (F)     35        46     1993
 MINIMUM TEMPERATURE (F)     24         0     1980

SUNRISE AND SUNSET
 DEC 19 2014..........SUNRISE  9:16 AM      SUNSET  3:17 PM
 DEC 20 2014..........SUNRISE  9:16 AM      SUNSET  3:18 PM

-  INDICATES NEGATIVE NUMBERS.
R  INDICATES RECORD HAS BEEN SET OR TIED.
MM INDICATES DATA IS MISSING.
T  INDICATES TRACE OF PRECIPITATION.

&&
-------------------------------------------------------------------

AMOUNT OF DAYLIGHT TODAY  (HOUR:MIN)........6 HOURS 1 MINUTES
GAIN/LOSS SINCE YESTERDAY (HOUR:MIN:SEC)....-0:00:27

$$
*** DEC 14
