923
CDAK47 PAJK 161233
CLIYAK
CLIMATE REPORT
NATIONAL WEATHER SERVICE JUNEAU, AK
330 AM AKST SAT DEC 16 2017


...................................

...THE YAKUTAT CLIMATE SUMMARY FOR DECEMBER 15 2017...

CLIMATE NORMAL PERIOD 1981 TO 2010
CLIMATE RECORD PERIOD 1917 TO 2017


WEATHER ITEM   OBSERVED RECORD YEAR NORMAL DEPARTURE LAST
                VALUE   VALUE       VALUE  FROM      YEAR
                                           NORMAL
...........................................................
TEMPERATURE (F)
 YESTERDAY
  MAXIMUM         39     48    2005  35      4       22
  MINIMUM         34    -13    1964  25      9        3
  AVERAGE         37                 30      7       13

PRECIPITATION (IN)
  YESTERDAY        0.64  10.22 1988   0.54   0.10     0.00
  MONTH TO DATE   14.29               7.94   6.35     1.82
  SINCE JAN 1    125.44             146.78 -21.34   114.41

SNOWFALL (IN)
  YESTERDAY        1.1   11.2  1980   0.7    0.4      0.0
  MONTH TO DATE    1.4               11.1   -9.7     10.5
  SINCE JUL 1     28.2               31.8   -3.6     14.8
  SNOW DEPTH       0

DEGREE DAYS
 HEATING
  YESTERDAY       28                 35     -7       52
  MONTH TO DATE  352                525   -173      622
...........................................................


WIND (MPH)
  HIGHEST WIND SPEED    16   HIGHEST WIND DIRECTION     E (90)
  HIGHEST GUST SPEED    23   HIGHEST GUST DIRECTION     E (100)
  AVERAGE WIND SPEED     7.0


SKY COVER
  AVERAGE SKY COVER 0.8


WEATHER CONDITIONS
 THE FOLLOWING WEATHER WAS RECORDED YESTERDAY.
  RAIN
  LIGHT RAIN
  LIGHT SNOW
  FOG


..........................................................


THE YAKUTAT CLIMATE NORMALS FOR TODAY
                         NORMAL    RECORD    YEAR
 MAXIMUM TEMPERATURE (F)   35        50      2005
 MINIMUM TEMPERATURE (F)   25        -1      1955


SUNRISE AND SUNSET
DECEMBER 16 2017......SUNRISE   913 AM AKST  SUNSET   316 PM AKST
DECEMBER 17 2017......SUNRISE   914 AM AKST  SUNSET   316 PM AKST


-  INDICATES NEGATIVE NUMBERS.
R  INDICATES RECORD WAS SET OR TIED.
MM INDICATES DATA IS MISSING.
T  INDICATES TRACE AMOUNT.




$$
--------------------------------------------------------------

AMOUNT OF DAYLIGHT TODAY (HOUR:MIN)......... 6 HOURS 04 MINUTES
GAIN/LOSS SINCE YESTERDAY (HOUR:MIN:SEC).... -0:00:55

$$
