000
CDAK47 PAYA 240938
CLIYAK

CLIMATE REPORT
NATIONAL WEATHER SERVICE YAKUTAT, AK
138 AM AKDT FRI OCT 24 2014

...................................
...THE YAKUTAT AP CLIMATE SUMMARY FOR OCTOBER 23 2014...

CLIMATE NORMAL PERIOD  1981 TO  2010
CLIMATE RECORD PERIOD  1948 TO  2014

WEATHER ITEM   OBSERVED TIME    RECORD YEAR NORMAL DEPARTURE LAST
               VALUE    (LST)   VALUE       VALUE  FROM      YEAR
                                                   NORMAL
...................................................................
TEMPERATURE
YESTERDAY
 MAXIMUM            48  0323 PM    59  1980     45       3     50
 MINIMUM            29  0740 AM     9  1966     33      -4     35
 AVERAGE            39                          39       0     43

PRECIPITATION
(INCHES)
 YESTERDAY        0.04           4.17  1987   0.63   -0.59   1.71
 MONTH TO DATE   12.32                       17.28   -4.96  16.41
 SINCE SEP 1     32.15                       38.39   -6.24  34.94
 SINCE JAN 1    110.95                      119.69   -8.74 112.57

SNOWFALL
(INCHES)
 YESTERDAY         0.0            2.5  1966    0.1    -0.1    0.0
 MONTH TO DATE     0.0                         1.0    -1.0    0.0
 SINCE SEP 1       0.0                         1.0    -1.0    0.0
 SINCE JUL 1       0.0                         1.0    -1.0    0.0
 SNOW DEPTH (IN)     0                                          0

DEGREE DAYS
 HEATING
  YESTERDAY         26                          26       0     22
  MONTH TO DATE    499                         520     -21    461
  SINCE SEP 1      911                        1018    -107    867
  SINCE JUL 1     1538                        1696    -158   1431

 COOLING
  YESTERDAY          0                           0       0      0
  MONTH TO DATE      0                           0       0      0
  SINCE SEP 1        0                           0       0      0
  SINCE JAN 1        0                           0       0      0
...................................................................

WIND (MPH)
 HIGHEST WIND SPEED     9     HIGHEST WIND DIRECTION    100
 HIGHEST GUST SPEED    12     HIGHEST GUST DIRECTION     90
 AVERAGE WIND SPEED   2.7

SKY COVER
  POSSIBLE SUNSHINE    MM          AVERAGE SKY COVER     MM

WEATHER CONDITIONS
 THE FOLLOWING WEATHER WAS RECORDED YESTERDAY.
  FOG
RAIN


RELATIVE HUMIDITY
 HIGHEST RH     MM PERCENT       MM
 LOWEST  RH     MM PERCENT       MM
 AVERAGE RH     MM PERCENT       MM
...................................................................

THE YAKUTAT CLIMATE NORMALS FOR TODAY
                           NORMAL    RECORD   YEAR
 MAXIMUM TEMPERATURE (F)     45        56     2010
 MINIMUM TEMPERATURE (F)     32         6     1966

SUNRISE AND SUNSET
 OCT 24 2014..........SUNRISE  8:20 AM      SUNSET  5:46 PM
 OCT 25 2014..........SUNRISE  8:22 AM      SUNSET  5:43 PM

-  INDICATES NEGATIVE NUMBERS.
R  INDICATES RECORD HAS BEEN SET OR TIED.
MM INDICATES DATA IS MISSING.
T  INDICATES TRACE OF PRECIPITATION.

&&
-------------------------------------------------------------------

AMOUNT OF DAYLIGHT TODAY  (HOUR:MIN)........9 HOURS 26 MINUTES
GAIN/LOSS SINCE YESTERDAY (HOUR:MIN:SEC)....-0:05:11

$$
*** OCT 14
