000
CDUS46 KPDT 280839
CLIYKM

CLIMATE REPORT
NATIONAL WEATHER SERVICE PENDLETON OR
139 AM PDT TUE JUL 28 2015


...................................

...THE YAKIMA WA CLIMATE SUMMARY FOR JULY 27 2015...

CLIMATE NORMAL PERIOD 1981 TO 2010
CLIMATE RECORD PERIOD 1946 TO 2015


WEATHER ITEM   OBSERVED TIME   RECORD YEAR NORMAL DEPARTURE LAST
                VALUE   (LST)  VALUE       VALUE  FROM      YEAR
                                                  NORMAL
..................................................................
TEMPERATURE (F)
 YESTERDAY
  MAXIMUM         82    254 PM 106    1998  90     -8       96
  MINIMUM         54    255 AM  45    1986  55     -1       56
                                      1955
  AVERAGE         68                        72     -4       76

PRECIPITATION (IN)
  YESTERDAY        0.00          0.16 1947   0.01  -0.01     0.00
  MONTH TO DATE    0.06                      0.20  -0.14     0.06
  SINCE OCT 1      6.39                      7.61  -1.22     3.89
  SINCE JAN 1      4.29                      4.49  -0.20     3.06

SNOWFALL (IN)
  YESTERDAY        0.0           0.0  2002   0.0    0.0      0.0
                                      2001
                                      2000
  MONTH TO DATE    0.0                       0.0    0.0      0.0
  SINCE JAN 1      1.6                       8.6   -7.0     19.9
  SINCE JUL 1      0.0                       0.0    0.0      0.0
  SNOW DEPTH       0

DEGREE DAYS
 HEATING
  YESTERDAY        0                         0      0        0
  MONTH TO DATE    0                        19    -19        5
  SINCE JUN 1      3                       117   -114       35
  SINCE JUL 1      0                        19    -19        5

 COOLING
  YESTERDAY        3                         7     -4       11
  MONTH TO DATE  338                       162    176      330
  SINCE JUN 1    645                       227    418      432
  SINCE JAN 1    737                       247    490      455
..................................................................


WIND (MPH)
  HIGHEST WIND SPEED    30   HIGHEST WIND DIRECTION    NW (320)
  HIGHEST GUST SPEED    56   HIGHEST GUST DIRECTION     N (360)
  AVERAGE WIND SPEED    13.9


SKY COVER
  POSSIBLE SUNSHINE  MM
  AVERAGE SKY COVER 0.2


WEATHER CONDITIONS
 THE FOLLOWING WEATHER WAS RECORDED YESTERDAY.
  NO SIGNIFICANT WEATHER WAS OBSERVED.


RELATIVE HUMIDITY (PERCENT)
 HIGHEST    59           300 AM
 LOWEST     20           300 PM
 AVERAGE    40

..........................................................


THE YAKIMA WA CLIMATE NORMALS FOR TODAY
                         NORMAL    RECORD    YEAR
 MAXIMUM TEMPERATURE (F)   90       105      1998
                                             1971
 MINIMUM TEMPERATURE (F)   55        42      1955
                                             1954


SUNRISE AND SUNSET
JULY 28 2015..........SUNRISE   538 AM PDT   SUNSET   839 PM PDT
JULY 29 2015..........SUNRISE   539 AM PDT   SUNSET   837 PM PDT


-  INDICATES NEGATIVE NUMBERS.
R  INDICATES RECORD WAS SET OR TIED.
MM INDICATES DATA IS MISSING.
T  INDICATES TRACE AMOUNT.


$$
