000
CDUS46 KPDT 200834
CLIYKM

CLIMATE REPORT
NATIONAL WEATHER SERVICE PENDLETON OR
134 AM PDT SUN APR 20 2014


...................................

...THE YAKIMA WA CLIMATE SUMMARY FOR APRIL 19 2014...

CLIMATE NORMAL PERIOD 1981 TO 2010
CLIMATE RECORD PERIOD 1946 TO 2014


WEATHER ITEM   OBSERVED TIME   RECORD YEAR NORMAL DEPARTURE LAST
                VALUE   (LST)  VALUE       VALUE  FROM      YEAR
                                                  NORMAL
..................................................................
TEMPERATURE (F)
 YESTERDAY
  MAXIMUM         65   1211 PM  79    1956  64      1       69
  MINIMUM         31    240 AM  18    2008  35     -4       45
  AVERAGE         48                        50     -2       57

PRECIPITATION (IN)
  YESTERDAY        T             0.31 1989   0.02  -0.02      T
  MONTH TO DATE    0.01                      0.33  -0.32     0.40
  SINCE OCT 1      3.17                      5.99  -2.82     5.10
  SINCE JAN 1      2.34                      2.87  -0.53     1.30

SNOWFALL (IN)
  YESTERDAY        0.0           T    2008   0.0    0.0      0.0
  MONTH TO DATE    0.0                       0.0    0.0      0.0
  SINCE JAN 1     19.9                       8.6   11.3      1.1
  SINCE JUL 1     19.9                      21.6   -1.7     15.3
  SNOW DEPTH       0

DEGREE DAYS
 HEATING
  YESTERDAY       17                        15      2        8
  MONTH TO DATE  235                       323    -88      274
  SINCE MAR 1    869                      1000   -131      869
  SINCE JUL 1   5271                      5527   -256     4832

 COOLING
  YESTERDAY        0                         0      0        0
  MONTH TO DATE    0                         0      0        0
  SINCE MAR 1      0                         0      0        0
  SINCE JAN 1      0                         0      0        0
..................................................................


WIND (MPH)
  HIGHEST WIND SPEED    29   HIGHEST WIND DIRECTION    SW (220)
  HIGHEST GUST SPEED    36   HIGHEST GUST DIRECTION    SW (220)
  AVERAGE WIND SPEED     9.0


SKY COVER
  POSSIBLE SUNSHINE  MM
  AVERAGE SKY COVER 0.3


WEATHER CONDITIONS
 THE FOLLOWING WEATHER WAS RECORDED YESTERDAY.
  LIGHT RAIN


RELATIVE HUMIDITY (PERCENT)
 HIGHEST    78           200 AM
 LOWEST     27          1200 PM
 AVERAGE    53

..........................................................


THE YAKIMA WA CLIMATE NORMALS FOR TODAY
                         NORMAL    RECORD    YEAR
 MAXIMUM TEMPERATURE (F)   65        84      1956
 MINIMUM TEMPERATURE (F)   35        22      2008
                                             1985


SUNRISE AND SUNSET
APRIL 20 2014.........SUNRISE   606 AM PDT   SUNSET   757 PM PDT
APRIL 21 2014.........SUNRISE   604 AM PDT   SUNSET   758 PM PDT


-  INDICATES NEGATIVE NUMBERS.
R  INDICATES RECORD WAS SET OR TIED.
MM INDICATES DATA IS MISSING.
T  INDICATES TRACE AMOUNT.


$$
