000
CDUS46 KPDT 030849
CLIYKM

CLIMATE REPORT
NATIONAL WEATHER SERVICE PENDLETON OR
144 AM PDT WED JUN 3 2015


...................................

...THE YAKIMA WA CLIMATE SUMMARY FOR JUNE 2 2015...

CLIMATE NORMAL PERIOD 1981 TO 2010
CLIMATE RECORD PERIOD 1946 TO 2015


WEATHER ITEM   OBSERVED TIME   RECORD YEAR NORMAL DEPARTURE LAST
                VALUE   (LST)  VALUE       VALUE  FROM      YEAR
                                                  NORMAL
..................................................................
TEMPERATURE (F)
 YESTERDAY
  MAXIMUM         77    220 PM  95    2007  77      0       88
  MINIMUM         56   1128 PM  30    1976  46     10       55
  AVERAGE         67                        61      6       72

PRECIPITATION (IN)
  YESTERDAY        0.00          0.64 1988   0.02  -0.02     0.00
  MONTH TO DATE    T                         0.05  -0.05     0.00
  SINCE OCT 1      6.32                      6.84  -0.52     3.75
  SINCE JAN 1      4.22                      3.72   0.50     2.92

SNOWFALL (IN)
  YESTERDAY        0.0           0.0  2002   0.0    0.0      0.0
                                      2001
                                      2000
  MONTH TO DATE    0.0                       0.0    0.0      0.0
  SINCE JAN 1      1.6                       8.6   -7.0     19.9
  SINCE JUL 1      1.6                      21.6  -20.0     19.9
  SNOW DEPTH       0

DEGREE DAYS
 HEATING
  YESTERDAY        0                         5     -5        0
  MONTH TO DATE    0                        10    -10        0
  SINCE JUN 1      0                        10    -10        0
  SINCE JUL 1   4507                      5954  -1447     5570

 COOLING
  YESTERDAY        2                         1      1        7
  MONTH TO DATE    8                         2      6       10
  SINCE JUN 1      8                         2      6       10
  SINCE JAN 1    100                        22     78       33
..................................................................


WIND (MPH)
  HIGHEST WIND SPEED    25   HIGHEST WIND DIRECTION    NW (310)
  HIGHEST GUST SPEED    38   HIGHEST GUST DIRECTION    NW (300)
  AVERAGE WIND SPEED    10.4


SKY COVER
  POSSIBLE SUNSHINE  MM
  AVERAGE SKY COVER 0.6


WEATHER CONDITIONS
 THE FOLLOWING WEATHER WAS RECORDED YESTERDAY.
  NO SIGNIFICANT WEATHER WAS OBSERVED.


RELATIVE HUMIDITY (PERCENT)
 HIGHEST    67           200 AM
 LOWEST     27           100 PM
 AVERAGE    47

..........................................................


THE YAKIMA WA CLIMATE NORMALS FOR TODAY
                         NORMAL    RECORD    YEAR
 MAXIMUM TEMPERATURE (F)   77        98      1970
 MINIMUM TEMPERATURE (F)   46        32      1976


SUNRISE AND SUNSET
JUNE  3 2015..........SUNRISE   512 AM PDT   SUNSET   849 PM PDT
JUNE  4 2015..........SUNRISE   511 AM PDT   SUNSET   850 PM PDT


-  INDICATES NEGATIVE NUMBERS.
R  INDICATES RECORD WAS SET OR TIED.
MM INDICATES DATA IS MISSING.
T  INDICATES TRACE AMOUNT.




$$
