000
CDUS46 KPDT 180908 RRB
CLIYKM

CLIMATE REPORT
NATIONAL WEATHER SERVICE PENDLETON OR
1250 AM PST SAT NOV 18 2017


...................................

...THE YAKIMA WA CLIMATE SUMMARY FOR NOVEMBER 17 2017...

CLIMATE NORMAL PERIOD 1981 TO 2010
CLIMATE RECORD PERIOD 1946 TO 2017


WEATHER ITEM   OBSERVED TIME   RECORD YEAR NORMAL DEPARTURE LAST
                VALUE   (LST)  VALUE       VALUE  FROM      YEAR
                                                  NORMAL
..................................................................
TEMPERATURE (F)
 YESTERDAY
  MAXIMUM         55   1236 PM  70    2015  47      8       50
  MINIMUM         27    700 AM   9    1961  27      0       26
  AVERAGE         41                        37      4       38

PRECIPITATION (IN)
  YESTERDAY        0.00          0.27 1955   0.03  -0.03     0.00
  MONTH TO DATE    0.73                      0.54   0.19     0.52
  SINCE OCT 1      1.52                      1.08   0.44     2.95
  SINCE JAN 1      9.47                      6.21   3.26     9.01

SNOWFALL (IN)
  YESTERDAY        0.0           5.4  1955   0.1   -0.1      0.0
  MONTH TO DATE    0.4                       1.0   -0.6      0.0
  SINCE JAN 1     29.5                       9.7   19.8     12.5
  SINCE JUL 1      0.4                       1.1   -0.7      0.0
  SNOW DEPTH       0

DEGREE DAYS
 HEATING
  YESTERDAY       24                        28     -4       27
  MONTH TO DATE  398                       428    -30      258
  SINCE SEP 1    959                      1084   -125      713
  SINCE JUL 1    959                      1132   -173      716

 COOLING
  YESTERDAY        0                         0      0        0
  MONTH TO DATE    0                         0      0        0
  SINCE SEP 1    116                        32     84       21
  SINCE JAN 1   1054                       472    582      774
..................................................................


WIND (MPH)
  HIGHEST WIND SPEED    26   HIGHEST WIND DIRECTION     W (270)
  HIGHEST GUST SPEED    34   HIGHEST GUST DIRECTION     W (270)
  AVERAGE WIND SPEED     8.1


SKY COVER
  POSSIBLE SUNSHINE  MM
  AVERAGE SKY COVER 0.0


WEATHER CONDITIONS
 THE FOLLOWING WEATHER WAS RECORDED YESTERDAY.
  NO SIGNIFICANT WEATHER WAS OBSERVED.


RELATIVE HUMIDITY (PERCENT)
 HIGHEST    92           700 AM
 LOWEST     32          1200 PM
 AVERAGE    62

..........................................................


THE YAKIMA WA CLIMATE NORMALS FOR TODAY
                         NORMAL    RECORD    YEAR
 MAXIMUM TEMPERATURE (F)   47        67      2003
 MINIMUM TEMPERATURE (F)   26         8      2014


SUNRISE AND SUNSET
NOVEMBER 18 2017......SUNRISE   709 AM PST   SUNSET   425 PM PST
NOVEMBER 19 2017......SUNRISE   710 AM PST   SUNSET   424 PM PST


-  INDICATES NEGATIVE NUMBERS.
R  INDICATES RECORD WAS SET OR TIED.
MM INDICATES DATA IS MISSING.
T  INDICATES TRACE AMOUNT.




$$
