000
CDUS46 KPDT 250832 RRB
CLIYKM

CLIMATE REPORT
NATIONAL WEATHER SERVICE PENDLETON OR
131 AM PDT MON SEP 25 2017


...................................

...THE YAKIMA WA CLIMATE SUMMARY FOR SEPTEMBER 24 2017...

CLIMATE NORMAL PERIOD 1981 TO 2010
CLIMATE RECORD PERIOD 1946 TO 2017


WEATHER ITEM   OBSERVED TIME   RECORD YEAR NORMAL DEPARTURE LAST
                VALUE   (LST)  VALUE       VALUE  FROM      YEAR
                                                  NORMAL
..................................................................
TEMPERATURE (F)
 YESTERDAY
  MAXIMUM         76    408 PM  92    1952  75      1       74
  MINIMUM         41    530 AM  27    2000  41      0       40
  AVERAGE         59                        58      1       57

PRECIPITATION (IN)
  YESTERDAY        0.00          0.30 2014   0.01  -0.01     0.00
  MONTH TO DATE    0.16                      0.28  -0.12     0.16
  SINCE OCT 1     11.87                      8.17   3.70    10.70
  SINCE JAN 1      7.95                      5.05   2.90     6.05

SNOWFALL (IN)
  YESTERDAY        0.0           0.0  2002   0.0    0.0      0.0
                                      2001
                                      1999
  MONTH TO DATE    0.0                       0.0    0.0      0.0
  SINCE JAN 1     29.1                       8.6   20.5     12.5
  SINCE JUL 1      0.0                       0.0    0.0      0.0
  SNOW DEPTH       0

DEGREE DAYS
 HEATING
  YESTERDAY        6                         8     -2        8
  MONTH TO DATE   84                       107    -23       81
  SINCE SEP 1     84                       107    -23       81
  SINCE JUL 1     84                       155    -71       84

 COOLING
  YESTERDAY        0                         0      0        0
  MONTH TO DATE  116                        31     85       12
  SINCE SEP 1    116                        31     85       12
  SINCE JAN 1   1054                       471    583      765
..................................................................


WIND (MPH)
  HIGHEST WIND SPEED    10   HIGHEST WIND DIRECTION     W (260)
  HIGHEST GUST SPEED    12   HIGHEST GUST DIRECTION     W (270)
  AVERAGE WIND SPEED     4.1


SKY COVER
  POSSIBLE SUNSHINE  MM
  AVERAGE SKY COVER 0.0


WEATHER CONDITIONS
 THE FOLLOWING WEATHER WAS RECORDED YESTERDAY.
  NO SIGNIFICANT WEATHER WAS OBSERVED.


RELATIVE HUMIDITY (PERCENT)
 HIGHEST    83           300 AM
 LOWEST     29           400 PM
 AVERAGE    56

..........................................................


THE YAKIMA WA CLIMATE NORMALS FOR TODAY
                         NORMAL    RECORD    YEAR
 MAXIMUM TEMPERATURE (F)   75        93      1952
 MINIMUM TEMPERATURE (F)   41        27      1972


SUNRISE AND SUNSET
SEPTEMBER 25 2017.....SUNRISE   653 AM PDT   SUNSET   653 PM PDT
SEPTEMBER 26 2017.....SUNRISE   655 AM PDT   SUNSET   651 PM PDT


-  INDICATES NEGATIVE NUMBERS.
R  INDICATES RECORD WAS SET OR TIED.
MM INDICATES DATA IS MISSING.
T  INDICATES TRACE AMOUNT.

$$
