000
CDUS46 KPDT 300859
CLIYKM

CLIMATE REPORT
NATIONAL WEATHER SERVICE PENDLETON OR
1255 AM PST FRI JAN 30 2015


...................................

...THE YAKIMA WA CLIMATE SUMMARY FOR JANUARY 29 2015...

CLIMATE NORMAL PERIOD 1981 TO 2010
CLIMATE RECORD PERIOD 1946 TO 2015


WEATHER ITEM   OBSERVED TIME   RECORD YEAR NORMAL DEPARTURE LAST
                VALUE   (LST)  VALUE       VALUE  FROM      YEAR
                                                  NORMAL
..................................................................
TEMPERATURE (F)
 YESTERDAY
  MAXIMUM         39    337 PM  59    1974  42     -3       37
  MINIMUM         34    709 AM -13    1957  25      9       31
  AVERAGE         37                        33      4       34

PRECIPITATION (IN)
  YESTERDAY        0.00          0.54 1958   0.03  -0.03     0.10
  MONTH TO DATE    0.70                      1.08  -0.38     0.30
  SINCE OCT 1      2.80                      4.20  -1.40     1.13
  SINCE JAN 1      0.70                      1.08  -0.38     0.30

SNOWFALL (IN)
  YESTERDAY        0.0           2.6  1968   0.1   -0.1      0.0
  MONTH TO DATE    1.6                       5.1   -3.5      0.5
  SINCE JAN 1      1.6                       5.1   -3.5      0.5
  SINCE JUL 1      1.6                      18.1  -16.5      0.5
  SNOW DEPTH       0

DEGREE DAYS
 HEATING
  YESTERDAY       28                        32     -4       31
  MONTH TO DATE  875                       994   -119      880
  SINCE DEC 1   1769                      2124   -355     2035
  SINCE JUL 1   2953                      3657   -704     3451

 COOLING
  YESTERDAY        0                         0      0        0
  MONTH TO DATE    0                         0      0        0
  SINCE DEC 1      0                         0      0        0
  SINCE JAN 1      0                         0      0        0
..................................................................


WIND (MPH)
  HIGHEST WIND SPEED     7   HIGHEST WIND DIRECTION     W (250)
  HIGHEST GUST SPEED     8   HIGHEST GUST DIRECTION     W (260)
  AVERAGE WIND SPEED     1.6


SKY COVER
  POSSIBLE SUNSHINE  MM
  AVERAGE SKY COVER 1.0


WEATHER CONDITIONS
THE FOLLOWING WEATHER WAS RECORDED YESTERDAY.
  FOG


RELATIVE HUMIDITY (PERCENT)
 HIGHEST    96           700 AM
 LOWEST     82           600 PM
 AVERAGE    89

..........................................................


THE YAKIMA WA CLIMATE NORMALS FOR TODAY
                         NORMAL    RECORD    YEAR
 MAXIMUM TEMPERATURE (F)   42        68      1971
 MINIMUM TEMPERATURE (F)   25       -15      1950


SUNRISE AND SUNSET
JANUARY 30 2015.......SUNRISE   728 AM PST   SUNSET   503 PM PST
JANUARY 31 2015.......SUNRISE   727 AM PST   SUNSET   504 PM PST


-  INDICATES NEGATIVE NUMBERS.
R  INDICATES RECORD WAS SET OR TIED.
MM INDICATES DATA IS MISSING.
T  INDICATES TRACE AMOUNT.




$$
