000
CDUS46 KPDT 250913
CLIYKM

CLIMATE REPORT
NATIONAL WEATHER SERVICE PENDLETON OR
113 AM PST TUE NOV 25 2014


...................................

...THE YAKIMA WA CLIMATE SUMMARY FOR NOVEMBER 24 2014...

CLIMATE NORMAL PERIOD 1981 TO 2010
CLIMATE RECORD PERIOD 1946 TO 2014


WEATHER ITEM   OBSERVED TIME   RECORD YEAR NORMAL DEPARTURE LAST
                VALUE   (LST)  VALUE       VALUE  FROM      YEAR
                                                  NORMAL
..................................................................
TEMPERATURE (F)
 YESTERDAY
  MAXIMUM         47   1229 AM  67    1990  43      4       41
  MINIMUM         25    704 AM -11    1985  25      0       12
  AVERAGE         36                        34      2       27

PRECIPITATION (IN)
  YESTERDAY        0.00          0.83 1960   0.04  -0.04     0.00
  MONTH TO DATE    0.31                      0.80  -0.49     0.38
  SINCE OCT 1      1.17                      1.34  -0.17     0.51
  SINCE JAN 1      5.59                      6.47  -0.88     5.17

SNOWFALL (IN)
  YESTERDAY        0.0           5.7  1979   0.2   -0.2      0.0
  MONTH TO DATE    0.1                       2.2   -2.1      0.0
  SINCE JAN 1     20.0                      10.9    9.1      1.1
  SINCE JUL 1      0.1                       2.3   -2.2      0.0
  SNOW DEPTH       0

DEGREE DAYS
 HEATING
  YESTERDAY       29                        31     -2       38
  MONTH TO DATE  664                       637     27      589
  SINCE SEP 1   1027                      1293   -266     1205
  SINCE JUL 1   1033                      1341   -308     1205

 COOLING
  YESTERDAY        0                         0      0        0
  MONTH TO DATE    0                         0      0        0
  SINCE SEP 1     44                        32     12      135
  SINCE JAN 1    871                       472    399      970
..................................................................


WIND (MPH)
  HIGHEST WIND SPEED    12   HIGHEST WIND DIRECTION    NW (310)
  HIGHEST GUST SPEED    13   HIGHEST GUST DIRECTION     W (280)
  AVERAGE WIND SPEED     3.1


SKY COVER
  POSSIBLE SUNSHINE  MM
  AVERAGE SKY COVER 0.1


WEATHER CONDITIONS
THE FOLLOWING WEATHER WAS RECORDED YESTERDAY.
  NO SIGNIFICANT WEATHER WAS OBSERVED.


RELATIVE HUMIDITY (PERCENT)
 HIGHEST    88           700 AM
 LOWEST     49           300 PM
 AVERAGE    69

..........................................................


THE YAKIMA WA CLIMATE NORMALS FOR TODAY
                         NORMAL    RECORD    YEAR
 MAXIMUM TEMPERATURE (F)   43        64      1949
 MINIMUM TEMPERATURE (F)   25        -7      1985


SUNRISE AND SUNSET
NOVEMBER 25 2014......SUNRISE   718 AM PST   SUNSET   420 PM PST
NOVEMBER 26 2014......SUNRISE   719 AM PST   SUNSET   419 PM PST


-  INDICATES NEGATIVE NUMBERS.
R  INDICATES RECORD WAS SET OR TIED.
MM INDICATES DATA IS MISSING.
T  INDICATES TRACE AMOUNT.

$$
