000
CDUS41 KCLE 262115
CLIYNG


CLIMATE REPORT
NATIONAL WEATHER SERVICE CLEVELAND OH
515 PM EDT THU MAY 26 2016


...................................

...THE YOUNGSTOWN OH CLIMATE SUMMARY FOR MAY 26 2016...
VALID TODAY AS OF 0500 PM LOCAL TIME.

CLIMATE NORMAL PERIOD 1981 TO 2010
CLIMATE RECORD PERIOD 1897 TO 2016


WEATHER ITEM   OBSERVED TIME   RECORD YEAR NORMAL DEPARTURE LAST
                VALUE   (LST)  VALUE       VALUE  FROM      YEAR
                                                  NORMAL
..................................................................
TEMPERATURE (F)
 TODAY
  MAXIMUM         82    304 PM  87    1939  72     10       82
  MINIMUM         67   1218 AM  30    1988  50     17       67
  AVERAGE         75                        60     15       75

PRECIPITATION (IN)
  TODAY            0.00                      0.12  -0.12     0.08
  MONTH TO DATE    2.29                      3.14  -0.85     1.34
  SINCE MAR 1      9.91                      9.44   0.47     6.55
  SINCE JAN 1     15.10                     14.14   0.96    11.78

SNOWFALL (IN)
  TODAY            0.0                       0.0    0.0      0.0
  MONTH TO DATE    0.2                       0.0    0.2      0.0
  SINCE MAR 1     13.3                      13.9   -0.6      9.5
  SINCE JUL 1     44.9                      62.7  -17.8     79.0
  SNOW DEPTH       0

DEGREE DAYS
 HEATING
  TODAY            0                         6     -6        0
  MONTH TO DATE  246                       226     20      133
  SINCE MAR 1   1405                      1605   -200     1564
  SINCE JUL 1   5253                      6253  -1000     6682

 COOLING
  TODAY           10                         2      8       10
  MONTH TO DATE   16                        20     -4       88
  SINCE MAR 1     16                        29    -13       88
  SINCE JAN 1     16                        29    -13       88
..................................................................


WIND (MPH)
  HIGHEST WIND SPEED    18   HIGHEST WIND DIRECTION    SW (220)
  HIGHEST GUST SPEED    27   HIGHEST GUST DIRECTION    SW (220)


SKY COVER
  POSSIBLE SUNSHINE  MM
  AVERAGE SKY COVER 0.9


WEATHER CONDITIONS
 THE FOLLOWING WEATHER WAS RECORDED TODAY.
  NO SIGNIFICANT WEATHER WAS OBSERVED.


RELATIVE HUMIDITY (PERCENT)
 HIGHEST    70           700 AM
 LOWEST     54          1200 PM
 AVERAGE    62

..........................................................


THE YOUNGSTOWN OH CLIMATE NORMALS FOR TOMORROW
                         NORMAL    RECORD    YEAR
 MAXIMUM TEMPERATURE (F)   72        92      1939
 MINIMUM TEMPERATURE (F)   50        30      1969


SUNRISE AND SUNSET
MAY 26 2016...........SUNRISE   555 AM EDT   SUNSET   845 PM EDT
MAY 27 2016...........SUNRISE   554 AM EDT   SUNSET   846 PM EDT


-  INDICATES NEGATIVE NUMBERS.
R  INDICATES RECORD WAS SET OR TIED.
MM INDICATES DATA IS MISSING.
T  INDICATES TRACE AMOUNT.




$$
