000
CDUS41 KCLE 310545
CLIYNG


CLIMATE REPORT
NATIONAL WEATHER SERVICE CLEVELAND OH
145 AM EDT FRI JUL 31 2015


...................................

...THE YOUNGSTOWN OH CLIMATE SUMMARY FOR JULY 30 2015...

CLIMATE NORMAL PERIOD 1981 TO 2010
CLIMATE RECORD PERIOD 1897 TO 2015


WEATHER ITEM   OBSERVED TIME   RECORD YEAR NORMAL DEPARTURE LAST
                VALUE   (LST)  VALUE       VALUE  FROM      YEAR
                                                  NORMAL
..................................................................
TEMPERATURE (F)
 YESTERDAY
  MAXIMUM         85    246 PM  95    1940  81      4       74
                                      1933
  MINIMUM         65    556 AM  46    1997  60      5       58
                                      1965
  AVERAGE         75                        70      5       66

PRECIPITATION (IN)
  YESTERDAY        0.07                      0.13  -0.06     0.04
  MONTH TO DATE    4.07                      4.18  -0.11     3.40
  SINCE JUN 1     13.09                      8.06   5.03     8.20
  SINCE JAN 1     28.07                     22.85   5.22    23.29

SNOWFALL (IN)
  YESTERDAY        0.0                       0.0    0.0      0.0
  MONTH TO DATE    0.0                       0.0    0.0      0.0
  SINCE JUN 1      0.0                       0.0    0.0      0.0
  SINCE JUL 1      0.0                       0.0    0.0      0.0
  SNOW DEPTH       0

DEGREE DAYS
 HEATING
  YESTERDAY        0                         0      0        0
  MONTH TO DATE    7                         8     -1       28
  SINCE JUN 1     49                        77    -28       56
  SINCE JUL 1      7                         8     -1       28

 COOLING
  YESTERDAY       10                         6      4        1
  MONTH TO DATE  176                       180     -4      127
  SINCE JUN 1    286                       290     -4      280
  SINCE JAN 1    398                       329     69      335
..................................................................


WIND (MPH)
  HIGHEST WIND SPEED    18   HIGHEST WIND DIRECTION    NW (320)
  HIGHEST GUST SPEED    26   HIGHEST GUST DIRECTION     W (290)
  AVERAGE WIND SPEED     7.6


SKY COVER
  POSSIBLE SUNSHINE  MM
  AVERAGE SKY COVER 0.6


WEATHER CONDITIONS
 THE FOLLOWING WEATHER WAS RECORDED YESTERDAY.
  THUNDERSTORM
  FOG


RELATIVE HUMIDITY (PERCENT)
 HIGHEST   100           500 AM
 LOWEST     37           400 PM
 AVERAGE    69

..........................................................


THE YOUNGSTOWN OH CLIMATE NORMALS FOR TODAY
                         NORMAL    RECORD    YEAR
 MAXIMUM TEMPERATURE (F)   81        97      1941
 MINIMUM TEMPERATURE (F)   60        48      1997


SUNRISE AND SUNSET
JULY 31 2015..........SUNRISE   617 AM EDT   SUNSET   841 PM EDT
AUGUST  1 2015........SUNRISE   618 AM EDT   SUNSET   840 PM EDT


-  INDICATES NEGATIVE NUMBERS.
R  INDICATES RECORD WAS SET OR TIED.
MM INDICATES DATA IS MISSING.
T  INDICATES TRACE AMOUNT.




$$
