000
CDUS41 KCLE 050540
CLIYNG


CLIMATE REPORT
NATIONAL WEATHER SERVICE CLEVELAND OH
1239 AM EST MON DEC 5 2016


...................................

...THE YOUNGSTOWN OH CLIMATE SUMMARY FOR DECEMBER 4 2016...

CLIMATE NORMAL PERIOD 1981 TO 2010
CLIMATE RECORD PERIOD 1897 TO 2016


WEATHER ITEM   OBSERVED TIME   RECORD YEAR NORMAL DEPARTURE LAST
                VALUE   (LST)  VALUE       VALUE  FROM      YEAR
                                                  NORMAL
..................................................................
TEMPERATURE (F)
 YESTERDAY
  MAXIMUM         39    449 PM  67    1982  40     -1       38
  MINIMUM         30    831 AM   3    1966  28      2       25
  AVERAGE         35                        34      1       32

PRECIPITATION (IN)
  YESTERDAY        0.09                      0.10  -0.01     0.00
  MONTH TO DATE    0.11                      0.40  -0.29     0.26
  SINCE DEC 1      0.11                      0.40  -0.29     0.26
  SINCE JAN 1     40.88                     36.32   4.56    40.45

SNOWFALL (IN)
  YESTERDAY        0.7                       0.4    0.3      0.0
  MONTH TO DATE    0.7                       1.6   -0.9      0.7
  SINCE DEC 1      0.7                       1.6   -0.9      0.7
  SINCE JUL 1      5.1                       6.0   -0.9      1.1
  SNOW DEPTH       0

DEGREE DAYS
 HEATING
  YESTERDAY       30                        31     -1       33
  MONTH TO DATE  113                       121     -8      100
  SINCE DEC 1    113                       121     -8      100
  SINCE JUL 1   1085                      1450   -365     1102

 COOLING
  YESTERDAY        0                         0      0        0
  MONTH TO DATE    0                         0      0        0
  SINCE DEC 1      0                         0      0        0
  SINCE JAN 1    879                       544    335      681
..................................................................


WIND (MPH)
  HIGHEST WIND SPEED    16   HIGHEST WIND DIRECTION     E (110)
  HIGHEST GUST SPEED    20   HIGHEST GUST DIRECTION    SE (130)
  AVERAGE WIND SPEED     7.0


SKY COVER
  POSSIBLE SUNSHINE  MM
  AVERAGE SKY COVER 0.9


WEATHER CONDITIONS
 THE FOLLOWING WEATHER WAS RECORDED YESTERDAY.
  LIGHT RAIN
  SNOW
  LIGHT SNOW
  FOG


RELATIVE HUMIDITY (PERCENT)
 HIGHEST    89          1100 PM
 LOWEST     59           100 PM
 AVERAGE    74

..........................................................


THE YOUNGSTOWN OH CLIMATE NORMALS FOR TODAY
                         NORMAL    RECORD    YEAR
 MAXIMUM TEMPERATURE (F)   40        71      2001
 MINIMUM TEMPERATURE (F)   28         9      1991


SUNRISE AND SUNSET
DECEMBER  5 2016......SUNRISE   733 AM EST   SUNSET   454 PM EST
DECEMBER  6 2016......SUNRISE   734 AM EST   SUNSET   453 PM EST


-  INDICATES NEGATIVE NUMBERS.
R  INDICATES RECORD WAS SET OR TIED.
MM INDICATES DATA IS MISSING.
T  INDICATES TRACE AMOUNT.




$$
