000
CDUS41 KCLE 280529
CLIYNG


CLIMATE REPORT
NATIONAL WEATHER SERVICE CLEVELAND OH
1228 AM EST WED JAN 28 2015


...................................

...THE YOUNGSTOWN OH CLIMATE SUMMARY FOR JANUARY 27 2015...

CLIMATE NORMAL PERIOD 1981 TO 2010
CLIMATE RECORD PERIOD 1897 TO 2015


WEATHER ITEM   OBSERVED TIME   RECORD YEAR NORMAL DEPARTURE LAST
                VALUE   (LST)  VALUE       VALUE  FROM      YEAR
                                                  NORMAL
..................................................................
TEMPERATURE (F)
 YESTERDAY
  MAXIMUM         20    203 PM  57    2002  33    -13       38
  MINIMUM          9   1153 PM  -5    2003  19    -10       -2
                                      1936
  AVERAGE         15                        26    -11       18

PRECIPITATION (IN)
  YESTERDAY        0.04                      0.07  -0.03     0.05
  MONTH TO DATE    2.75                      2.25   0.50     2.41
  SINCE DEC 1      5.07                      5.24  -0.17     5.93
  SINCE JAN 1      2.75                      2.25   0.50     2.41

SNOWFALL (IN)
  YESTERDAY        1.0                       0.5    0.5      1.0
  MONTH TO DATE   25.6                      14.5   11.1     22.8
  SINCE DEC 1     26.3                      29.5   -3.2     43.3
  SINCE JUL 1     37.9                      33.9    4.0     57.4
  SNOW DEPTH       8

DEGREE DAYS
 HEATING
  YESTERDAY       50                        39     11       47
  MONTH TO DATE 1158                      1059     99     1187
  SINCE DEC 1   2091                      2136    -45     2249
  SINCE JUL 1   3501                      3465     36     3631

 COOLING
  YESTERDAY        0                         0      0        0
  MONTH TO DATE    0                         0      0        0
  SINCE DEC 1      0                         0      0        0
  SINCE JAN 1      0                         0      0        0
..................................................................


WIND (MPH)
  HIGHEST WIND SPEED    20   HIGHEST WIND DIRECTION    NW (330)
  HIGHEST GUST SPEED    23   HIGHEST GUST DIRECTION    NW (320)
  AVERAGE WIND SPEED    10.6


SKY COVER
  POSSIBLE SUNSHINE  MM
  AVERAGE SKY COVER 1.0


WEATHER CONDITIONS
 THE FOLLOWING WEATHER WAS RECORDED YESTERDAY.
  LIGHT SNOW
  FOG


RELATIVE HUMIDITY (PERCENT)
 HIGHEST    88          1000 PM
 LOWEST     73          1100 AM
 AVERAGE    81

..........................................................


THE YOUNGSTOWN OH CLIMATE NORMALS FOR TODAY
                         NORMAL    RECORD    YEAR
 MAXIMUM TEMPERATURE (F)   33        60      2002
 MINIMUM TEMPERATURE (F)   19       -13      1977


SUNRISE AND SUNSET
JANUARY 28 2015.......SUNRISE   738 AM EST   SUNSET   534 PM EST
JANUARY 29 2015.......SUNRISE   737 AM EST   SUNSET   535 PM EST


-  INDICATES NEGATIVE NUMBERS.
R  INDICATES RECORD WAS SET OR TIED.
MM INDICATES DATA IS MISSING.
T  INDICATES TRACE AMOUNT.




$$
