000
CDUS41 KPBZ 291328
CLIZZV


CLIMATE REPORT
NATIONAL WEATHER SERVICE PITTSBURGH PA
827 AM EST MON DEC 29 2014


...................................

...THE ZANESVILLE OH CLIMATE SUMMARY FOR DECEMBER 29 2014...
VALID AS OF 0800 AM LOCAL TIME.

CLIMATE NORMAL PERIOD 1981 TO 2010
CLIMATE RECORD PERIOD 1946 TO 2014


WEATHER ITEM   OBSERVED TIME   RECORD YEAR NORMAL DEPARTURE LAST
                VALUE   (LST)  VALUE       VALUE  FROM      YEAR
                                                  NORMAL
..................................................................
TEMPERATURE (F)
 TODAY
  MINIMUM         27    654 AM   0    1993  22      5       37

PRECIPITATION (IN)
  TODAY            0.00         MM      MM   0.08  -0.08     0.30
  MONTH TO DATE    3.27                      2.41   0.86     4.14
  SINCE JUN 1     22.41                     22.23   0.18    28.31
  SINCE JAN 1     36.74                     37.69  -0.95    38.90

DEGREE DAYS
 HEATING
  TODAY           35

 COOLING
  TODAY            0
..................................................................







THE ZANESVILLE OH CLIMATE NORMALS FOR TOMORROW
                         NORMAL    RECORD    YEAR
 MAXIMUM TEMPERATURE (F)   38        63      1990
 MINIMUM TEMPERATURE (F)   22        -2      1963


SUNRISE AND SUNSET
DECEMBER 29 2014......SUNRISE   749 AM EST   SUNSET   511 PM EST
DECEMBER 30 2014......SUNRISE   749 AM EST   SUNSET   511 PM EST


-  INDICATES NEGATIVE NUMBERS.
R  INDICATES RECORD WAS SET OR TIED.
MM INDICATES DATA IS MISSING.
T  INDICATES TRACE AMOUNT.




$$
