000
CDUS41 KPBZ 230702
CLIZZV


CLIMATE REPORT
NATIONAL WEATHER SERVICE PITTSBURGH PA
302 AM EDT WED JUL 23 2014


...................................

...THE ZANESVILLE OH CLIMATE SUMMARY FOR JULY 22 2014...

CLIMATE NORMAL PERIOD 1981 TO 2010
CLIMATE RECORD PERIOD 1946 TO 2014


WEATHER ITEM   OBSERVED TIME   RECORD YEAR NORMAL DEPARTURE LAST
                VALUE   (LST)  VALUE       VALUE  FROM      YEAR
                                                  NORMAL
..................................................................
TEMPERATURE (F)
 YESTERDAY
  MAXIMUM         87    447 PM  96    2011  84      3       75
                                      1991
  MINIMUM         65    557 AM  49    1966  62      3       68
  AVERAGE         76                        73      3       72

PRECIPITATION (IN)
  YESTERDAY        0.00         MM      MM   0.12  -0.12     1.33
  MONTH TO DATE    2.75                      2.82  -0.07     5.16
  SINCE JUN 1      9.49                      6.86   2.63    11.41
  SINCE JAN 1     23.82                     22.32   1.50    22.00

DEGREE DAYS
 HEATING
  YESTERDAY        0                         0      0        0
  MONTH TO DATE    8                         0      8        0
  SINCE JUN 1     18                        32    -14       18
  SINCE JUL 1      8                         0      8        0

 COOLING
  YESTERDAY       11                         8      3        7
  MONTH TO DATE  130                       176    -46      247
  SINCE JUN 1    326                       334     -8      403
  SINCE JAN 1    408                       388     20      511
..................................................................


WIND (MPH)
  HIGHEST WIND SPEED    10   HIGHEST WIND DIRECTION     S (180)
  HIGHEST GUST SPEED    13   HIGHEST GUST DIRECTION     S (200)
  AVERAGE WIND SPEED     2.3


SKY COVER
  POSSIBLE SUNSHINE  MM
  AVERAGE SKY COVER 0.2


WEATHER CONDITIONS
 THE FOLLOWING WEATHER WAS RECORDED YESTERDAY.
  FOG
  FOG W/VISIBILITY <= 1/4 MILE


RELATIVE HUMIDITY (PERCENT)
 HIGHEST   100           600 AM
 LOWEST     51           200 PM
 AVERAGE    76

..........................................................


THE ZANESVILLE OH CLIMATE NORMALS FOR TODAY
                         NORMAL    RECORD    YEAR
 MAXIMUM TEMPERATURE (F)   84        96      1991
 MINIMUM TEMPERATURE (F)   62        41      1947


SUNRISE AND SUNSET
JULY 23 2014..........SUNRISE   618 AM EDT   SUNSET   850 PM EDT
JULY 24 2014..........SUNRISE   619 AM EDT   SUNSET   849 PM EDT


-  INDICATES NEGATIVE NUMBERS.
R  INDICATES RECORD WAS SET OR TIED.
MM INDICATES DATA IS MISSING.
T  INDICATES TRACE AMOUNT.




$$
