000
CDUS41 KPBZ 182111
CLIZZV


CLIMATE REPORT
NATIONAL WEATHER SERVICE PITTSBURGH PA
511 PM EDT FRI AUG 18 2017


...................................

...THE ZANESVILLE OH CLIMATE SUMMARY FOR AUGUST 18 2017...
VALID TODAY AS OF 0500 PM LOCAL TIME.

CLIMATE NORMAL PERIOD 1981 TO 2010
CLIMATE RECORD PERIOD 1895 TO 2017


WEATHER ITEM   OBSERVED TIME   RECORD YEAR NORMAL DEPARTURE LAST
                VALUE   (LST)  VALUE       VALUE  FROM      YEAR
                                                  NORMAL
..................................................................
TEMPERATURE (F)
 TODAY
  MAXIMUM         85    328 PM  97    1940  83      2       85
  MINIMUM         73    558 AM  43    1962  61     12       70
                                      1953
  AVERAGE         79                        72      7       78

PRECIPITATION (IN)
  TODAY            0.03          2.07 1932   0.11  -0.08     0.00
  MONTH TO DATE    0.59                      1.88  -1.29     2.51
  SINCE JUN 1     11.04                      9.71   1.33     7.72
  SINCE JAN 1     29.16                     25.17   3.99    22.70

DEGREE DAYS
 HEATING
  TODAY            0                         0      0        0
  MONTH TO DATE    0                         0      0        0
  SINCE JUN 1     23                        35    -12        4
  SINCE JUL 1      0                         3     -3        0

 COOLING
  TODAY           14                         7      7       13
  MONTH TO DATE  120                       136    -16      241
  SINCE JUN 1    577                       543     34      924
  SINCE JAN 1    664                       597     67     1018
..................................................................


WIND (MPH)
  HIGHEST WIND SPEED    17   HIGHEST WIND DIRECTION     W (270)
  HIGHEST GUST SPEED    23   HIGHEST GUST DIRECTION     W (260)
  AVERAGE WIND SPEED     8.4


SKY COVER
  POSSIBLE SUNSHINE  MM
  AVERAGE SKY COVER 0.7


WEATHER CONDITIONS
 THE FOLLOWING WEATHER WAS RECORDED TODAY.
  LIGHT RAIN
  FOG


RELATIVE HUMIDITY (PERCENT)
 HIGHEST    93          1200 AM
 LOWEST     48           200 PM
 AVERAGE    71

..........................................................


THE ZANESVILLE OH CLIMATE NORMALS FOR TOMORROW
                         NORMAL    RECORD    YEAR
 MAXIMUM TEMPERATURE (F)   83       100      1899
 MINIMUM TEMPERATURE (F)   61        41      1953


SUNRISE AND SUNSET
AUGUST 18 2017........SUNRISE   642 AM EDT   SUNSET   820 PM EDT
AUGUST 19 2017........SUNRISE   643 AM EDT   SUNSET   818 PM EDT


-  INDICATES NEGATIVE NUMBERS.
R  INDICATES RECORD WAS SET OR TIED.
MM INDICATES DATA IS MISSING.
T  INDICATES TRACE AMOUNT.




$$
