000
CDUS41 KPBZ 270704
CLIZZV


CLIMATE REPORT
NATIONAL WEATHER SERVICE PITTSBURGH PA
304 AM EDT TUE SEP 27 2016


...................................

...THE ZANESVILLE OH CLIMATE SUMMARY FOR SEPTEMBER 26 2016...

CLIMATE NORMAL PERIOD 1981 TO 2010
CLIMATE RECORD PERIOD 1946 TO 2016


WEATHER ITEM   OBSERVED TIME   RECORD YEAR NORMAL DEPARTURE LAST
                VALUE   (LST)  VALUE       VALUE  FROM      YEAR
                                                  NORMAL
..................................................................
TEMPERATURE (F)
 YESTERDAY
  MAXIMUM         76   1000 AM  88    1998  72      4       75
  MINIMUM         53   1117 PM  33    1950  49      4       62
  AVERAGE         65                        60      5       69

PRECIPITATION (IN)
  YESTERDAY        0.12         MM      MM   0.10   0.02     0.00
  MONTH TO DATE    1.28                      2.61  -1.33     2.75
  SINCE JUN 1      9.37                     13.67  -4.30    13.42
  SINCE JAN 1     24.35                     29.13  -4.78    29.32

DEGREE DAYS
 HEATING
  YESTERDAY        0                         6     -6        0
  MONTH TO DATE    0                        71    -71       32
  SINCE SEP 1      0                        71    -71       32
  SINCE JUL 1      0                        82    -82       40

 COOLING
  YESTERDAY        0                         1     -1        4
  MONTH TO DATE  177                        75    102      137
  SINCE SEP 1    177                        75    102      137
  SINCE JAN 1   1328                       752    576      855
..................................................................


WIND (MPH)
  HIGHEST WIND SPEED    17   HIGHEST WIND DIRECTION     W (290)
  HIGHEST GUST SPEED    24   HIGHEST GUST DIRECTION    NW (310)
  AVERAGE WIND SPEED     4.6


SKY COVER
  POSSIBLE SUNSHINE  MM
  AVERAGE SKY COVER 0.3


WEATHER CONDITIONS
 THE FOLLOWING WEATHER WAS RECORDED YESTERDAY.
  HEAVY RAIN
  RAIN
  LIGHT RAIN
  FOG


RELATIVE HUMIDITY (PERCENT)
 HIGHEST   100           900 PM
 LOWEST     61           900 AM
 AVERAGE    81

..........................................................


THE ZANESVILLE OH CLIMATE NORMALS FOR TODAY
                         NORMAL    RECORD    YEAR
 MAXIMUM TEMPERATURE (F)   71        87      1998
 MINIMUM TEMPERATURE (F)   48        30      1947


SUNRISE AND SUNSET
SEPTEMBER 27 2016.....SUNRISE   720 AM EDT   SUNSET   716 PM EDT
SEPTEMBER 28 2016.....SUNRISE   721 AM EDT   SUNSET   714 PM EDT


-  INDICATES NEGATIVE NUMBERS.
R  INDICATES RECORD WAS SET OR TIED.
MM INDICATES DATA IS MISSING.
T  INDICATES TRACE AMOUNT.




$$
