000
CDUS41 KPBZ 240702
CLIZZV


CLIMATE REPORT
NATIONAL WEATHER SERVICE PITTSBURGH PA
300 AM EDT SAT JUN 24 2017


...................................

...THE ZANESVILLE OH CLIMATE SUMMARY FOR JUNE 23 2017...

CLIMATE NORMAL PERIOD 1981 TO 2010
CLIMATE RECORD PERIOD 1895 TO 2017


WEATHER ITEM   OBSERVED TIME   RECORD YEAR NORMAL DEPARTURE LAST
                VALUE   (LST)  VALUE       VALUE  FROM      YEAR
                                                  NORMAL
..................................................................
TEMPERATURE (F)
 YESTERDAY
  MAXIMUM         80    145 PM  96    1899  82     -2       84
  MINIMUM         68   1159 PM  42    1918  60      8       68
  AVERAGE         74                        71      3       76

PRECIPITATION (IN)
  YESTERDAY        2.20R         1.93 1896   0.14   2.06     1.53
  MONTH TO DATE    4.23                      3.08   1.15     2.07
  SINCE JUN 1      4.23                      3.08   1.15     2.07
  SINCE JAN 1     22.35                     18.54   3.81    17.05

DEGREE DAYS
 HEATING
  YESTERDAY        0                         0      0        0
  MONTH TO DATE   15                        30    -15        4
  SINCE JUN 1     15                        30    -15        4
  SINCE JUL 1   4442                      5569  -1127     4320

 COOLING
  YESTERDAY        9                         7      2       11
  MONTH TO DATE  157                       108     49      213
  SINCE JUN 1    157                       108     49      213
  SINCE JAN 1    244                       162     82      307
..................................................................


WIND (MPH)
  HIGHEST WIND SPEED    22   HIGHEST WIND DIRECTION     W (280)
  HIGHEST GUST SPEED    34   HIGHEST GUST DIRECTION     W (280)
  AVERAGE WIND SPEED     7.3


SKY COVER
  POSSIBLE SUNSHINE  MM
  AVERAGE SKY COVER 0.9


WEATHER CONDITIONS
 THE FOLLOWING WEATHER WAS RECORDED YESTERDAY.
  THUNDERSTORM
  HEAVY RAIN
  RAIN
  LIGHT RAIN
  FOG
  HAZE


RELATIVE HUMIDITY (PERCENT)
 HIGHEST    97           200 AM
 LOWEST     79           200 PM
 AVERAGE    88

..........................................................


THE ZANESVILLE OH CLIMATE NORMALS FOR TODAY
                         NORMAL    RECORD    YEAR
 MAXIMUM TEMPERATURE (F)   83        98      1930
 MINIMUM TEMPERATURE (F)   60        42      1915


SUNRISE AND SUNSET
JUNE 24 2017..........SUNRISE   600 AM EDT   SUNSET   900 PM EDT
JUNE 25 2017..........SUNRISE   600 AM EDT   SUNSET   900 PM EDT


-  INDICATES NEGATIVE NUMBERS.
R  INDICATES RECORD WAS SET OR TIED.
MM INDICATES DATA IS MISSING.
T  INDICATES TRACE AMOUNT.




$$
