000
CDUS41 KPBZ 280715
CLIZZV


CLIMATE REPORT
NATIONAL WEATHER SERVICE PITTSBURGH PA
314 AM EDT THU MAY 28 2015


...................................

...THE ZANESVILLE OH CLIMATE SUMMARY FOR MAY 27 2015...

CLIMATE NORMAL PERIOD 1981 TO 2010
CLIMATE RECORD PERIOD 1946 TO 2015


WEATHER ITEM   OBSERVED TIME   RECORD YEAR NORMAL DEPARTURE LAST
                VALUE   (LST)  VALUE       VALUE  FROM      YEAR
                                                  NORMAL
..................................................................
TEMPERATURE (F)
 YESTERDAY
  MAXIMUM         81    532 PM  89    2012  75      6       86
                                      1967
  MINIMUM         66    611 AM  36    1983  52     14       66
  AVERAGE         74                        64     10       76

PRECIPITATION (IN)
  YESTERDAY        0.00         MM      MM   0.14  -0.14     0.19
  MONTH TO DATE    2.36                      3.61  -1.25     3.51
  SINCE JUN 1     38.16                     37.28   0.88    42.62
  SINCE JAN 1     15.75                     14.88   0.87    14.31

DEGREE DAYS
 HEATING
  YESTERDAY        0                         4     -4        0
  MONTH TO DATE  109                       169    -60      152
  SINCE MAR 1   1359                      1335     24     1419
  SINCE JUL 1   6016                      5526    490     5976

 COOLING
  YESTERDAY        9                         2      7       11
  MONTH TO DATE   91                        34     57       59
  SINCE MAR 1     92                        43     49       64
  SINCE JAN 1     92                        43     49       64
..................................................................


WIND (MPH)
  HIGHEST WIND SPEED    17   HIGHEST WIND DIRECTION     S (200)
  HIGHEST GUST SPEED    22   HIGHEST GUST DIRECTION    SW (210)
  AVERAGE WIND SPEED     8.3


SKY COVER
  POSSIBLE SUNSHINE  MM
  AVERAGE SKY COVER 0.5


WEATHER CONDITIONS
 THE FOLLOWING WEATHER WAS RECORDED YESTERDAY.
  FOG
  HAZE


RELATIVE HUMIDITY (PERCENT)
 HIGHEST    93          1200 AM
 LOWEST     51           300 PM
 AVERAGE    72

..........................................................


THE ZANESVILLE OH CLIMATE NORMALS FOR TODAY
                         NORMAL    RECORD    YEAR
 MAXIMUM TEMPERATURE (F)   75        89      2012
                                             1991
 MINIMUM TEMPERATURE (F)   53        35      1971


SUNRISE AND SUNSET
MAY 28 2015...........SUNRISE   603 AM EDT   SUNSET   847 PM EDT
MAY 29 2015...........SUNRISE   603 AM EDT   SUNSET   848 PM EDT


-  INDICATES NEGATIVE NUMBERS.
R  INDICATES RECORD WAS SET OR TIED.
MM INDICATES DATA IS MISSING.
T  INDICATES TRACE AMOUNT.




$$
