000
CDUS41 KPBZ 072212
CLIZZV


CLIMATE REPORT
NATIONAL WEATHER SERVICE PITTSBURGH PA
511 PM EST SUN FEB 7 2016


...................................

...THE ZANESVILLE OH CLIMATE SUMMARY FOR FEBRUARY 7 2016...
VALID TODAY AS OF 0500 PM LOCAL TIME.

CLIMATE NORMAL PERIOD 1981 TO 2010
CLIMATE RECORD PERIOD 1946 TO 2016


WEATHER ITEM   OBSERVED TIME   RECORD YEAR NORMAL DEPARTURE LAST
                VALUE   (LST)  VALUE       VALUE  FROM      YEAR
                                                  NORMAL
..................................................................
TEMPERATURE (F)
 TODAY
  MAXIMUM         55    255 PM  58    2005  39     16       50
  MINIMUM         22    807 AM  -5    1977  22      0       25
  AVERAGE         39                        30      9       38

PRECIPITATION (IN)
  TODAY            0.00         MM      MM   0.08  -0.08     0.00
  MONTH TO DATE    0.77                      0.55   0.22     0.55
  SINCE JUN 1     24.02                     25.61  -1.59    25.41
  SINCE JAN 1      1.69                      3.21  -1.52     3.00

DEGREE DAYS
 HEATING
  TODAY           26                        35     -9       27
  MONTH TO DATE  171                       245    -74      269
  SINCE DEC 1   1851                      2371   -520     2376
  SINCE JUL 1   2693                      3512   -819     3683

 COOLING
  TODAY            0                         0      0        0
  MONTH TO DATE    0                         0      0        0
  SINCE DEC 1      0                         0      0        0
  SINCE JAN 1      0                         0      0        0
..................................................................


WIND (MPH)
  HIGHEST WIND SPEED    15   HIGHEST WIND DIRECTION     S (200)
  HIGHEST GUST SPEED    21   HIGHEST GUST DIRECTION     S (200)
  AVERAGE WIND SPEED     4.1


SKY COVER
  POSSIBLE SUNSHINE  MM
  AVERAGE SKY COVER 0.2


WEATHER CONDITIONS
 THE FOLLOWING WEATHER WAS RECORDED TODAY.
  NO SIGNIFICANT WEATHER WAS OBSERVED.


RELATIVE HUMIDITY (PERCENT)
 HIGHEST    84           800 AM
 LOWEST     28           500 PM
 AVERAGE    56

..........................................................


THE ZANESVILLE OH CLIMATE NORMALS FOR TOMORROW
                         NORMAL    RECORD    YEAR
 MAXIMUM TEMPERATURE (F)   39        64      2001
 MINIMUM TEMPERATURE (F)   22       -13      1977


SUNRISE AND SUNSET
FEBRUARY  7 2016......SUNRISE   730 AM EST   SUNSET   553 PM EST
FEBRUARY  8 2016......SUNRISE   729 AM EST   SUNSET   555 PM EST


-  INDICATES NEGATIVE NUMBERS.
R  INDICATES RECORD WAS SET OR TIED.
MM INDICATES DATA IS MISSING.
T  INDICATES TRACE AMOUNT.




$$
