000
CDUS41 KPBZ 232111
CLIZZV


CLIMATE REPORT
NATIONAL WEATHER SERVICE PITTSBURGH PA
511 PM EDT TUE SEP 23 2014


...................................

...THE ZANESVILLE OH CLIMATE SUMMARY FOR SEPTEMBER 23 2014...
VALID TODAY AS OF 0500 PM LOCAL TIME.

CLIMATE NORMAL PERIOD 1981 TO 2010
CLIMATE RECORD PERIOD 1946 TO 2014


WEATHER ITEM   OBSERVED TIME   RECORD YEAR NORMAL DEPARTURE LAST
                VALUE   (LST)  VALUE       VALUE  FROM      YEAR
                                                  NORMAL
..................................................................
TEMPERATURE (F)
 TODAY
  MAXIMUM         71    352 PM  91    2010  73     -2       61
  MINIMUM         37    620 AM  30    1995  50    -13       43
  AVERAGE         54                        62     -8       52

PRECIPITATION (IN)
  TODAY            0.00         MM      MM   0.10  -0.10     0.00
  MONTH TO DATE    0.74                      2.30  -1.56     1.28
  SINCE JUN 1     14.59                     13.36   1.23    18.70
  SINCE JAN 1     28.92                     28.82   0.10    29.29

DEGREE DAYS
 HEATING
  TODAY           11                         5      6       13
  MONTH TO DATE   82                        54     28       66
  SINCE SEP 1     82                        54     28       66
  SINCE JUL 1    103                        65     38       75

 COOLING
  TODAY            0                         1     -1        0
  MONTH TO DATE   80                        72      8       90
  SINCE SEP 1     80                        72      8       90
  SINCE JAN 1    721                       749    -28      823
..................................................................


WIND (MPH)
  HIGHEST WIND SPEED     9   HIGHEST WIND DIRECTION     E (100)
  HIGHEST GUST SPEED    11   HIGHEST GUST DIRECTION    NE (30)
  AVERAGE WIND SPEED     1.5


SKY COVER
  POSSIBLE SUNSHINE  MM
  AVERAGE SKY COVER 0.0


WEATHER CONDITIONS
 THE FOLLOWING WEATHER WAS RECORDED TODAY.
  NO SIGNIFICANT WEATHER WAS OBSERVED.


RELATIVE HUMIDITY (PERCENT)
 HIGHEST    92           300 AM
 LOWEST     33           400 PM
 AVERAGE    63

..........................................................


THE ZANESVILLE OH CLIMATE NORMALS FOR TOMORROW
                         NORMAL    RECORD    YEAR
 MAXIMUM TEMPERATURE (F)   73        92      1961
 MINIMUM TEMPERATURE (F)   50        32      1950


SUNRISE AND SUNSET
SEPTEMBER 23 2014.....SUNRISE   716 AM EDT   SUNSET   723 PM EDT
SEPTEMBER 24 2014.....SUNRISE   717 AM EDT   SUNSET   721 PM EDT


-  INDICATES NEGATIVE NUMBERS.
R  INDICATES RECORD WAS SET OR TIED.
MM INDICATES DATA IS MISSING.
T  INDICATES TRACE AMOUNT.




$$
