000
CXUS53 KABR 011335
CLM8D3


CLIMATE REPORT
NATIONAL WEATHER SERVICE ABERDEEN SD
730 AM CST FRI DEC 1 2017

...................................

...THE SISSETON SD CLIMATE SUMMARY FOR THE MONTH OF NOVEMBER 2017...

CLIMATE NORMAL PERIOD 1981 TO 2010
CLIMATE RECORD PERIOD 1900 TO 2017

WEATHER         OBSERVED          NORMAL  DEPART  LAST YEAR`S
                 VALUE   DATE(S)  VALUE   FROM    VALUE  DATE(S)
                                          NORMAL
................................................................
TEMPERATURE (F)
RECORD
 HIGH              79   11/02/1965
 LOW              -18   11/30/1964
HIGHEST            62   11/27        MM      MM       76  11/04
LOWEST              8   11/22        MM      MM       14  11/21
                        11/09                             11/19
AVG. MAXIMUM     41.9              40.2     1.7     51.5
AVG. MINIMUM     21.6              21.5     0.1     33.4
MEAN             31.7              30.8     0.9     42.4
DAYS MAX >= 90      0               0.0     0.0        0
DAYS MAX <= 32      6               7.6    -1.6        2
DAYS MIN <= 32     29              25.8     3.2       12
DAYS MIN <= 0       0               1.0    -1.0        0

PRECIPITATION (INCHES)
RECORD
 MAXIMUM         4.77   1977
 MINIMUM         0.00   1999
TOTALS           0.20              0.58   -0.38     1.82
DAYS >= .01         5                MM      MM        8
DAYS >= .10         1                MM      MM        7
DAYS >= .50         0                MM      MM        1
DAYS >= 1.00        0                MM      MM        0

SNOWFALL (INCHES)
RECORDS
 TOTAL           27.7   5
 SNOW DEPTH        13   11/30/2005
TOTALS            0.5               7.3    -6.8      2.5
SINCE 7/1         0.5                MM      MM      2.5
SNOWDEPTH AVG.      0                MM      MM        0
DAYS >= TRACE       4                MM      MM        5
DAYS >= 1.0         0                MM      MM        1
GREATEST
 SNOW DEPTH         1   11/04                          2  11/21
                                                          11/20
                                                          11/19

DEGREE_DAYS
HEATING TOTAL     991              1024     -33      669
 SINCE 7/1       1643              1851    -208     1281
COOLING TOTAL       0                 0       0        0
 SINCE 1/1        554               527      27      625

FREEZE DATES
RECORD
 EARLIEST     MM
 LATEST       MM
EARLIEST                        MM
LATEST                          MM
.................................................................

WIND (MPH)
AVERAGE WIND SPEED              12.2
RESULTANT WIND SPEED/DIRECTION   3/277
HIGHEST WIND SPEED/DIRECTION    43/190    DATE  11/29
HIGHEST GUST SPEED/DIRECTION    53/180    DATE  11/29


-  INDICATES NEGATIVE NUMBERS.
R  INDICATES RECORD WAS SET OR TIED.
MM INDICATES DATA IS MISSING.
T  INDICATES TRACE AMOUNT.

$$
