000
CXUS52 KTAE 020424
CLMAAF

CLIMATE REPORT
NATIONAL WEATHER SERVICE TALLAHASSEE FL
1124 PM EST WED FEB 1 2017

...................................

...THE APALACHICOLA CLIMATE SUMMARY FOR THE MONTH OF JANUARY 2017...

CLIMATE NORMAL PERIOD 1981 TO 2010
CLIMATE RECORD PERIOD 1931 TO 2017

WEATHER         OBSERVED                   LAST YEAR`S
                 VALUE   DATE(S)           VALUE  DATE(S)

.........................................................
TEMPERATURE (F)
HIGHEST            80R  01/03                  73  01/16
LOWEST             29   01/08                  28  01/24
AVG. MAXIMUM     69.4                        61.7
AVG. MINIMUM     50.4                        43.1
MEAN             59.9                        52.4
DAYS MAX >= 90      0                           0
DAYS MAX <= 32      0                           0
DAYS MIN <= 32      2                           4
DAYS MIN <= 0       0                           0

PRECIPITATION (INCHES)
TOTALS           2.09                        3.99
DAILY AVG.       0.07                        0.13
DAYS >= .01         6                          10
DAYS >= .10         3                           8
DAYS >= .50         2                           3
DAYS >= 1.00        1                           1
GREATEST
 24 HR. TOTAL    1.19   01/20 TO 01/20       1.19

DEGREE_DAYS
HEATING TOTAL     187                         383
 SINCE 7/1        446                         530
COOLING TOTAL      37                           0
 SINCE 1/1         37                           0
..........................................................

WIND (MPH)
AVERAGE WIND SPEED              8.1
HIGHEST WIND SPEED/DIRECTION    36/190    DATE  01/22
HIGHEST GUST SPEED/DIRECTION    45/320    DATE  01/23

SKY COVER
AVERAGE SKY COVER           0.30

AVERAGE RH (PERCENT)     78

WEATHER CONDITIONS. NUMBER OF DAYS WITH
THUNDERSTORM              0     MIXED PRECIP               0
HEAVY RAIN                3     RAIN                       1
LIGHT RAIN                9     FREEZING RAIN              0
LT FREEZING RAIN          0     HAIL                       0
HEAVY SNOW                0     SNOW                       0
LIGHT SNOW                1     SLEET                      0
FOG                       0     FOG W/VIS <= 1/4 MILE      0
HAZE                      0

-  INDICATES NEGATIVE NUMBERS.
R  INDICATES RECORD WAS SET OR TIED.
MM INDICATES DATA IS MISSING.
T  INDICATES TRACE AMOUNT.

$$
