000
CXUS55 KABQ 011727
CLMABQ


CLIMATE REPORT
NATIONAL WEATHER SERVICE ALBUQUERQUE NM
1002 AM MST SUN FEB 1 2015

...................................

...THE ALBUQUERQUE  NM CLIMATE SUMMARY FOR THE MONTH OF JANUARY 2015...

CLIMATE NORMAL PERIOD 1981 TO 2010
CLIMATE RECORD PERIOD 1897 TO 2015

WEATHER         OBSERVED          NORMAL  DEPART  LAST YEAR`S
                 VALUE   DATE(S)  VALUE   FROM    VALUE  DATE(S)
                                          NORMAL
................................................................
TEMPERATURE (F)
RECORD
 HIGH              69   01/05/1994
                        01/31/1971
 LOW              -17   01/07/1971
HIGHEST            63   01/28        61       2       67  01/30
LOWEST             15   01/01        10       5       13  01/24
AVG. MAXIMUM     47.9              46.8     1.1     51.9
AVG. MINIMUM     26.8              26.1     0.7     25.8
MEAN             37.4              36.4     1.0     38.9
DAYS MAX >= 90      0               0.0     0.0        0
DAYS MAX <= 32      0               1.1    -1.1        0
DAYS MIN <= 32     27              25.8     1.2       29
DAYS MIN <= 0       0               0.0     0.0        0

PRECIPITATION (INCHES)
RECORD
 MAXIMUM         1.38   2005
 MINIMUM         0.00   2014
                        1976
TOTALS           0.70              0.38    0.32     0.00
DAILY AVG.       0.02              0.01    0.01     0.00
DAYS >= .01         7               4.1     2.9        0
DAYS >= .10         4               1.5     2.5        0
DAYS >= .50         0               0.0     0.0        0
DAYS >= 1.00        0               0.0     0.0        0
GREATEST
 24 HR. TOTAL    0.21   01/21 TO 01/21              0.00
                        01/20 TO 01/21
                        01/21 TO 01/21

SNOWFALL (INCHES)
RECORDS
 TOTAL            9.5   1973
TOTALS            4.2               2.1     2.1      0.0
SINCE 7/1         5.4               6.1    -0.7      4.9
SNOWDEPTH AVG.      0                MM      MM        0
DAYS >= 1.0         2               0.7     1.3        0
GREATEST
 SNOW DEPTH         1   01/22                          0  MM
 24 HR TOTAL      1.2   MM                           0.0

DEGREE_DAYS
HEATING TOTAL     851               885     -34      802
 SINCE 7/1       2321              2642    -321     2596
COOLING TOTAL       0                 0       0        0
 SINCE 1/1          0                 0       0        0
.................................................................

WIND (MPH)
AVERAGE WIND SPEED              7.2
HIGHEST WIND SPEED/DIRECTION    39/070    DATE  01/22
HIGHEST GUST SPEED/DIRECTION    52/080    DATE  01/22

SKY COVER
POSSIBLE SUNSHINE (PERCENT)   MM
AVERAGE SKY COVER           0.50
NUMBER OF DAYS FAIR           16
NUMBER OF DAYS PC              8
NUMBER OF DAYS CLOUDY          7

AVERAGE RH (PERCENT)     63

WEATHER CONDITIONS. NUMBER OF DAYS WITH
THUNDERSTORM              0     MIXED PRECIP               0
HEAVY RAIN                0     RAIN                       0
LIGHT RAIN                7     FREEZING RAIN              0
LT FREEZING RAIN          0     HAIL                       0
HEAVY SNOW                1     SNOW                       1
LIGHT SNOW                8     SLEET                      0
FOG                       9     FOG W/VIS <= 1/4 MILE      1
HAZE                      1

-  INDICATES NEGATIVE NUMBERS.
R  INDICATES RECORD WAS SET OR TIED.
MM INDICATES DATA IS MISSING.
T  INDICATES TRACE AMOUNT.

$$

-----------------------------------------------------------------

THE AVERAGE MAXIMUM TEMPERATURE AT THE ALBUQUERQUE SUNPORT IN
JANUARY 2015 WAS 47.9 DEGREES.  THE AVERAGE MINIMUM TEMPERATURE
FOR THE MONTH WAS 26.8 DEGREES.

THE HIGHEST TEMPERATURE FOR THE MONTH WAS 63 DEGREES ON THE 28TH.
THE LOWEST TEMPERATURE FOR THE MONTH WAS 15 DEGREES ON THE 1ST.

TOTAL PRECIPITATION FOR JANUARY WAS 0.70 INCHES WHICH WAS 0.32
INCHES ABOVE NORMAL.  TOTAL SNOWFALL FOR JANUARY WAS 4.2 INCHES.

AVERAGE WIND SPEED WAS 7.2 MILES AN HOUR.  THE PEAK WIND GUST WAS
52 MPH FROM THE EAST WHICH OCCURRED ON THE 22ND.

$$
