000
CXUS53 KABR 011335
CLMABR


CLIMATE REPORT
NATIONAL WEATHER SERVICE ABERDEEN SD
730 AM CST FRI DEC 1 2017

...................................

...THE ABERDEEN SD CLIMATE SUMMARY FOR THE MONTH OF NOVEMBER 2017...

CLIMATE NORMAL PERIOD 1981 TO 2010
CLIMATE RECORD PERIOD 1893 TO 2017

WEATHER         OBSERVED          NORMAL  DEPART  LAST YEAR`S
                 VALUE   DATE(S)  VALUE   FROM    VALUE  DATE(S)
                                          NORMAL
................................................................
TEMPERATURE (F)
RECORD
 HIGH              79   11/05/1904
 LOW              -27   11/30/1964
HIGHEST            61   11/20        MM      MM       76  11/05
LOWEST              0   11/22        MM      MM       13  11/19
AVG. MAXIMUM     43.0              39.6     3.4     51.9
AVG. MINIMUM     16.9              18.9    -2.0     29.1
MEAN             30.0              29.3     0.7     40.5
DAYS MAX >= 90      0               0.0     0.0        0
DAYS MAX <= 32      6               8.7    -2.7        1
DAYS MIN <= 32     29              27.6     1.4       22
DAYS MIN <= 0       1               1.9    -0.9        0

PRECIPITATION (INCHES)
RECORD
 MAXIMUM         6.92   1896
 MINIMUM            T   1999
TOTALS           0.11              0.73   -0.62     1.71
DAYS >= .01         2               6.8    -4.8        9
DAYS >= .10         1               2.2    -1.2        7
DAYS >= .50         0               0.3    -0.3        1
DAYS >= 1.00        0               0.0     0.0        0

SNOWFALL (INCHES)
RECORDS
 TOTAL           32.8   1896
 SNOW DEPTH        23   11/27/1993
TOTALS            0.8               7.0    -6.2      5.2
SINCE 7/1         0.8               7.7    -6.9      5.2
SNOWDEPTH AVG.      0                MM      MM        0
DAYS >= TRACE       5               4.7     0.3        6
DAYS >= 1.0         0               1.9    -1.9        2
GREATEST
 SNOW DEPTH         1   11/04                          3  11/18

DEGREE_DAYS
HEATING TOTAL    1046              1072     -26      730
 SINCE 7/1       1777              1963    -186     1350
COOLING TOTAL       0                 0       0        0
 SINCE 1/1        552               525      27      722

FREEZE DATES
RECORD
 EARLIEST     MM
 LATEST       MM
EARLIEST                        MM
LATEST                          MM
.................................................................

WIND (MPH)
AVERAGE WIND SPEED              10.1
RESULTANT WIND SPEED/DIRECTION   2/236
HIGHEST WIND SPEED/DIRECTION    40/180    DATE  11/29
HIGHEST GUST SPEED/DIRECTION    52/290    DATE  11/29

SKY COVER
POSSIBLE SUNSHINE (PERCENT)   MM
AVERAGE SKY COVER           0.30
NUMBER OF DAYS FAIR           18
NUMBER OF DAYS PC              7
NUMBER OF DAYS CLOUDY          5

AVERAGE RH (PERCENT)     72

WEATHER CONDITIONS. NUMBER OF DAYS WITH
THUNDERSTORM              0     MIXED PRECIP               0
HEAVY RAIN                0     RAIN                       0
LIGHT RAIN                4     FREEZING RAIN              0
LT FREEZING RAIN          1     HAIL                       0
HEAVY SNOW                0     SNOW                       1
LIGHT SNOW                4     SLEET                      1
FOG                       7     FOG W/VIS <= 1/4 MILE      3
HAZE                      6

-  INDICATES NEGATIVE NUMBERS.
R  INDICATES RECORD WAS SET OR TIED.
MM INDICATES DATA IS MISSING.
T  INDICATES TRACE AMOUNT.

$$
