000
CXUS53 KABR 011336
CLMABR


CLIMATE REPORT
NATIONAL WEATHER SERVICE ABERDEEN SD
831 AM CDT TUE SEP 1 2015

...................................

...THE ABERDEEN SD CLIMATE SUMMARY FOR THE MONTH OF AUGUST 2015...

CLIMATE NORMAL PERIOD 1981 TO 2010
CLIMATE RECORD PERIOD 1893 TO 2015

WEATHER         OBSERVED          NORMAL  DEPART  LAST YEAR`S
                 VALUE   DATE(S)  VALUE   FROM    VALUE  DATE(S)
                                          NORMAL
................................................................
TEMPERATURE (F)
RECORD
 HIGH             112   08/13/1965
 LOW               30   08/29/1893
HIGHEST            94   08/15        MM      MM       87  08/20
                                                          08/01
LOWEST             41   08/25        MM      MM       42  08/26
AVG. MAXIMUM     81.2              81.8    -0.6     78.0
AVG. MINIMUM     56.3              56.2     0.1     56.5
MEAN             68.7              69.0    -0.3     67.2
DAYS MAX >= 90      5               4.1     0.9        0
DAYS MAX <= 32      0               0.0     0.0        0
DAYS MIN <= 32      0               0.0     0.0        0
DAYS MIN <= 0       0               0.0     0.0        0

PRECIPITATION (INCHES)
RECORD
 MAXIMUM         6.62   1942
 MINIMUM         0.06   1947
TOTALS           2.94              2.43    0.51     6.19
DAYS >= .01         6               8.2    -2.2       12
DAYS >= .10         4               4.4    -0.4        7
DAYS >= .50         1               1.4    -0.4        3
DAYS >= 1.00        1               0.4     0.6        2

SNOWFALL (INCHES)
RECORDS
 TOTAL             MM   MM
 SNOW DEPTH        MM   MM
TOTALS            0.0               0.0     0.0      0.0
SINCE 7/1         0.0               0.0     0.0      0.0
SNOWDEPTH AVG.      0                MM      MM        0
DAYS >= TRACE       0               0.0     0.0        0
DAYS >= 1.0         0               0.0     0.0        0
GREATEST
 SNOW DEPTH         0   MM                             0  MM

DEGREE_DAYS
HEATING TOTAL      37                37       0       25
 SINCE 7/1         42                51      -9       62
COOLING TOTAL     161               160       1      102
 SINCE 1/1        563               483      80      304

FREEZE DATES
RECORD
 EARLIEST     MM
 LATEST       MM
EARLIEST                        MM
LATEST                          MM
.................................................................

WIND (MPH)
AVERAGE WIND SPEED              8.8
RESULTANT WIND SPEED/DIRECTION   2/166
HIGHEST WIND SPEED/DIRECTION    38/290    DATE  08/22
HIGHEST GUST SPEED/DIRECTION    54/300    DATE  08/22

SKY COVER
POSSIBLE SUNSHINE (PERCENT)   MM
AVERAGE SKY COVER           0.20
NUMBER OF DAYS FAIR           25
NUMBER OF DAYS PC              5
NUMBER OF DAYS CLOUDY          1

AVERAGE RH (PERCENT)     72

WEATHER CONDITIONS. NUMBER OF DAYS WITH
THUNDERSTORM              0     MIXED PRECIP               0
HEAVY RAIN                3     RAIN                       3
LIGHT RAIN               10     FREEZING RAIN              0
LT FREEZING RAIN          0     HAIL                       0
HEAVY SNOW                0     SNOW                       0
LIGHT SNOW                0     SLEET                      0
FOG                      12     FOG W/VIS <= 1/4 MILE      4
HAZE                      6

-  INDICATES NEGATIVE NUMBERS.
R  INDICATES RECORD WAS SET OR TIED.
MM INDICATES DATA IS MISSING.
T  INDICATES TRACE AMOUNT.

$$
