000
CXUS54 KFWD 010847
CLMACT


CLIMATE REPORT
NATIONAL WEATHER SERVICE FORT WORTH TX
343 AM CDT MON MAY 1 2017

...................................

...THE WACO CLIMATE SUMMARY FOR THE MONTH OF APRIL 2017...

CLIMATE NORMAL PERIOD 1981 TO 2010
CLIMATE RECORD PERIOD 1901 TO 2017

WEATHER         OBSERVED          NORMAL  DEPART  LAST YEAR`S
                 VALUE   DATE(S)  VALUE   FROM    VALUE  DATE(S)
                                          NORMAL
................................................................
TEMPERATURE (F)
RECORD
 HIGH             101   04/09/1963
 LOW               26   04/07/2009
HIGHEST            90   04/29        90       0       90  04/11
                        04/28
LOWEST             39   04/06        38       1       39  04/03
                                                          04/02
AVG. MAXIMUM     79.4              77.6     1.8     77.9
AVG. MINIMUM     56.5              54.6     1.9     55.1
MEAN             68.0              66.1     1.9     66.5
DAYS MAX >= 90      2               1.2     0.8        1
DAYS MAX <= 32      0               0.0     0.0        0
DAYS MAX >= 100     0                                  0
DAYS MIN <= 32      0               0.2    -0.2        0
DAYS MIN <= 0       0               0.0     0.0        0
DAYS MIN >= 80      0                                  0

PRECIPITATION (INCHES)
RECORD
 MAXIMUM        13.91   1977
 MINIMUM         0.12   1983
TOTALS           7.03              2.69    4.34     6.55
DAILY AVG.       0.23              0.09    0.14     0.22
DAYS >= .01         9               6.3     2.7       12
DAYS >= .10         4               3.8     0.2        8
DAYS >= .50         4               1.9     2.1        5
DAYS >= 1.00        4               0.7     3.3        3
GREATEST
 24 HR. TOTAL    2.33   04/10 TO 04/10              2.58

SNOWFALL (INCHES)
RECORDS
 TOTAL            3.5   2007
 24 HR TOTAL      3.5   04/07/2007 TO 04/08/2007
TOTALS            0.0               0.1    -0.1      0.0
SINCE 7/1           T               1.0    -1.0      0.0
SNOWDEPTH AVG.      0                MM      MM        0
DAYS >= TRACE       0                                  0
DAYS >= 1.0         0               0.0     0.0        0
GREATEST
 SNOW DEPTH         0   MM                             0  MM
 24 HR TOTAL      0.0   04/30 TO 04/30               0.0

DEGREE_DAYS
HEATING TOTAL      38                78     -40       52
 SINCE 7/1       1332              2136    -804     1680
COOLING TOTAL     136               111      25      105
 SINCE 1/1        289               154     135      144
.................................................................

WIND (MPH)
AVERAGE WIND SPEED              11.5
HIGHEST WIND SPEED/DIRECTION    32/180    DATE  04/29
HIGHEST GUST SPEED/DIRECTION    43/340    DATE  04/26

SKY COVER
POSSIBLE SUNSHINE (PERCENT)   MM
AVERAGE SKY COVER           0.40
NUMBER OF DAYS FAIR           11
NUMBER OF DAYS PC             15
NUMBER OF DAYS CLOUDY          3

AVERAGE RH (PERCENT)     73

WEATHER CONDITIONS. NUMBER OF DAYS WITH
THUNDERSTORM              6     MIXED PRECIP               0
HEAVY RAIN                4     RAIN                       5
LIGHT RAIN               11     FREEZING RAIN              0
LT FREEZING RAIN          0     HAIL                       1
HEAVY SNOW                0     SNOW                       0
LIGHT SNOW                0     SLEET                      0
FOG                      13     FOG W/VIS <= 1/4 MILE      2
HAZE                      4

-  INDICATES NEGATIVE NUMBERS.
R  INDICATES RECORD WAS SET OR TIED.
MM INDICATES DATA IS MISSING.
T  INDICATES TRACE AMOUNT.

$$
