000
CXUS52 KCAE 011938
CLMAGS


CLIMATE REPORT
NATIONAL WEATHER SERVICE COLUMBIA SC
232 PM EST MON JAN 1 2018

...................................

...THE AUGUSTA BUSH FIELD GA CLIMATE SUMMARY FOR THE MONTH OF DECEMBER 2017...

CLIMATE NORMAL PERIOD 1981 TO 2010
CLIMATE RECORD PERIOD 1873 TO 2017

WEATHER         OBSERVED          NORMAL  DEPART
                 VALUE   DATE(S)  VALUE   FROM
                                          NORMAL
................................................
TEMPERATURE (F)
RECORD
 HIGH              84   12/18/2016
 LOW                5   12/21/1981
HIGHEST            78   12/23        MM      MM
                        12/05
LOWEST             23   12/16        MM      MM
AVG. MAXIMUM     60.4              60.0     0.4
AVG. MINIMUM     38.8              34.5     4.3
MEAN             49.6              47.2     2.4
DAYS MAX >= 90      0               0.0     0.0
DAYS MAX <= 32      0               0.1    -0.1
DAYS MIN <= 32      8              13.5    -5.5
DAYS MIN <= 0       0               0.0     0.0

PRECIPITATION (INCHES)
RECORD
 MAXIMUM         8.97   2009
 MINIMUM         0.32   1955
TOTALS           4.11              3.39    0.72
DAILY AVG.       0.13              0.11    0.02
DAYS >= .01         9               9.2    -0.2
DAYS >= .10         5               5.6    -0.6
DAYS >= .50         2               2.2    -0.2
DAYS >= 1.00        2               0.8     1.2
GREATEST
 24 HR. TOTAL    1.86   12/08 TO 12/08
 STORM TOTAL       MM
 (MM/DD(HH))            MM

SNOWFALL (INCHES)
RECORDS
 TOTAL              T   2009
                        2004
                        2002
TOTALS            0.0               0.1    -0.1
SINCE 7/1         0.0               0.1    -0.1
DAYS >= TRACE       0               0.1    -0.1
DAYS >= 1.0         0               0.1    -0.1
GREATEST
 SNOW DEPTH         0   MM

DEGREE_DAYS
HEATING TOTAL     471               553     -82
 SINCE 7/1        836               975    -139
COOLING TOTAL       0                 3      -3
 SINCE 1/1       2703              2089     614

FREEZE DATES
RECORD
 EARLIEST     MM
 LATEST       MM
EARLIEST                        MM
LATEST                          MM
.................................................

WIND (MPH)
AVERAGE WIND SPEED              5.0
RESULTANT WIND SPEED/DIRECTION   2/291
HIGHEST WIND SPEED/DIRECTION    28/300    DATE  12/12
HIGHEST GUST SPEED/DIRECTION    35/300    DATE  12/12

SKY COVER
POSSIBLE SUNSHINE (PERCENT)   MM
AVERAGE SKY COVER           0.50
NUMBER OF DAYS FAIR           10
NUMBER OF DAYS PC             11
NUMBER OF DAYS CLOUDY         10

AVERAGE RH (PERCENT)     71

WEATHER CONDITIONS. NUMBER OF DAYS WITH
THUNDERSTORM              0     MIXED PRECIP               0
HEAVY RAIN                2     RAIN                       6
LIGHT RAIN               10     FREEZING RAIN              0
LT FREEZING RAIN          0     HAIL                       0
HEAVY SNOW                0     SNOW                       0
LIGHT SNOW                0     SLEET                      0
FOG                      19     FOG W/VIS <= 1/4 MILE      7
HAZE                      5

-  INDICATES NEGATIVE NUMBERS.
R  INDICATES RECORD WAS SET OR TIED.
MM INDICATES DATA IS MISSING.
T  INDICATES TRACE AMOUNT.

$$
