000
CXUS55 KPUB 011927
CLMALS

CLIMATE REPORT
NATIONAL WEATHER SERVICE PUEBLO
124 PM MDT SUN MAY 1 2016

...................................

...THE ALAMOSA CO CLIMATE SUMMARY FOR THE MONTH OF APRIL 2016...

CLIMATE NORMAL PERIOD 1981 TO 2010
CLIMATE RECORD PERIOD 1932 TO 2016

WEATHER         OBSERVED          NORMAL  DEPART  LAST YEAR`S
                 VALUE   DATE(S)  VALUE   FROM    VALUE  DATE(S)
                                          NORMAL
................................................................
TEMPERATURE (F)
RECORD
 HIGH              80   04/20/1989
 LOW               -6   04/08/1973
HIGHEST            70   04/23        63       7       75  04/30
                        04/22
LOWEST              8   04/01        20     -12       19  04/21
                                                          04/18
AVG. MAXIMUM     58.4              59.3    -0.9     61.0
AVG. MINIMUM     25.5              24.4     1.1     25.9
MEAN             41.9              41.8     0.1     43.5
DAYS MAX >= 90      0               0.0     0.0
DAYS MAX <= 32      0               0.0     0.0
DAYS MIN <= 32     26              25.9     0.1
DAYS MIN <= 0       0               0.0     0.0

PRECIPITATION (INCHES)
RECORD
 MAXIMUM         3.06   1942
 MINIMUM            T   1972
TOTALS           1.75              0.59    1.16     0.43
DAILY AVG.       0.06              0.02    0.04
DAYS >= .01         8               5.2     2.8
DAYS >= .10         4               1.7     2.3
DAYS >= .50         1               0.2     0.8
DAYS >= 1.00        0               0.0     0.0
GREATEST
 24 HR. TOTAL    0.67   04/15 TO 04/16

SNOWFALL (INCHES)
RECORDS
 TOTAL           17.0   1938
TOTALS           15.2               3.6    11.6      0.7
SINCE 7/1        42.2              26.7    15.5     23.8
SNOWDEPTH AVG.      0
DAYS >= 1.0         4               1.1     2.9
GREATEST
 SNOW DEPTH         7   04/16                          1
 24 HR TOTAL      7.0   04/16 TO 04/16               0.7

DEGREE_DAYS
HEATING TOTAL     685               694      -9      640
 SINCE 7/1       7368              8000    -632     6917
COOLING TOTAL       0                 0       0        0
 SINCE 1/1          0                 0       0        0
.................................................................

WIND (MPH)
AVERAGE WIND SPEED              8.3
HIGHEST WIND SPEED/DIRECTION    52/330    DATE  04/05
HIGHEST GUST SPEED/DIRECTION    64/330    DATE  04/05

SKY COVER
POSSIBLE SUNSHINE (PERCENT)   MM
AVERAGE SKY COVER           0.30
NUMBER OF DAYS FAIR           19
NUMBER OF DAYS PC              6
NUMBER OF DAYS CLOUDY          5

AVERAGE RH (PERCENT)     57

WEATHER CONDITIONS. NUMBER OF DAYS WITH
THUNDERSTORM              2     MIXED PRECIP               0
HEAVY RAIN                0     RAIN                       2
LIGHT RAIN               10     FREEZING RAIN              0
LT FREEZING RAIN          0     HAIL                       0
HEAVY SNOW                2     SNOW                       4
LIGHT SNOW                5     SLEET                      0
FOG                       9     FOG W/VIS <= 1/4 MILE      4
HAZE                      3

-  INDICATES NEGATIVE NUMBERS.
R  INDICATES RECORD WAS SET OR TIED.
MM INDICATES DATA IS MISSING.
T  INDICATES TRACE AMOUNT.

$$
