000
CXUS54 KAMA 021921
CLMAMA


CLIMATE REPORT...CORRECTED
NATIONAL WEATHER SERVICE AMARILLO TX
116 PM CST MON FEB 2 2015

CORRECTED FOR SNOWFALL

...................................

...THE AMARILLO CLIMATE SUMMARY FOR THE MONTH OF JANUARY 2015...

CLIMATE NORMAL PERIOD 1981 TO 2010
CLIMATE RECORD PERIOD 1892 TO 2015

WEATHER         OBSERVED          NORMAL  DEPART  LAST YEAR`S
                 VALUE   DATE(S)  VALUE   FROM    VALUE  DATE(S)
                                          NORMAL
................................................................
TEMPERATURE (F)
RECORD
 HIGH              83   01/05/1927
 LOW              -11   01/18/1984
                        01/04/1959
                        01/06/1912
HIGHEST            73   01/27                         71  01/12
LOWEST              9   01/04                          4  01/28
AVG. MAXIMUM     48.1              50.6    -2.5     52.3
AVG. MINIMUM     25.2              23.4     1.8     21.8
MEAN             36.6              37.0    -0.4     37.0
DAYS MAX >= 90      0               0.0     0.0        0
DAYS MAX <= 32      4               2.7     1.3        3
DAYS MIN <= 32     25              26.8    -1.8       28
DAYS MIN <= 0       0               0.2    -0.2        0

PRECIPITATION (INCHES)
RECORD
 MAXIMUM         2.67   1999
 MINIMUM         0.00   1986
                        1923
TOTALS           1.61              0.72    0.89     0.03
DAILY AVG.       0.05              0.02    0.03     0.00
DAYS >= .01         7               3.9     3.1        2
DAYS >= .10         4               1.7     2.3        0
DAYS >= .50         1               0.5     0.5        0
DAYS >= 1.00        0               0.0     0.0        0
GREATEST
 24 HR. TOTAL    0.87   01/21 TO 01/22

SNOWFALL (INCHES)
RECORDS
 TOTAL           19.7   1897
TOTALS           14.1               4.7     9.4      0.9
SINCE 7/1        17.0              11.1     5.9      7.4
DAYS >= TRACE       9               2.6     6.4        4
DAYS >= 1.0         3               1.4     1.6        0
GREATEST
 SNOW DEPTH        12   01/22
 24 HR TOTAL     12.0   01/21 TO 01/22

DEGREE_DAYS
HEATING TOTAL     871               868       3      857
 SINCE 7/1       2440              2585    -145     2598
COOLING TOTAL       0                 0       0        0
 SINCE 1/1          0                 0       0        0
.................................................................

WIND (MPH)
AVERAGE WIND SPEED              10.9
HIGHEST WIND SPEED/DIRECTION    36/240    DATE  01/18
HIGHEST GUST SPEED/DIRECTION    47/240    DATE  01/18

SKY COVER
POSSIBLE SUNSHINE (PERCENT)   MM
NUMBER OF DAYS FAIR           19
NUMBER OF DAYS PC              3
NUMBER OF DAYS CLOUDY          9

AVERAGE RH (PERCENT)     64

WEATHER CONDITIONS. NUMBER OF DAYS WITH
THUNDERSTORM              0     MIXED PRECIP               0
HEAVY RAIN                0     RAIN                       0
LIGHT RAIN                3     FREEZING RAIN              1
LT FREEZING RAIN          1     HAIL                       0
HEAVY SNOW                1     SNOW                       3
LIGHT SNOW                7     SLEET                      2
FOG                      13     FOG W/VIS <= 1/4 MILE      4
HAZE                      3

-  INDICATES NEGATIVE NUMBERS.
R  INDICATES RECORD WAS SET OR TIED.
MM INDICATES DATA IS MISSING.
T  INDICATES TRACE AMOUNT.

$$

NF
