000
CXUS54 KBMX 021113
CLMANB


CLIMATE REPORT
NATIONAL WEATHER SERVICE BIRMINGHAM, AL
612 AM CDT SAT JUL 2 2016

...................................

...THE ANNISTON CLIMATE SUMMARY FOR THE MONTH OF JUNE 2016...

CLIMATE NORMAL PERIOD 1981 TO 2010
CLIMATE RECORD PERIOD 1903 TO 2016

WEATHER         OBSERVED          NORMAL  DEPART  LAST YEAR`S
                 VALUE   DATE(S)  VALUE   FROM    VALUE  DATE(S)
                                          NORMAL
................................................................
TEMPERATURE (F)
RECORD
 HIGH             104   06/30/2012
                        06/28/1931
                        08/29/2000
 LOW               42   06/01/1972
HIGHEST           100   06/25        MM      MM       96  06/22
LOWEST             57   06/09        MM      MM       61  06/29
AVG. MAXIMUM     91.4              87.3     4.1     89.3
AVG. MINIMUM     67.2              66.6     0.6     68.4
MEAN             79.3                               78.9
DAYS MAX >= 90     21               9.3    11.7       15
DAYS MAX <= 32      0               0.0     0.0        0
DAYS MIN <= 32      0               0.0     0.0        0
DAYS MIN <= 0       0               0.0     0.0        0

PRECIPITATION (INCHES)
RECORD
 MAXIMUM         9.28   2003
 MINIMUM         0.00   1988
TOTALS           1.56              4.08   -2.52     2.63
DAILY AVG.       0.05              0.14   -0.09
DAYS >= .01         9              10.0    -1.0
DAYS >= .10         5               6.9    -1.9
DAYS >= .50         0               2.8    -2.8
DAYS >= 1.00        0               1.1    -1.1

DEGREE_DAYS
COOLING TOTAL     436               359      77      424
 SINCE 1/1        716               599     117      741
.................................................................

WIND (MPH)
AVERAGE WIND SPEED              4.2
HIGHEST WIND SPEED/DIRECTION    23/350    DATE  06/27
HIGHEST GUST SPEED/DIRECTION    36/320    DATE  06/17

AVERAGE RH (PERCENT)     65

WEATHER CONDITIONS. NUMBER OF DAYS WITH
THUNDERSTORM              0     MIXED PRECIP               0
HEAVY RAIN                5     RAIN                       2
LIGHT RAIN               10     FREEZING RAIN              0
LT FREEZING RAIN          0     HAIL                       0
HEAVY SNOW                0     SNOW                       0
LIGHT SNOW                0     SLEET                      0
FOG                       6     FOG W/VIS <= 1/4 MILE      1
HAZE                      1

-  INDICATES NEGATIVE NUMBERS.
R  INDICATES RECORD WAS SET OR TIED.
MM INDICATES DATA IS MISSING.
T  INDICATES TRACE AMOUNT.

$$
