000
CXUS51 KBUF 011747
CLMART


CLIMATE REPORT
NATIONAL WEATHER SERVICE BUFFALO NY
113 PM EDT TUE AUG 1 2017

...................................

...THE WATERTOWN NY CLIMATE SUMMARY FOR THE MONTH OF JULY 2017...

CLIMATE NORMAL PERIOD 1981 TO 2010
CLIMATE RECORD PERIOD 1949 TO 2017

WEATHER         OBSERVED          NORMAL  DEPART  LAST YEAR`S
                 VALUE   DATE(S)  VALUE   FROM    VALUE  DATE(S)
                                          NORMAL
................................................................
TEMPERATURE (F)
RECORD
 HIGH              99   07/07/2008
 LOW               33   07/02/1962
HIGHEST            84   07/12                         91  07/13
LOWEST             47   07/30                         48  07/20
                        07/29                             07/11
AVG. MAXIMUM     77.3              79.2    -1.9     82.3
AVG. MINIMUM     59.3              58.1     1.2     59.9
MEAN             68.3              68.6    -0.3     71.1
DAYS MAX >= 90      0               0.6    -0.6        1
DAYS MAX <= 32      0               0.0     0.0        0
DAYS MIN <= 32      0               0.0     0.0        0
DAYS MIN <= 0       0               0.0     0.0        0

PRECIPITATION (INCHES)
RECORD
 MAXIMUM         5.58   1995
 MINIMUM         0.30   1963
TOTALS           4.78              2.65    2.13     0.40
DAYS >= .01        17              10.1     6.9        4
DAYS >= .10         8               6.1     1.9        1
DAYS >= .50         3               1.7     1.3        0
DAYS >= 1.00        2               0.5     1.5        0
GREATEST
 24 HR. TOTAL    1.22   07/24 TO 07/24

DEGREE_DAYS
HEATING TOTAL      11                26     -15        5
 SINCE 7/1         11                26     -15        5
COOLING TOTAL     124               139     -15      202
 SINCE 1/1        223               212      11      279
.........................................................

WIND (MPH)
AVERAGE WIND SPEED              6.3
HIGHEST WIND SPEED/DIRECTION    28/290    DATE  07/08
HIGHEST GUST SPEED/DIRECTION    34/290    DATE  07/08

SKY COVER
POSSIBLE SUNSHINE (PERCENT)   MM
AVERAGE SKY COVER           0.40
NUMBER OF DAYS FAIR           16
NUMBER OF DAYS PC             10
NUMBER OF DAYS CLOUDY          5

AVERAGE RH (PERCENT)     80

WEATHER CONDITIONS. NUMBER OF DAYS WITH
THUNDERSTORM              6     MIXED PRECIP               0
HEAVY RAIN                7     RAIN                       9
LIGHT RAIN               19     FREEZING RAIN              0
LT FREEZING RAIN          0     HAIL                       0
HEAVY SNOW                0     SNOW                       0
LIGHT SNOW                0     SLEET                      0
FOG                      27     FOG W/VIS <= 1/4 MILE      4
HAZE                      9

-  INDICATES NEGATIVE NUMBERS.
R  INDICATES RECORD WAS SET OR TIED.
MM INDICATES DATA IS MISSING.
T  INDICATES TRACE AMOUNT.

$$
