975
CXUS51 KBUF 011528
CLMART


CLIMATE REPORT
NATIONAL WEATHER SERVICE BUFFALO NY
1027 AM EST THU DEC 1 2016

...................................

...THE WATERTOWN NY CLIMATE SUMMARY FOR THE MONTH OF NOVEMBER 2016...

CLIMATE NORMAL PERIOD 1981 TO 2010
CLIMATE RECORD PERIOD 1949 TO 2016

WEATHER         OBSERVED          NORMAL  DEPART  LAST YEAR`S
                 VALUE   DATE(S)  VALUE   FROM    VALUE  DATE(S)
                                          NORMAL
................................................................
TEMPERATURE (F)
RECORD
 HIGH              77   11/02/1971
 LOW               -3   11/28/1968
HIGHEST            72   11/19                         73  11/04
LOWEST             15   11/23                         15  11/23
AVG. MAXIMUM     50.7              46.8     3.9     52.5
AVG. MINIMUM     30.7              29.7     1.0     33.1
MEAN             40.7              38.3     2.4     42.8
DAYS MAX >= 90      0               0.0     0.0        0
DAYS MAX <= 32      2               1.8     0.2        0
DAYS MIN <= 32     21              17.7     3.3       15
DAYS MIN <= 0       0               0.1    -0.1        0

PRECIPITATION (INCHES)
RECORD
 MAXIMUM         7.17   1963
 MINIMUM         0.76   1960
TOTALS           1.40              3.76   -2.36     2.11
DAYS >= .01        12              15.2    -3.2       11
DAYS >= .10         4               9.0    -5.0        7
DAYS >= .50         0               2.2    -2.2        1
DAYS >= 1.00        0               0.5    -0.5        0
GREATEST
 24 HR. TOTAL    0.49   11/02 TO 11/03           11/12 TO 11/13
                                                          11/13 TO 11/13
                                                          11/13 TO 11/13

DEGREE_DAYS
HEATING TOTAL     722               803     -81      657
 SINCE 7/1       1342              1599    -257     1367
COOLING TOTAL       0                 0       0        0
 SINCE 1/1        566               362     204      388
....................................................

WIND (MPH)
AVERAGE WIND SPEED              7.7
HIGHEST WIND SPEED/DIRECTION    36/290
HIGHEST GUST SPEED/DIRECTION    47/290    DATE  11/21

SKY COVER
POSSIBLE SUNSHINE (PERCENT)   MM
AVERAGE SKY COVER           0.50
NUMBER OF DAYS FAIR           12
NUMBER OF DAYS PC              9
NUMBER OF DAYS CLOUDY          9

AVERAGE RH (PERCENT)     75

WEATHER CONDITIONS. NUMBER OF DAYS WITH
THUNDERSTORM              0     MIXED PRECIP               0
HEAVY RAIN                0     RAIN                       4
LIGHT RAIN               14     FREEZING RAIN              0
LT FREEZING RAIN          1     HAIL                       0
HEAVY SNOW                1     SNOW                       2
LIGHT SNOW                3     SLEET                      0
FOG                      20     FOG W/VIS <= 1/4 MILE      6
HAZE                      6

-  INDICATES NEGATIVE NUMBERS.
R  INDICATES RECORD WAS SET OR TIED.
MM INDICATES DATA IS MISSING.
T  INDICATES TRACE AMOUNT.

$$
