000
CXUS53 KABR 011446
CLMATY


CLIMATE REPORT
NATIONAL WEATHER SERVICE ABERDEEN SD
936 AM CDT WED OCT 1 2014

...................................

...THE WATERTOWN SD CLIMATE SUMMARY FOR THE MONTH OF SEPTEMBER 2014...

CLIMATE NORMAL PERIOD 1981 TO 2010
CLIMATE RECORD PERIOD 1898 TO 2014

WEATHER         OBSERVED          NORMAL  DEPART  LAST YEAR`S
                 VALUE   DATE(S)  VALUE   FROM    VALUE  DATE(S)
                                          NORMAL
................................................................
TEMPERATURE (F)
RECORD
 HIGH             104   09/10/1931
 LOW                9   09/29/1899
HIGHEST            83   09/26        MM      MM       91  09/07
LOWEST             34   09/13        MM      MM       36  09/21
AVG. MAXIMUM     70.4              70.6    -0.2     77.6
AVG. MINIMUM     48.8              47.4     1.4     53.1
MEAN             59.6              59.0     0.6     65.4
DAYS MAX >= 90      0               0.5    -0.5        2
DAYS MAX <= 32      0               0.0     0.0        0
DAYS MIN <= 32      0               1.3    -1.3        0
DAYS MIN <= 0       0               0.0     0.0        0

PRECIPITATION (INCHES)
RECORD
 MAXIMUM         7.22   1921
 MINIMUM         0.12   1953
TOTALS           0.84              2.64   -1.80     3.12
DAYS >= .01         8               8.3    -0.3        8
DAYS >= .10         3               5.0    -2.0        5
DAYS >= .50         0               1.9    -1.9        2
DAYS >= 1.00        0               0.5    -0.5        1

SNOWFALL (INCHES)
RECORDS
 TOTAL             MM   MM
 SNOW DEPTH        MM   MM
TOTALS            0.0                 T     0.0      0.0
SINCE 7/1         0.0                 T     0.0      0.0
SNOWDEPTH AVG.      0                MM      MM        0
DAYS >= TRACE       0               0.0     0.0        0
DAYS >= 1.0         0               0.0     0.0        0
GREATEST
 SNOW DEPTH         0   MM                             0  MM

DEGREE_DAYS
HEATING TOTAL     191               219     -28       85
 SINCE 7/1        245               276     -31      136
COOLING TOTAL      36                39      -3      104
 SINCE 1/1        369               513    -144      618

FREEZE DATES
RECORD
 EARLIEST     MM
 LATEST       MM
EARLIEST                        MM
LATEST                          MM
.................................................................

WIND (MPH)
AVERAGE WIND SPEED              10.3
RESULTANT WIND SPEED/DIRECTION   3/183
HIGHEST WIND SPEED/DIRECTION    36/340    DATE  09/20
HIGHEST GUST SPEED/DIRECTION    45/340    DATE  09/20

SKY COVER
POSSIBLE SUNSHINE (PERCENT)   MM
AVERAGE SKY COVER           0.30
NUMBER OF DAYS FAIR           18
NUMBER OF DAYS PC              6
NUMBER OF DAYS CLOUDY          5

AVERAGE RH (PERCENT)     74

WEATHER CONDITIONS. NUMBER OF DAYS WITH
THUNDERSTORM              0     MIXED PRECIP               0
HEAVY RAIN                2     RAIN                       3
LIGHT RAIN               10     FREEZING RAIN              0
LT FREEZING RAIN          0     HAIL                       0
HEAVY SNOW                0     SNOW                       0
LIGHT SNOW                0     SLEET                      0
FOG                      11     FOG W/VIS <= 1/4 MILE      3
HAZE                      1

-  INDICATES NEGATIVE NUMBERS.
R  INDICATES RECORD WAS SET OR TIED.
MM INDICATES DATA IS MISSING.
T  INDICATES TRACE AMOUNT.

$$
