000
CXUS51 KGYX 030108 RRA
CLMAUG

PWMCLMAUG 000
TTAA00 KGYX 030103


CLIMATE REPORT
NATIONAL WEATHER SERVICE GRAY ME
903 PM EDT SUN AUG 2 2015

...................................

...THE AUGUSTA CLIMATE SUMMARY FOR THE MONTH OF JULY 2015...

CLIMATE NORMAL PERIOD 1981 TO 2010
CLIMATE RECORD PERIOD 1948 TO 2015

WEATHER         OBSERVED          NORMAL  DEPART  LAST YEAR`S
                 VALUE   DATE(S)  VALUE   FROM    VALUE  DATE(S)
                                          NORMAL
................................................................
TEMPERATURE (F)
RECORD
 HIGH              99   07/14/1952
 LOW               43   07/07/1965
HIGHEST            88   07/12        91      -3       88  07/02
LOWEST             52   07/17        52       0       54  07/25
                        07/16                             07/11
                                                          07/05
AVG. MAXIMUM     77.6              79.2    -1.6     78.9
AVG. MINIMUM     59.1              59.9    -0.8     61.1
MEAN             68.4              69.5    -1.1     70.0
DAYS MAX >= 90      0               1.3    -1.3        0
DAYS MAX <= 32      0               0.0     0.0        0
DAYS MIN <= 32      0               0.0     0.0        0
DAYS MIN <= 0       0               0.0     0.0        0

PRECIPITATION (INCHES)
RECORD
 MAXIMUM         8.67   1996
 MINIMUM         0.45   1989
TOTALS           2.77              3.42   -0.65     6.37
DAILY AVG.       0.09              0.11   -0.02     0.21
DAYS >= .01        11              11.8    -0.8       13
DAYS >= .10         8               6.6     1.4       11
DAYS >= .50         0               2.0    -2.0        6
DAYS >= 1.00        0               0.8    -0.8        3
GREATEST
 24 HR. TOTAL    0.49   07/30

DEGREE_DAYS
HEATING TOTAL      18                16       2        2
 SINCE 7/1         18                16       2        2
COOLING TOTAL     127               157     -30      165
 SINCE 1/1        194               230     -36      224
.................................................................

WIND (MPH)
AVERAGE WIND SPEED              5.5
HIGHEST WIND SPEED/DIRECTION    21/350    DATE  07/16
HIGHEST GUST SPEED/DIRECTION    28/210    DATE  07/30

SKY COVER
AVERAGE SKY COVER           0.40

AVERAGE RH (PERCENT)     73

WEATHER CONDITIONS. NUMBER OF DAYS WITH
THUNDERSTORM              6     HEAVY RAIN                 5
RAIN                      7     LIGHT RAIN                13
FREEZING RAIN             0     LT FREEZING RAIN           0
HEAVY SNOW                0     SNOW                       0
LIGHT SNOW                0     FOG                       21
FOG W/VIS <= 1/4 MILE    15     HAZE                       4

-  INDICATES NEGATIVE NUMBERS.
R  INDICATES RECORD WAS SET OR TIED.
MM INDICATES DATA IS MISSING.
T  INDICATES TRACE AMOUNT.

$$

KIMBLE
