000
CXUS54 KEWX 011920
CLMAUS

CLIMATE REPORT
NATIONAL WEATHER SERVICE AUSTIN/SAN ANTONIO, TX
155 PM CDT THU SEP 1 2016

...................................

...THE AUSTIN BERGSTROM CLIMATE SUMMARY FOR THE MONTH OF AUGUST 2016...

CLIMATE NORMAL PERIOD 1981 TO 2010
CLIMATE RECORD PERIOD 1943 TO 2016

WEATHER         OBSERVED          NORMAL  DEPART  LAST YEAR`S
                 VALUE   DATE(S)  VALUE   FROM    VALUE  DATE(S)
                                          NORMAL
................................................................
TEMPERATURE (F)
HIGHEST           102   08/12                        103  08/12
                                                          08/11
                                                          08/10
LOWEST             69   08/02                         64  08/28
AVG. MAXIMUM     92.5              96.1    -3.6     97.3
AVG. MINIMUM     73.4              71.3     2.1     71.0
MEAN             83.0              83.7    -0.7     84.2
DAYS MAX >= 90     24                                 30
DAYS MAX <= 32      0                                  0
DAYS MIN <= 32      0                                  0
DAYS MIN <= 0       0                                  0

PRECIPITATION (INCHES)
TOTALS           8.31              2.03    6.28     0.74
DAILY AVG.       0.27              0.07    0.20     0.02
DAYS >= .01        11                                  5
DAYS >= .10         7                                  3
DAYS >= .50         5                                  0
DAYS >= 1.00        3                                  0
GREATEST
 24 HR. TOTAL    2.57   08/20 TO 08/21

SNOWFALL (INCHES)
TOTALS            0.0               0.0     0.0      0.0
SINCE 7/1         0.0               0.0     0.0      0.0

DEGREE_DAYS
HEATING TOTAL       0                 0       0        0
 SINCE 7/1          0                 0       0        0
COOLING TOTAL     564               580     -16      604
 SINCE 1/1       2257              2140     117     2095
.................................................................

WIND (MPH)
AVERAGE WIND SPEED              6.5
HIGHEST WIND SPEED/DIRECTION    26/020    DATE  08/14
HIGHEST GUST SPEED/DIRECTION    31/020    DATE  08/14

SKY COVER
POSSIBLE SUNSHINE (PERCENT)   MM
AVERAGE SKY COVER           0.60
NUMBER OF DAYS FAIR            8
NUMBER OF DAYS PC             14
NUMBER OF DAYS CLOUDY          9

AVERAGE RH (PERCENT)     75

WEATHER CONDITIONS. NUMBER OF DAYS WITH
THUNDERSTORM              0     MIXED PRECIP               0
HEAVY RAIN                5     RAIN                       6
LIGHT RAIN               13     FREEZING RAIN              0
LT FREEZING RAIN          0     HAIL                       0
HEAVY SNOW                0     SNOW                       0
LIGHT SNOW                0     SLEET                      0
FOG                      18     FOG W/VIS <= 1/4 MILE      1
HAZE                      0

-  INDICATES NEGATIVE NUMBERS.
R  INDICATES RECORD WAS SET OR TIED.
MM INDICATES DATA IS MISSING.
T  INDICATES TRACE AMOUNT.

&&

MONTHLY CLIMATE SUMMARY:
AUGUST 2016 WAS THE 12TH COOLEST AND THE 2ND WETTEST AUGUST
SINCE RECORD KEEPING BEGAN.

SEA LEVEL PRESSURE DATA:
HIGHEST SLP 30.11 ON 24TH
LOWEST  SLP 29.66 ON 12TH

PRELIMINARY LOCAL CLIMATOLOGICAL DATA (WS FORM: F-6)

                                          STATION:   AUSTIN BERGSTROM
                                          MONTH:     AUGUST
                                          YEAR:      2016
                                          LATITUDE:   30 13 N
                                          LONGITUDE:  97 40 W

  TEMPERATURE IN F:       :PCPN:    SNOW:  WIND      :SUNSHINE: SKY     :PK WND
================================================================================
1   2   3   4   5  6A  6B    7    8   9   10  11  12  13   14  15   16   17  18
                                     12Z  AVG MX 2MIN
DY MAX MIN AVG DEP HDD CDD  WTR  SNW DPTH SPD SPD DIR MIN PSBL S-S WX    SPD DR
================================================================================

 1  97  73  85   1   0  20 0.00  0.0    0  9.0 16 180   M    M   2        21 180
 2  96  69  83  -1   0  18 0.00  0.0    0  6.4 15 170   M    M   2 1      19 170
 3  97  73  85   1   0  20 0.00  0.0    0  5.5 15 130   M    M   2        20 150
 4  97  71  84   0   0  19 0.00  0.0    0  7.0 14 200   M    M   3        23 120
 5  97  71  84   0   0  19 0.00  0.0    0  5.6 13 160   M    M   3        18 280
 6  97  74  86   2   0  21 0.00  0.0    0  6.0 14 180   M    M   2        20 170
 7  98  76  87   3   0  22 0.00  0.0    0  7.0 15 210   M    M   2 1      20 210
 8  98  74  86   2   0  21 0.00  0.0    0  7.4 14 150   M    M   2        19 150
 9  98  76  87   3   0  22 0.00  0.0    0  6.9 15 170   M    M   5        20 170
10  99  79  89   5   0  24 0.00  0.0    0  8.2 14 190   M    M   5        19 190
11 100  77  89   5   0  24 0.00  0.0    0  7.6 17 190   M    M   5        22 200
12 102  77  90   6   0  25 0.19  0.0    0  8.1 18  10   M    M   5 13     22 230
13  93  76  85   1   0  20 0.01  0.0    0  4.9 20 350   M    M   8 1      23 360
14  86  72  79  -5   0  14 0.88  0.0    0  4.5 26  20   M    M  10 13     31  20
15  78  70  74 -10   0   9 1.66  0.0    0  5.8 17 180   M    M  10 1      22 180
16  81  72  77  -7   0  12 2.05  0.0    0  4.7 14 140   M    M  10 13     16 140
17  84  75  80  -4   0  15 0.04  0.0    0  5.7 16 140   M    M  10 13     20 130
18  89  74  82  -2   0  17 0.28  0.0    0  2.8 15 180   M    M   9 13     22 120
19  93  74  84   0   0  19    T  0.0    0  8.5 17 180   M    M   8 13     22 170
20  83  72  78  -6   0  13 2.52  0.0    0  6.9 21 240   M    M  10 123    30 250
21  81  73  77  -7   0  12 0.06  0.0    0  4.5 14  90   M    M   8 1      18 100
22  92  75  84   1   0  19 0.06  0.0    0  5.8 20 140   M    M   7 13     24 130
23  93  75  84   1   0  19 0.00  0.0    0 11.0 21 180   M    M   5 1      28 180
24  93  72  83   0   0  18 0.00  0.0    0  9.5 16 150   M    M   4 1      25 150
25  92  73  83   0   0  18 0.00  0.0    0  4.4 17 100   M    M   6 1      21 100
26  94  73  84   1   0  19 0.00  0.0    0  3.6 16 110   M    M   6        20 120
27  92  71  82  -1   0  17 0.00  0.0    0  3.6 12  90   M    M   4 1      19  90
28  91  71  81  -1   0  16    T  0.0    0  6.9 20  90   M    M   4        26  90
29  91  73  82   0   0  17 0.56  0.0    0  9.6 24 110   M    M   7 1      30 110
30  91  73  82   0   0  17    T  0.0    0  7.3 16  40   M    M   7        20  50
31  94  72  83   1   0  18 0.00  0.0    0  6.1 16  40   M    M   4        21  40
================================================================================
SM 2867 2276         0 564  8.31     0.0 200.8          M      175
================================================================================
AV 92.5 73.4                               6.5 FASTST   M    M   6    MAX(MPH)
                                 MISC ---->  # 26  20               # 31   20
================================================================================
NOTES:
# LAST OF SEVERAL OCCURRENCES

COLUMN 17 PEAK WIND IN M.P.H.

SYMBOLS USED IN COLUMN 16
1 = FOG OR MIST
2 = FOG REDUCING VISIBILITY
3 = THUNDER
4 = ICE PELLETS
5 = HAIL
6 = FREEZING RAIN OR DRIZZLE
7 = DUSTSTORM OR SANDSTORM:
8 = SMOKE OR HAZE
9 = BLOWING SNOW
X = TORNADO

$$
