000
CXUS53 KGRB 011350
CLMAUW


CLIMATE REPORT
NATIONAL WEATHER SERVICE GREEN BAY
847 AM CDT SUN OCT 1 2017

...................................

...THE WAUSAU WI CLIMATE SUMMARY FOR THE MONTH OF SEPTEMBER 2017...

CLIMATE NORMAL PERIOD 1981 TO 2010
CLIMATE RECORD PERIOD 1896 TO 2017

WEATHER         OBSERVED          NORMAL  DEPART  LAST YEAR`S
                 VALUE   DATE(S)  VALUE   FROM    VALUE  DATE(S)
                                          NORMAL
................................................................
TEMPERATURE (F)
RECORD
 HIGH              99   09/10/1931
 LOW               18   09/30/1899
HIGHEST            87   09/24        84       3       80  09/06
                        09/23                             09/05
                        09/22
LOWEST             37   09/30        33       4       45  09/11
AVG. MAXIMUM     72.8              68.8     4.0     71.3
AVG. MINIMUM     50.7              48.1     2.6     53.3
MEAN             61.8              58.5     3.3     62.3
DAYS MAX >= 90      0               0.0     0.0        0
DAYS MAX <= 32      0               0.0     0.0        0
DAYS MIN <= 32      0               0.8    -0.8        0
DAYS MIN <= 0       0               0.0     0.0        0

PRECIPITATION (INCHES)
RECORD
 MAXIMUM         9.79   1986
 MINIMUM         0.23   2009
TOTALS           1.95              3.90   -1.95     4.77
DAILY AVG.       0.07              0.13   -0.06     0.16
DAYS >= .01        13              12.3     0.7       11
DAYS >= .10         5               7.2    -2.2       10
DAYS >= .50         1               2.2    -1.2
DAYS >= 1.00        0               0.9    -0.9        2
GREATEST
 STORM TOTAL       MM
 (MM/DD(HH))            MM

SNOWFALL (INCHES)
RECORDS
 TOTAL            2.0   1942
 24 HR TOTAL      0.0   09/30/2002 TO 09/30/2002
TOTALS            0.0               0.0     0.0      0.0
SINCE 7/1         0.0               0.0     0.0      0.0
DAYS >= TRACE       0               0.0     0.0
DAYS >= 1.0         0               0.0     0.0        0
GREATEST
 SNOW DEPTH         0   MM                             0  MM
 24 HR TOTAL      0.0   09/30 TO 09/30

DEGREE_DAYS
HEATING TOTAL     156               227     -71       97
 SINCE 7/1        214               293     -79      119
COOLING TOTAL      66                30      36       24
 SINCE 1/1        338               405     -67      511
.................................................................

WIND (MPH)
AVERAGE WIND SPEED              6.7
HIGHEST WIND SPEED/DIRECTION    29/310    DATE  09/04
HIGHEST GUST SPEED/DIRECTION    40/330    DATE  09/04

SKY COVER
POSSIBLE SUNSHINE (PERCENT)   MM
AVERAGE SKY COVER           0.30
NUMBER OF DAYS FAIR           17
NUMBER OF DAYS PC              9
NUMBER OF DAYS CLOUDY          4

AVERAGE RH (PERCENT)     76

WEATHER CONDITIONS. NUMBER OF DAYS WITH
THUNDERSTORM              5     MIXED PRECIP               0
HEAVY RAIN                5     RAIN                       8
LIGHT RAIN               14     FREEZING RAIN              0
LT FREEZING RAIN          0     HAIL                       0
HEAVY SNOW                0     SNOW                       0
LIGHT SNOW                0     SLEET                      0
FOG                      16     FOG W/VIS <= 1/4 MILE      5
HAZE                      3

-  INDICATES NEGATIVE NUMBERS.
R  INDICATES RECORD WAS SET OR TIED.
MM INDICATES DATA IS MISSING.
T  INDICATES TRACE AMOUNT.

$$
