000
CXUS52 KGSP 011326
CLMAVL

CLIMATE REPORT
NATIONAL WEATHER SERVICE GREENVILLE-SPARTANBURG SC
823 AM EST SUN FEB 1 2015

...................................

...THE ASHEVILLE CLIMATE SUMMARY FOR THE MONTH OF JANUARY 2015...

CLIMATE NORMAL PERIOD 1981 TO 2010
CLIMATE RECORD PERIOD 1869 TO 2015

WEATHER         OBSERVED          NORMAL  DEPART  LAST YEAR`S
                 VALUE   DATE(S)  VALUE   FROM    VALUE  DATE(S)
                                          NORMAL
................................................................
TEMPERATURE (F)
RECORD
 HIGH              80   01/27/1999
 LOW              -16   01/21/1985
HIGHEST            66   01/20        MM      MM       62  01/20
LOWEST              4   01/08        MM      MM       -1  01/07
AVG. MAXIMUM     47.0              47.4    -0.4     42.9
AVG. MINIMUM     27.0              26.7     0.3     18.3
MEAN             37.0              37.1    -0.1     30.6
DAYS MAX >= 90      0               0.0     0.0        0
DAYS MAX <= 32      2               2.5    -0.5        7
DAYS MIN <= 32     24              21.9     2.1       28
DAYS MIN <= 0       0               0.3    -0.3        1

PRECIPITATION (INCHES)
RECORD
 MAXIMUM         9.96   1998
 MINIMUM         0.27   1907
TOTALS           3.06              3.67   -0.61     2.33
DAILY AVG.       0.10              0.12   -0.02     0.08
DAYS >= .01         9              10.0    -1.0        8
DAYS >= .10         4               6.2    -2.2        4
DAYS >= .50         3               2.5     0.5        2
DAYS >= 1.00        1               0.9     0.1        1
GREATEST
 24 HR. TOTAL    1.70   01/03 TO 01/04           01/10 TO 01/11
                                                          01/28 TO 01/28
                                                          01/28 TO 01/28
 STORM TOTAL       MM                                 MM
 (MM/DD(HH))            MM                    01/11(00) TO 01/11(00)
                                                 01/28(00) TO 01/28(00)8
                                                 01/28(00) TO 01/28(00)8

SNOWFALL (INCHES)
RECORDS
 TOTAL           17.6   1966
 24 HR TOTAL     14.0   01/07/1988 TO 01/08/1988
 SNOW DEPTH        14   01/08/1988
TOTALS              T               4.1    -4.1      1.3
 LIQUID EQUIV      MM              0.40      MM     0.13
SINCE 7/1         3.2               5.1    -1.9      1.5
 LIQUID 7/1      0.32              0.50   -0.18     0.15
SNOWDEPTH AVG.      0                MM      MM        0
DAYS >= TRACE       6               1.9     4.1        8
DAYS >= 1.0         0               0.9    -0.9        1
GREATEST
 SNOW DEPTH         0   MM                             1  01/29
 24 HR TOTAL        T   01/30 TO 01/30           01/28 TO 01/28
                                                          01/28 TO 01/28
                                                          01/28 TO 01/28
 STORM TOTAL       MM                                 MM
 (MM/DD(HH))            MM                    01/28(00) TO 01/28(00)
                                                 01/28(00) TO 01/28(00)8
                                                 01/28(00) TO 01/28(00)8

DEGREE_DAYS
HEATING TOTAL     861               866      -5     1059
 SINCE 7/1       2415              2527    -112     2639
COOLING TOTAL       0                 0       0        0
 SINCE 1/1          0                 0       0        0

FREEZE DATES
RECORD
 EARLIEST     MM
 LATEST       MM
EARLIEST                        MM
LATEST                          MM
.........................................................

WIND (MPH)
AVERAGE WIND SPEED              8.3
HIGHEST WIND SPEED/DIRECTION    37/330    DATE  01/30
HIGHEST GUST SPEED/DIRECTION    51/330    DATE  01/30

SKY COVER
POSSIBLE SUNSHINE (PERCENT)   MM
AVERAGE SKY COVER           0.40
NUMBER OF DAYS FAIR           17
NUMBER OF DAYS PC              8
NUMBER OF DAYS CLOUDY          6

AVERAGE RH (PERCENT)     63

WEATHER CONDITIONS. NUMBER OF DAYS WITH
THUNDERSTORM              0     MIXED PRECIP               0
HEAVY RAIN                3     RAIN                       6
LIGHT RAIN               12     FREEZING RAIN              0
LT FREEZING RAIN          0     HAIL                       0
HEAVY SNOW                0     SNOW                       0
LIGHT SNOW                4     SLEET                      1
FOG                      10     FOG W/VIS <= 1/4 MILE      2
HAZE                      2

-  INDICATES NEGATIVE NUMBERS.
R  INDICATES RECORD WAS SET OR TIED.
MM INDICATES DATA IS MISSING.
T  INDICATES TRACE AMOUNT.

$$
JPT
