000
CXUS51 KBGM 010914
CLMAVP


CLIMATE REPORT
NATIONAL WEATHER SERVICE BINGHAMTON NY
506 AM EDT FRI SEP 1 2017

...................................

...THE AVOCA PA CLIMATE SUMMARY FOR THE MONTH OF AUGUST 2017...

CLIMATE NORMAL PERIOD 1981 TO 2010
CLIMATE RECORD PERIOD 1901 TO 2017

WEATHER         OBSERVED          NORMAL  DEPART  LAST YEAR`S
                 VALUE   DATE(S)  VALUE   FROM    VALUE  DATE(S)
                                          NORMAL
................................................................
TEMPERATURE (F)
RECORD
 HIGH              98   08/09/2001
 LOW               38   08/29/1982
HIGHEST            89   08/22        80       9       95  08/13
LOWEST             49   08/26        60     -11       51  08/23
AVG. MAXIMUM     79.2              79.9    -0.7     84.6
AVG. MINIMUM     59.5              59.5     0.0     64.3
MEAN             69.3              69.7    -0.4     74.5
DAYS MAX >= 90      0               1.7    -1.7        4
DAYS MAX <= 32      0               0.0     0.0        0
DAYS MIN <= 32      0               0.0     0.0        0
DAYS MIN <= 0       0               0.0     0.0        0

PRECIPITATION (INCHES)
RECORD
 MAXIMUM        11.76   1955
 MINIMUM         0.95   1995
TOTALS           2.10              3.41   -1.31     3.07
DAILY AVG.       0.08              0.11   -0.03     0.10
DAYS >= .01         8              11.3    -3.3       10
DAYS >= .10         5               6.9    -1.9        9
DAYS >= .50         1               2.2    -1.2        1
DAYS >= 1.00        0               0.7    -0.7        0
GREATEST
 24 HR. TOTAL    0.87   08/11 TO 08/12

SNOWFALL (INCHES)
RECORDS
 TOTAL            0.0   2007
                        2006
                        2005
 24 HR TOTAL      0.0   MM
TOTALS            0.0               0.0     0.0      0.0
SINCE 7/1         0.0               0.0     0.0      0.0
DAYS >= TRACE       0               0.0     0.0        0
DAYS >= 1.0         0               0.0     0.0        0
GREATEST
 24 HR TOTAL      0.0   08/31 TO 08/31

DEGREE_DAYS
HEATING TOTAL      17                18      -1        1
 SINCE 7/1         17                26      -9        1
COOLING TOTAL     160               164      -4      301
 SINCE 1/1        639               524     115      866
.................................................................

WIND (MPH)
AVERAGE WIND SPEED              4.8
RESULTANT WIND SPEED/DIRECTION   0/212
HIGHEST WIND SPEED/DIRECTION    29/330    DATE  08/19
HIGHEST GUST SPEED/DIRECTION    39/330    DATE  08/19

SKY COVER
POSSIBLE SUNSHINE (PERCENT)   MM
AVERAGE SKY COVER           0.40
NUMBER OF DAYS FAIR           14
NUMBER OF DAYS PC             12
NUMBER OF DAYS CLOUDY          3

AVERAGE RH (PERCENT)     73

WEATHER CONDITIONS. NUMBER OF DAYS WITH
THUNDERSTORM              7     MIXED PRECIP               0
HEAVY RAIN                4     RAIN                       6
LIGHT RAIN               12     FREEZING RAIN              0
LT FREEZING RAIN          0     HAIL                       0
HEAVY SNOW                0     SNOW                       0
LIGHT SNOW                0     SLEET                      0
FOG                      16     FOG W/VIS <= 1/4 MILE      2
HAZE                      5

-  INDICATES NEGATIVE NUMBERS.
R  INDICATES RECORD WAS SET OR TIED.
MM INDICATES DATA IS MISSING.
T  INDICATES TRACE AMOUNT.

&&
PRECIPITATION AMOUNTS MISSING FOR DAYS 2,4,5,7
$$

TAC
