211
CXUS51 KOKX 011539
CLMBDR

CLIMATE REPORT
NATIONAL WEATHER SERVICE NEW YORK NY
1039 AM EST MON FEB 1 2016

...................................

...THE BRIDGEPORT CT CLIMATE SUMMARY FOR THE MONTH OF JANUARY 2016...

CLIMATE NORMAL PERIOD 1981 TO 2010
CLIMATE RECORD PERIOD 1948 TO 2016

WEATHER         OBSERVED          NORMAL  DEPART  LAST YEAR`S
                 VALUE   DATE(S)  VALUE   FROM    VALUE  DATE(S)
                                          NORMAL
................................................................
TEMPERATURE (F)
RECORD
 HIGH              68   01/06/2007
                        01/29/2002
 LOW               -7   01/22/1984
HIGHEST            60   01/10        MM      MM       54  01/04
LOWEST             10   01/05        MM      MM        4  01/08
AVG. MAXIMUM     40.7              37.1     3.6     35.2
AVG. MINIMUM     25.6              23.0     2.6     20.4
MEAN             33.2              30.1     3.1     27.8
DAYS MAX >= 90      0               0.0     0.0        0
DAYS MAX <= 32      6               8.5    -2.5       12
DAYS MIN <= 32     25              25.0     0.0       28
DAYS MIN <= 0       0               0.3    -0.3        0

PRECIPITATION (INCHES)
RECORD
 MAXIMUM        11.20   1979
 MINIMUM         0.40   1970
TOTALS           2.26              3.10   -0.84     4.11
DAILY AVG.       0.07              0.10   -0.03     0.13
DAYS >= .01         6              10.9    -4.9       10
DAYS >= .10         3               6.3    -3.3        9
DAYS >= .50         2               2.0     0.0        4
DAYS >= 1.00        1               0.5     0.5        1
GREATEST
 24 HR. TOTAL    1.23   01/10 TO 01/10           01/18 TO 01/18
                                                          01/24 TO 01/24
                                                          01/24 TO 01/24
 STORM TOTAL       MM                                 MM
 (MM/DD(HH))            MM                    01/18(00) TO 01/18(00)
                                                 01/24(00) TO 01/24(00)4
                                                 01/24(00) TO 01/24(00)4

SNOWFALL (INCHES)
TOTALS           10.3               7.7     2.6     18.7
 LIQUID EQUIV    1.03              0.80    0.23     1.87
SINCE 7/1        11.0              13.5    -2.5     19.6
 LIQUID 7/1      1.10              1.40   -0.30     1.96
SNOWDEPTH AVG.      1                 3      -2        1
DAYS >= TRACE       6               4.8     1.2       10
DAYS >= 1.0         1               2.5    -1.5        6
GREATEST
 SNOW DEPTH        10   01/24                          7  01/28
 24 HR TOTAL      9.5   01/23 TO 01/23           01/24 TO 01/24
                                                          01/24 TO 01/24
                                                          01/24 TO 01/24
 STORM TOTAL       MM                                 MM
 (MM/DD(HH))            MM                    01/24(00) TO 01/24(00)
                                                 01/24(00) TO 01/24(00)4
                                                 01/24(00) TO 01/24(00)4

DEGREE_DAYS
HEATING TOTAL     980              1083    -103     1145
 SINCE 7/1       2268              2976    -708     2849
COOLING TOTAL       0                 0       0        0
 SINCE 1/1          0                 0       0        0
.....................................................

WIND (MPH)
AVERAGE WIND SPEED              9.9
HIGHEST WIND SPEED/DIRECTION    31/030    DATE  01/23
HIGHEST GUST SPEED/DIRECTION    43/300    DATE  01/19


WEATHER CONDITIONS. NUMBER OF DAYS WITH
THUNDERSTORM              0     MIXED PRECIP               0
HEAVY RAIN                1     RAIN                       2
LIGHT RAIN                5     FREEZING RAIN              0
LT FREEZING RAIN          0     HAIL                       0
HEAVY SNOW                1     SNOW                       2
LIGHT SNOW                5     SLEET                      0
FOG                       5     FOG W/VIS <= 1/4 MILE      1
HAZE                      3

-  INDICATES NEGATIVE NUMBERS.
R  INDICATES RECORD WAS SET OR TIED.
MM INDICATES DATA IS MISSING.
T  INDICATES TRACE AMOUNT.

$$
