000
CXUS55 KVEF 131858 CCA
CLMBIH

RNOCLMBIH 000
TTAA00 KVEF 011234


CLIMATE REPORT
NATIONAL WEATHER SERVICE LAS VEGAS, NV
1058 AM PDT THU NOV 13 2014

...................................

...THE BISHOP CA CLIMATE SUMMARY FOR THE MONTH OF OCTOBER 2014...

CLIMATE NORMAL PERIOD 1981 TO 2010
CLIMATE RECORD PERIOD 1943 TO 2014

WEATHER         OBSERVED          NORMAL  DEPART  LAST YEAR`S
                 VALUE   DATE(S)  VALUE   FROM    VALUE  DATE(S)
                                          NORMAL
................................................................
TEMPERATURE (F)
RECORD
 HIGH              97   10/01/1980
 LOW               16   10/28/1970
HIGHEST            93   10/05        77      16       85  10/01
LOWEST             32   10/28        37      -5       19  10/29
                        10/26
AVG. MAXIMUM     82.4              76.1     6.3     73.2
AVG. MINIMUM     39.8              37.4     2.4     32.6
MEAN             61.1              56.8     4.3     52.9
DAYS MAX >= 90      5               1.2     3.8        0
DAYS MAX <= 32      0               0.0     0.0        0
DAYS MIN <= 32      2               5.8    -3.8       12
DAYS MIN <= 0       0               0.0     0.0        0

PRECIPITATION (INCHES)
RECORD
 MAXIMUM         2.93   1945
 MINIMUM         0.00   2003
                        1999
                        1990
TOTALS              T              0.30   -0.30     0.16
DAILY AVG.          T              0.01   -0.01     0.01
DAYS >= .01         0               1.5    -1.5        2
DAYS >= .10         0               0.7    -0.7        1
DAYS >= .50         0               0.2    -0.2        0
DAYS >= 1.00        0               0.1    -0.1        0
GREATEST
 24 HR. TOTAL       T   10/31 TO 10/31

SNOWFALL (INCHES)
RECORDS
 TOTAL            1.8   1978
 24 HR TOTAL      1.8
TOTALS            0.0               0.0     0.0      0.0
SINCE 7/1         0.0
SNOWDEPTH AVG.      0
DAYS >= TRACE       0
DAYS >= 1.0         0
GREATEST
 SNOW DEPTH         0
 24 HR TOTAL      0.0   10/31 TO 10/31
 STORM TOTAL      0.0
 (MM/DD(HH))

DEGREE_DAYS
HEATING TOTAL     133               264    -131      367
 SINCE 7/1        158               307    -149      423
COOLING TOTAL      18                 8      10        0
 SINCE 1/1       1384              1104     280     1337

FREEZE DATES
RECORD
 EARLIEST     09/20/1986
 LATEST       06/07/1988
EARLIEST      10/26             10/15
LATEST                          05/03
.................................................................

WIND (MPH)
AVERAGE WIND SPEED              8.4
HIGHEST WIND SPEED/DIRECTION    36/150    DATE  10/31
HIGHEST GUST SPEED/DIRECTION    47/150    DATE  10/31

SKY COVER
POSSIBLE SUNSHINE (PERCENT)   MM
AVERAGE SKY COVER           0.00
NUMBER OF DAYS FAIR           31
NUMBER OF DAYS PC              0
NUMBER OF DAYS CLOUDY          0

AVERAGE RH (PERCENT)     27

WEATHER CONDITIONS. NUMBER OF DAYS WITH
THUNDERSTORM              0     MIXED PRECIP               0
HEAVY RAIN                0     RAIN                       0
LIGHT RAIN                3     FREEZING RAIN              0
LT FREEZING RAIN          0     HAIL                       0
HEAVY SNOW                0     SNOW                       0
LIGHT SNOW                0     SLEET                      0
FOG                       0     FOG W/VIS <= 1/4 MILE      0
HAZE                      0

-  INDICATES NEGATIVE NUMBERS.
R  INDICATES RECORD WAS SET OR TIED.
MM INDICATES DATA IS MISSING.
T  INDICATES TRACE AMOUNT.

$$
