000
CXUS55 KVEF 141702
CLMBIH

CLIMATE REPORT
NATIONAL WEATHER SERVICE LAS VEGAS, NV
959 AM PDT TUE OCT 14 2014

...................................

...THE BISHOP CA CLIMATE SUMMARY FOR THE MONTH OF SEPTEMBER 2014...

CLIMATE NORMAL PERIOD 1981 TO 2010
CLIMATE RECORD PERIOD 1943 TO 2014

WEATHER         OBSERVED          NORMAL  DEPART  LAST YEAR`S
                 VALUE   DATE(S)  VALUE   FROM    VALUE  DATE(S)
                                          NORMAL
................................................................
TEMPERATURE (F)
RECORD
 HIGH             106   09/02/1950
 LOW               26   09/26/1986
                        09/26/1948
HIGHEST           100   09/02        88      12       98  09/05
                        09/01
LOWEST             38   09/29        47      -9       31  09/28
AVG. MAXIMUM     91.1              88.2     2.9     88.3
AVG. MINIMUM     51.5              47.0     4.5     48.8
MEAN             71.3              67.6     3.7     68.6
DAYS MAX >= 90     23              14.4     8.6       18
DAYS MAX <= 32      0               0.0     0.0        0
DAYS MIN <= 32      0               0.3    -0.3        1
DAYS MIN <= 0       0               0.0     0.0        0

PRECIPITATION (INCHES)
RECORD
 MAXIMUM         1.24   1994
 MINIMUM         0.00   2012
                        2010
                        2006
TOTALS           0.16              0.19   -0.03        T
DAILY AVG.       0.01              0.01    0.00        T
DAYS >= .01         2               1.7     0.3        0
DAYS >= .10         0               0.6    -0.6        0
DAYS >= .50         0               0.1    -0.1        0
DAYS >= 1.00        0               0.0     0.0        0
GREATEST
 24 HR. TOTAL    0.09   09/20 TO 09/20
                        09/19 TO 09/20
                        09/20 TO 09/20

DEGREE_DAYS
HEATING TOTAL      25                41     -16       56
 SINCE 7/1         25                43     -18       56
COOLING TOTAL     219               119     100      172
 SINCE 1/1       1366              1096     270     1337

FREEZE DATES
RECORD
 EARLIEST     09/20/1986
 LATEST       06/07/1988
EARLIEST                        10/15
LATEST                          05/03
.................................................................

WIND (MPH)
AVERAGE WIND SPEED              8.2
HIGHEST WIND SPEED/DIRECTION    32/180    DATE  09/20
HIGHEST GUST SPEED/DIRECTION    56/160    DATE  09/20

SKY COVER
POSSIBLE SUNSHINE (PERCENT)   MM
AVERAGE SKY COVER           0.10
NUMBER OF DAYS FAIR           28
NUMBER OF DAYS PC              2
NUMBER OF DAYS CLOUDY          0

AVERAGE RH (PERCENT)     33

WEATHER CONDITIONS. NUMBER OF DAYS WITH
THUNDERSTORM              0     MIXED PRECIP               0
HEAVY RAIN                0     RAIN                       0
LIGHT RAIN                5     FREEZING RAIN              0
LT FREEZING RAIN          0     HAIL                       0
HEAVY SNOW                0     SNOW                       0
LIGHT SNOW                0     SLEET                      0
FOG                       0     FOG W/VIS <= 1/4 MILE      0
HAZE                      2

-  INDICATES NEGATIVE NUMBERS.
R  INDICATES RECORD WAS SET OR TIED.
MM INDICATES DATA IS MISSING.
T  INDICATES TRACE AMOUNT.

$$
