000
CXUS51 KRNK 010919
CLMBLF


CLIMATE REPORT
NATIONAL WEATHER SERVICE BLACKSBURG VA
502 AM EDT MON MAY 1 2017

...................................

...THE BLUEFIELD WV CLIMATE SUMMARY FOR THE MONTH OF APRIL 2017...

CLIMATE NORMAL PERIOD 1981 TO 2010
CLIMATE RECORD PERIOD 1959 TO 2017

WEATHER         OBSERVED          NORMAL  DEPART  LAST YEAR`S
                 VALUE   DATE(S)  VALUE   FROM    VALUE
                                          NORMAL
.............................................................
TEMPERATURE (F)
RECORD
 HIGH              88   04/20/1976
                        04/18/1976
 LOW               15   04/07/1982
HIGHEST            86   04/29                         79
LOWEST             30   04/08                         20
                        04/07
AVG. MAXIMUM     66.1              64.8     1.3     63.3
AVG. MINIMUM     49.2              45.4     3.8     42.6
MEAN             57.7              55.1     2.6     53.0
DAYS MAX >= 90      0               0.0     0.0        0
DAYS MAX <= 32      0               0.1    -0.1        1
DAYS MIN <= 32      3               2.9     0.1        5
DAYS MIN <= 0       0               0.0     0.0        0

PRECIPITATION (INCHES)
RECORD
 MAXIMUM         8.67   1987
 MINIMUM         0.48   1976
TOTALS           4.59              3.34    1.25     2.22
DAILY AVG.       0.15              0.11    0.04     0.07
DAYS >= .01        20              13.4     6.6       11
DAYS >= .10        12               7.4     4.6        6
DAYS >= .50         2               2.3    -0.3        1
DAYS >= 1.00        1               0.4     0.6        0
GREATEST
 24 HR. TOTAL    1.05                               0.74

SNOWFALL (INCHES)
TOTALS            0.1                                1.7
DAYS >= TRACE       2                                  3
DAYS >= 1.0         0                                  1
GREATEST
 24 HR TOTAL      0.1                                1.1

DEGREE_DAYS
HEATING TOTAL     236               321     -85      359
COOLING TOTAL      22                24      -2        4
..............................................................

WIND (MPH)
AVERAGE WIND SPEED              7.7
HIGHEST WIND SPEED/DIRECTION    29/260    DATE  04/04
HIGHEST GUST SPEED/DIRECTION    43/280    DATE  04/06

SKY COVER
AVERAGE SKY COVER           0.50

AVERAGE RH (PERCENT)     65

WEATHER CONDITIONS. NUMBER OF DAYS WITH
THUNDERSTORM              2     MIXED PRECIP               0
HEAVY RAIN                4     RAIN                       9
LIGHT RAIN               20     FREEZING RAIN              0
LT FREEZING RAIN          0     HAIL                       0
HEAVY SNOW                0     SNOW                       1
LIGHT SNOW                2     SLEET                      0
FOG                      19     FOG W/VIS <= 1/4 MILE      3
HAZE                      0

-  INDICATES NEGATIVE NUMBERS.
R  INDICATES RECORD WAS SET OR TIED.
MM INDICATES DATA IS MISSING.
T  INDICATES TRACE AMOUNT.

$$
