000
CXUS54 KOHX 010654
CLMBNA

CLIMATE REPORT
NATIONAL WEATHER SERVICE NASHVILLE TN
152 AM CDT WED JUL 1 2015

...................................

...THE NASHVILLE CLIMATE SUMMARY FOR THE MONTH OF JUNE 2015...

CLIMATE NORMAL PERIOD 1981 TO 2010
CLIMATE RECORD PERIOD 1871 TO 2015

WEATHER         OBSERVED          NORMAL  DEPART  LAST YEAR`S
                 VALUE   DATE(S)  VALUE   FROM    VALUE
                                          NORMAL
.............................................................
TEMPERATURE (F)
RECORD
 HIGH             109   06/29/2012
 LOW               42   06/01/1966
                        06/01/1894
HIGHEST            95   06/17
LOWEST             58   06/04
                        06/03
AVG. MAXIMUM     88.1              86.0     2.1
AVG. MINIMUM     67.7              65.4     2.3
MEAN             77.9              75.7     2.2     77.9
DAYS MAX >= 90     18
DAYS MAX <= 32      0
DAYS MIN <= 32      0
DAYS MIN <= 0       0

PRECIPITATION (INCHES)
RECORD
 MAXIMUM        11.95   1998
 MINIMUM         0.21   1936
TOTALS           3.38              4.14   -0.76
DAYS >= .01        10
DAYS >= .10         7
DAYS >= .50         2
DAYS >= 1.00        1
GREATEST
 24 HR. TOTAL    1.33   05/31 TO 06/01

SNOWFALL (INCHES)
TOTALS            0.0               0.0     0.0
SINCE 7/1         6.1                      -0.2
DAYS >= TRACE       0
DAYS >= 1.0         0

DEGREE_DAYS
HEATING TOTAL       0                 3      -3
 SINCE 7/1       3778              3688      90
COOLING TOTAL     393               324      69
 SINCE 1/1        649               503     146
..............................................................

WIND (MPH)
AVERAGE WIND SPEED              5.1
HIGHEST GUST SPEED/DIRECTION    35/220    DATE  06/23

SKY COVER
POSSIBLE SUNSHINE (PERCENT)    0
AVERAGE SKY COVER           0.60
NUMBER OF DAYS FAIR            7
NUMBER OF DAYS PC             17
NUMBER OF DAYS CLOUDY          6

AVERAGE RH (PERCENT)     74

WEATHER CONDITIONS. NUMBER OF DAYS WITH
THUNDERSTORM              5     MIXED PRECIP               0
HEAVY RAIN                4     RAIN                       4
LIGHT RAIN               10     FREEZING RAIN              0
LT FREEZING RAIN          0     HAIL                       0
HEAVY SNOW                0     SNOW                       0
LIGHT SNOW                0     SLEET                      0
FOG                      21     FOG W/VIS <= 1/4 MILE      1
HAZE                      8

-  INDICATES NEGATIVE NUMBERS.
R  INDICATES RECORD WAS SET OR TIED.
MM INDICATES DATA IS MISSING.
T  INDICATES TRACE AMOUNT.

$$
BOYD
