000
CXUS54 KOHX 032039
CLMBNA

CLIMATE REPORT
NATIONAL WEATHER SERVICE NASHVILLE TN
236 PM CST TUE FEB 3 2015

...................................

...THE NASHVILLE CLIMATE SUMMARY FOR THE MONTH OF JANUARY 2015...

CLIMATE NORMAL PERIOD 1981 TO 2010
CLIMATE RECORD PERIOD 1871 TO 2015

WEATHER         OBSERVED          NORMAL  DEPART  LAST YEAR`S
                 VALUE   DATE(S)  VALUE   FROM    VALUE
                                          NORMAL
.............................................................
TEMPERATURE (F)
RECORD
 HIGH              78   01/24/1972
                        01/25/1950
                        01/29/1911
 LOW              -17   01/21/1985
HIGHEST            67   01/29
                        01/19
LOWEST              4   01/08
AVG. MAXIMUM     47.4              46.9     0.5
AVG. MINIMUM     27.9              28.4    -0.5
MEAN             37.6              37.7    -0.1     32.4
DAYS MAX >= 90      0
DAYS MAX <= 32      2
DAYS MIN <= 32     21
DAYS MIN <= 0       0

PRECIPITATION (INCHES)
RECORD
 MAXIMUM        14.75   1937
 MINIMUM         0.19   1986
TOTALS           2.22              3.75   -1.53
DAYS >= .01         9
DAYS >= .10         3
DAYS >= .50         2
DAYS >= 1.00        0
GREATEST
 24 HR. TOTAL    0.95   01/11 TO 01/12

SNOWFALL (INCHES)
TOTALS            0.9R              2.6    -1.7
SINCE 7/1         1.1                      -2.0
DAYS >= TRACE       4
DAYS >= 1.0         0

DEGREE_DAYS
HEATING TOTAL     840               848      -8
 SINCE 7/1       2285              2285       0
COOLING TOTAL       0                 0       0
 SINCE 1/1          0                 0       0
..............................................................

WIND (MPH)
AVERAGE WIND SPEED              6.8
HIGHEST GUST SPEED/DIRECTION    35/190    DATE  01/29

SKY COVER
POSSIBLE SUNSHINE (PERCENT)   MM
AVERAGE SKY COVER           0.60
NUMBER OF DAYS FAIR            7
NUMBER OF DAYS PC             10
NUMBER OF DAYS CLOUDY         14

AVERAGE RH (PERCENT)     65

WEATHER CONDITIONS. NUMBER OF DAYS WITH
THUNDERSTORM              0     MIXED PRECIP               1
HEAVY RAIN                1     RAIN                       4
LIGHT RAIN                7     FREEZING RAIN              0
LT FREEZING RAIN          2     HAIL                       1
HEAVY SNOW                0     SNOW                       1
LIGHT SNOW                5     SLEET                      0
FOG                      15     FOG W/VIS <= 1/4 MILE      0
HAZE                      4

-  INDICATES NEGATIVE NUMBERS.
R  INDICATES RECORD WAS SET OR TIED.
MM INDICATES DATA IS MISSING.
T  INDICATES TRACE AMOUNT.

$$
BOYD
01
