000
CXUS56 KBOI 011740
CLMBNO


CLIMATE REPORT
NATIONAL WEATHER SERVICE BOISE ID
1040 AM MST WED FEB 1 2017

...................................

...THE BURNS OR CLIMATE SUMMARY FOR THE MONTH OF JANUARY 2017...

CLIMATE NORMAL PERIOD 1981 TO 2010
CLIMATE RECORD PERIOD 1938 TO 2017

WEATHER         OBSERVED          NORMAL  DEPART
                 VALUE   DATE(S)  VALUE   FROM
                                          NORMAL
................................................
TEMPERATURE (F)
HIGHEST            39   01/08        MM      MM
LOWEST            -22   01/06        MM      MM
AVG. MAXIMUM     23.2              34.8   -11.6
AVG. MINIMUM     -1.1              14.8   -15.9
MEAN             11.1              24.8   -13.7
DAYS MAX >= 90      0
DAYS MAX <= 32     24
DAYS MIN <= 32     31
DAYS MIN <= 0      16

PRECIPITATION (INCHES)
RECORD
 MAXIMUM         3.97   1956
TOTALS           3.24              1.19    2.05
DAYS >= .01        16
DAYS >= .10        10
DAYS >= .50         1
DAYS >= 1.00        0
GREATEST
 24 HR. TOTAL    0.63   01/07 TO 01/08

DEGREE_DAYS
HEATING TOTAL    1665              1246     419
 SINCE 7/1       4827              4513     314
COOLING TOTAL       0                 0       0
 SINCE 1/1          0                 0       0
.................................................

WIND (MPH)
AVERAGE WIND SPEED              4.9
RESULTANT WIND SPEED/DIRECTION   1/004
HIGHEST WIND SPEED/DIRECTION    30/220    DATE  01/09
HIGHEST GUST SPEED/DIRECTION    36/230    DATE  01/09

AVERAGE RH (PERCENT)     86


-  INDICATES NEGATIVE NUMBERS.
R  INDICATES RECORD WAS SET OR TIED.
MM INDICATES DATA IS MISSING.
T  INDICATES TRACE AMOUNT.

$$
