000
CXUS55 KBOI 011725
CLMBOI

CLIMATE REPORT
NATIONAL WEATHER SERVICE BOISE ID
1122 AM MDT WED JUL 1 2015

...THE BOISE ID CLIMATE SUMMARY FOR THE MONTH OF JUNE 2015...

IT WAS THE WARMEST JUNE AT BOISE SINCE 1869. THE AVERAGE TEMPERATURE
FOR THE MONTH WAS NEARLY AS WARM AS THE JULY NORMAL.

IT WAS ALSO ONE OF THE DRIEST JUNES ON RECORD. NEARLY 90 PERCENT OF
JUNES WERE WETTER.

DURING THE FIRST FIVE DAYS OF THE MONTH TWO PACIFIC WEATHER SYSTEMS
BROUGHT MEAGER AMOUNTS OF RAIN...THE ONLY MEASURABLE PRECIPITATION
FOR THE ENTIRE MONTH.

FROM THE 5TH THROUGH THE 25TH DRY WESTERLY FLOW ALOFT PREDOMINATED
...BRINGING NO MORE RAIN...JUST A FEW HIGH CLOUDS AT TIMES.

DURING THAT PERIOD DAILY HIGHS WERE CONSISTENTLY IN THE 80S AND 90S.
LOWS RANGED FROM 50 TO 70.

TRIPLE DIGIT HEAT COMMENCED ON THE 26TH WHEN AN EXTREMELY WARM UPPER
LEVEL RIDGE BLOSSOMED OVER THE GREAT BASIN AND EXPANDED NORTH OVER
IDAHO.

MONSOON MOISTURE CIRCULATING WITHIN THE RIDGE FUELED DAILY AFTERNOON
AND EVENING THUNDERSTORMS OVER THE MOUNTAINS. BUT THESE STORMS HAD
LITTLE EFFECT ON THE LOWER ELEVATIONS...OTHER THAN BRIEF GUSTY
OUTFLOW WINDS.

HIGHS EXCEEDED 100 DEGREES EVERY DAY FROM THE 26TH THROUGH THE 30TH.
THIS WAS THE FIRST OCCURRENCE OF FIVE CONSECUTIVE DAYS OF 100 OR
HIGHER ENTIRELY IN JUNE. THE 110 ON THE 28TH WAS THE HIGHEST JUNE
TEMPERATURE EVER RECORDED...AS WELL AS THE HIGHEST EVER OBSERVED SO
EARLY IN THE SEASON.

OVERNIGHT LOWS WERE ALSO UNUSUALLY WARM. DAILY RECORDS WERE BROKEN
ON THE 9TH AND 10TH WITH 70 AND 68. THE 73 ON THE 27TH TIED THE
RECORD FOR THAT DAY. AND NEW RECORDS WERE SET ON THE 28TH AND 29TH
WITH 74 AND 79.

CLIMATE NORMAL PERIOD 1981 TO 2010
CLIMATE RECORD PERIOD 1878 TO 2015

WEATHER         OBSERVED          NORMAL  DEPART  LAST YEAR`S
                 VALUE   DATE(S)  VALUE   FROM    VALUE
                                          NORMAL
.............................................................
TEMPERATURE (F)
HIGHEST           110R  06/28
LOWEST             50   06/14
                        06/03
AVG. MAXIMUM     90.8              81.3     9.5
AVG. MINIMUM     61.0              53.7     7.3
MEAN             75.9              67.5     8.4
DAYS MAX >= 90     16
DAYS MAX <= 32      0
DAYS MIN <= 32      0
DAYS MIN <= 0       0

PRECIPITATION (INCHES)
RECORD
 MAXIMUM         3.41   1941
TOTALS           0.17              0.69   -0.52
DAYS >= .01         4
DAYS >= .10         1
DAYS >= .50         0
DAYS >= 1.00        0
GREATEST
 24 HR. TOTAL    0.14   06/05 TO 06/05

DEGREE_DAYS
HEATING TOTAL       2                64     -62       36
 SINCE 7/1       4588              5514    -926
COOLING TOTAL     338               139     199      112
 SINCE 1/1        373               183     190
..............................................................

WIND (MPH)
AVERAGE WIND SPEED              6.9
RESULTANT WIND SPEED/DIRECTION   3/317
HIGHEST WIND SPEED/DIRECTION    31/070    DATE  06/05
HIGHEST GUST SPEED/DIRECTION    38/070    DATE  06/05

SKY COVER
POSSIBLE SUNSHINE (PERCENT)   MM

AVERAGE RH (PERCENT)     36


-  INDICATES NEGATIVE NUMBERS.
R  INDICATES RECORD WAS SET OR TIED.
MM INDICATES DATA IS MISSING.
T  INDICATES TRACE AMOUNT.

$$
