000
CXUS51 KBOX 010800
CLMBOS


CLIMATE REPORT
NATIONAL WEATHER SERVICE TAUNTON MA
350 AM EDT SAT AUG 1 2015

...................................

...THE BOSTON MA CLIMATE SUMMARY FOR THE MONTH OF JULY 2015...

CLIMATE NORMAL PERIOD 1981 TO 2010
CLIMATE RECORD PERIOD 1872 TO 2015

WEATHER         OBSERVED          NORMAL  DEPART
                 VALUE   DATE(S)  VALUE   FROM
                                          NORMAL
................................................
TEMPERATURE (F)
RECORD
 HIGH             104   MM
 LOW               50   12/31/1999
HIGHEST            92   07/29
                        07/20
LOWEST             59   07/16
AVG. MAXIMUM     81.5              81.4     0.1
AVG. MINIMUM     66.2              65.4     0.8
MEAN             73.9              73.4     0.5
DAYS MAX >= 90      4               4.3    -0.3
DAYS MAX <= 32      0               0.0     0.0
DAYS MIN <= 32      0               0.0     0.0
DAYS MIN <= 0       0               0.0     0.0

PRECIPITATION (INCHES)
RECORD
 MAXIMUM        11.69   1921
 MINIMUM         0.52   1952
TOTALS           2.09              3.43   -1.34
DAILY AVG.       0.07              0.11   -0.04
DAYS >= .01         9               9.6    -0.6
DAYS >= .10         4               6.2    -2.2
DAYS >= .50         2               2.4    -0.4
DAYS >= 1.00        1               0.8     0.2
GREATEST
 24 HR. TOTAL    1.27   07/09 TO 07/10

SNOWFALL (INCHES)
RECORDS
 TOTAL             MM   MM
 SNOW DEPTH        MM   MM
TOTALS            0.0               0.0     0.0
SINCE 7/1         0.0               0.0     0.0
SNOWDEPTH AVG.     MM
DAYS >= 1.0         0               0.0     0.0
GREATEST
 SNOW DEPTH        MM
 24 HR TOTAL      0.0   07/31 TO 07/31

DEGREE_DAYS
HEATING TOTAL       1                 6      -5
 SINCE 7/1          1                 6      -5
COOLING TOTAL     285               266      19
 SINCE 1/1        443               432      11
.................................................

WIND (MPH)
AVERAGE WIND SPEED              8.9
RESULTANT WIND SPEED/DIRECTION   2/225
HIGHEST WIND SPEED/DIRECTION    25/220    DATE  07/30
HIGHEST GUST SPEED/DIRECTION    33/230    DATE  07/30

SKY COVER
POSSIBLE SUNSHINE (PERCENT)   MM
AVERAGE SKY COVER           0.60
NUMBER OF DAYS FAIR            4
NUMBER OF DAYS PC             22
NUMBER OF DAYS CLOUDY          5

AVERAGE RH (PERCENT)     69

WEATHER CONDITIONS. NUMBER OF DAYS WITH
THUNDERSTORM              0     MIXED PRECIP               0
HEAVY RAIN                4     RAIN                       2
LIGHT RAIN               14     FREEZING RAIN              0
LT FREEZING RAIN          0     HAIL                       0
HEAVY SNOW                0     SNOW                       0
LIGHT SNOW                0     SLEET                      0
FOG                       7     FOG W/VIS <= 1/4 MILE      0
HAZE                      3

-  INDICATES NEGATIVE NUMBERS.
R  INDICATES RECORD WAS SET OR TIED.
MM INDICATES DATA IS MISSING.
T  INDICATES TRACE AMOUNT.

$$
