000
CXUS55 KRIW 011847 CCA
CLMBPI

CLIMATE REPORT
NATIONAL WEATHER SERVICE RIVERTON WY
1147 AM MST FRI DEC 1 2017 CORRECTION A

...PRELIMINARY MONTHLY CLIMATE SUMMARY FOR THE MILEY MEMORIAL FIELD
IN BIG PINEY FOR THE MONTH OF NOVEMBER 2017...

...OFFICIAL CLIMATE DATA FOR THE MONTH OF NOVEMBER 2017 WILL BE
AVAILABLE APPROXIMATELY IN JANUARY 2017 FROM THE NATIONAL CLIMATIC
DATA CENTER (HTTP://WWW.NCDC.NOAA.GOV/OL/CLIMATEDATA.HTML).
UNOFFICIAL ASOS DAILY SUMMARIES ARE AVAILABLE ON THE INTERNET AT
HTTP://WWW.WEATHER.GOV/CLIMATE/INDEX.PHP?WFO=RIW

...BIG PINEY HAD A WARMER NOVEMBER THAN NORMAL...

THE AVERAGE TEMPERATURE FOR BIG PINEY IN NOVEMBER WAS 29.3
DEGREES...WHICH WAS 5.5 DEGREES ABOVE NORMAL. THIS MAKES IT THE 5TH
WARMEST NOVEMBER ON RECORD. THE COLDEST READING WAS 0 DEGREES ON THE
18TH. THE WARMEST READING FOR THE MONTH WAS 55 DEGREES ON THE 23RD.
THIS BROKE THE PREVIOUS RECORD OF 54 DEGREES SET IN 2005.  A RECORD
HIGH WAS ALSO BROKEN ON THE 27TH WHEN THE TEMPERATURE REACHED 50
DEGREES, BREAKING 48 SET IN 1999.

BIG PINEY HAD A PRECIPITATION TOTAL OF 0.25 INCHES. THIS IS 119
PERCENT OF THE NORMAL AMOUNT OF 0.21 INCHES.  IT WAS THE 10TH DRIEST
NOVEMBER ON RECORD. THE WETTEST 24 HOUR PERIOD OF THE MONTH WAS ON
THE 4TH...WHEN 0.13 INCHES FELL. THE HIGHEST WIND GUST WAS 54 MPH ON
THE 1ST.

...THE BIG PINEY  WY CLIMATE SUMMARY FOR THE MONTH OF NOVEMBER
2017...

CLIMATE NORMAL PERIOD 1981 TO 2010
CLIMATE RECORD PERIOD 1976 TO 2017

WEATHER         OBSERVED          NORMAL  DEPART
                 VALUE   DATE(S)  VALUE   FROM
                                          NORMAL
................................................
TEMPERATURE (F)
RECORD
 HIGH              67   11/04/1978
 LOW              -27   11/16/1978
HIGHEST            55   11/23
LOWEST              0   11/18
AVG. MAXIMUM     43.6              37.8     5.8
AVG. MINIMUM     15.0               9.9     5.1
MEAN             29.3              23.8     5.5
DAYS MAX >= 90      0
DAYS MAX <= 32      2
DAYS MIN <= 32     29
DAYS MIN <= 0       1

PRECIPITATION (INCHES)
RECORD
 MAXIMUM         1.03   1978
 MINIMUM            T   2011
                        2009
                        1999
TOTALS           0.25              0.21    0.04
DAILY AVG.       0.01
DAYS >= .01         5
DAYS >= .10         1
DAYS >= .50         0
DAYS >= 1.00        0
GREATEST
 24 HR. TOTAL    0.13   11/04 TO 11/04

DEGREE_DAYS
HEATING TOTAL    1062              1235    -173
 SINCE 7/1       2556              2815    -259
COOLING TOTAL       0                 0       0
 SINCE 1/1         27                35      -8
.................................................

WIND (MPH)
AVERAGE WIND SPEED              6.0
HIGHEST WIND SPEED/DIRECTION    44/280    DATE  11/01
HIGHEST GUST SPEED/DIRECTION    54/280    DATE  11/01

SKY COVER
POSSIBLE SUNSHINE (PERCENT)   MM
AVERAGE SKY COVER           0.40
NUMBER OF DAYS FAIR           15
NUMBER OF DAYS PC             11
NUMBER OF DAYS CLOUDY          4

AVERAGE RH (PERCENT)     69

WEATHER CONDITIONS. NUMBER OF DAYS WITH
THUNDERSTORM              0     MIXED PRECIP               0
HEAVY RAIN                0     RAIN                       0
LIGHT RAIN                8     FREEZING RAIN              0
LT FREEZING RAIN          0     HAIL                       0
HEAVY SNOW                0     SNOW                       1
LIGHT SNOW                8     SLEET                      0
FOG                      11     FOG W/VIS <= 1/4 MILE      4
HAZE                      0

-  INDICATES NEGATIVE NUMBERS.
R  INDICATES RECORD WAS SET OR TIED.
MM INDICATES DATA IS MISSING.
T  INDICATES TRACE AMOUNT.

LOOKING AHEAD TO DECEMBER 2017...THE AVERAGE HIGH TEMPERATURE ON THE
FIRST OF THE MONTH IS 29 DEGREES...AND THE AVERAGE LOW TEMPERATURE
IS 3 DEGREES. THE AVERAGE HIGH BY THE END OF THE MONTH IS 26
DEGREES...AND THE AVERAGE LOW TEMPERATURE IS -4. THE AVERAGE MONTHLY
PRECIPITATION IS 0.30 INCHES.  WINTER BEGINS AT 0928 LOCAL TIME
DECEMBER 21ST.

$$
