000
CXUS53 KGRR 011250
CLMBTL


CLIMATE REPORT
NATIONAL WEATHER SERVICE GRAND RAPIDS, MI
747 AM EST FRI DEC 1 2017

...................................

...THE BATTLE CREEK MI CLIMATE SUMMARY FOR THE MONTH OF NOVEMBER 2017...

CLIMATE NORMAL PERIOD 1981 TO 2010
CLIMATE RECORD PERIOD 1998 TO 2017

WEATHER         OBSERVED          NORMAL  DEPART  LAST YEAR`S
                 VALUE   DATE(S)  VALUE   FROM    VALUE  DATE(S)
                                          NORMAL
................................................................
TEMPERATURE (F)
HIGHEST            62   11/28        MM      MM       76  11/01
LOWEST             17   11/10        MM      MM       19  11/22
AVG. MAXIMUM     46.1              47.9    -1.8       MM
AVG. MINIMUM     31.0              30.4     0.6       MM
MEAN             38.6              39.1    -0.5       MM
DAYS MAX >= 90      0               0.0     0.0        0
DAYS MAX <= 32      1               1.6    -0.6        1
DAYS MIN <= 32     21              17.6     3.4        9
DAYS MIN <= 0       0               0.0     0.0        0

PRECIPITATION (INCHES)
TOTALS           3.57              2.83    0.74       MM
DAILY AVG.       0.12              0.09    0.03       MM
DAYS >= .01        10              11.4    -1.4        9
DAYS >= .10         8               5.8     2.2        5
DAYS >= .50         4               1.8     2.2        2
DAYS >= 1.00        0               0.7    -0.7        0
GREATEST
 24 HR. TOTAL    0.77   11/04 TO 11/04

DEGREE_DAYS
HEATING TOTAL     785               776       9       MM
 SINCE 7/1       1195              1438    -243    10341
COOLING TOTAL       0                 0       0        0
 SINCE 1/1        735               578     157      727
.................................................................

WIND (MPH)
AVERAGE WIND SPEED              9.1
RESULTANT WIND SPEED/DIRECTION   4/229
HIGHEST WIND SPEED/DIRECTION    28/210    DATE  11/21
HIGHEST GUST SPEED/DIRECTION    37/310    DATE  11/16

SKY COVER
POSSIBLE SUNSHINE (PERCENT)   MM
AVERAGE SKY COVER           0.50
NUMBER OF DAYS FAIR            9
NUMBER OF DAYS PC             11
NUMBER OF DAYS CLOUDY         10

AVERAGE RH (PERCENT)     73

WEATHER CONDITIONS. NUMBER OF DAYS WITH
THUNDERSTORM              2     MIXED PRECIP               0
HEAVY RAIN                2     RAIN                       6
LIGHT RAIN               13     FREEZING RAIN              0
LT FREEZING RAIN          1     HAIL                       0
HEAVY SNOW                0     SNOW                       0
LIGHT SNOW                2     SLEET                      0
FOG                      14     FOG W/VIS <= 1/4 MILE      2
HAZE                      2

-  INDICATES NEGATIVE NUMBERS.
R  INDICATES RECORD WAS SET OR TIED.
MM INDICATES DATA IS MISSING.
T  INDICATES TRACE AMOUNT.

$$
