000
CXUS55 KMSO 011233
CLMBTM


CLIMATE REPORT
NATIONAL WEATHER SERVICE MISSOULA, MT
633 AM MDT WED JUL 1 2015

...................................

...THE BUTTE MT CLIMATE SUMMARY FOR THE MONTH OF JUNE 2015...

CLIMATE NORMAL PERIOD 1981 TO 2010
CLIMATE RECORD PERIOD 1895 TO 2015

WEATHER         OBSERVED          NORMAL  DEPART  LAST YEAR`S
                 VALUE   DATE(S)  VALUE   FROM    VALUE
                                          NORMAL
.............................................................
TEMPERATURE (F)
RECORD
 HIGH              97   06/26/1919
 LOW               22   06/06/1916
HIGHEST            95   06/28        MM      MM       77
LOWEST             33   06/14        MM      MM       31
AVG. MAXIMUM     78.0              70.2     7.8     66.7
AVG. MINIMUM     44.7              41.1     3.6     39.2
MEAN             61.3              55.7     5.6     53.0
DAYS MAX >= 90      4               0.2     3.8        0
DAYS MAX <= 32      0               0.0     0.0        0
DAYS MIN <= 32      0               2.2    -2.2        2
DAYS MIN <= 0       0               0.0     0.0        0

PRECIPITATION (INCHES)
RECORD
 MAXIMUM         8.86   1913
 MINIMUM         0.29   1974
TOTALS           0.93              2.26   -1.33     3.43
DAILY AVG.       0.03              0.08   -0.05     0.11
DAYS >= .01        11              12.9    -1.9       13
DAYS >= .10         4               6.1    -2.1        7
DAYS >= .50         0               1.0    -1.0        2
DAYS >= 1.00        0               0.2    -0.2        1
GREATEST
 24 HR. TOTAL    0.37   05/31 TO 06/01              1.48

DEGREE_DAYS
HEATING TOTAL     148               287    -139
 SINCE 7/1       8173              9219   -1046
COOLING TOTAL      46                 7      39
 SINCE 1/1         46                 7      39
..............................................................

WIND (MPH)
AVERAGE WIND SPEED              5.7
HIGHEST WIND SPEED/DIRECTION    31/300    DATE  06/29
HIGHEST GUST SPEED/DIRECTION    43/220    DATE  06/29

SKY COVER
POSSIBLE SUNSHINE (PERCENT)   MM
AVERAGE SKY COVER           0.20
NUMBER OF DAYS FAIR           21
NUMBER OF DAYS PC              9
NUMBER OF DAYS CLOUDY          0

AVERAGE RH (PERCENT)     52

WEATHER CONDITIONS. NUMBER OF DAYS WITH
THUNDERSTORM              0     MIXED PRECIP               0
HEAVY RAIN                2     RAIN                       5
LIGHT RAIN               13     FREEZING RAIN              0
LT FREEZING RAIN          0     HAIL                       0
HEAVY SNOW                0     SNOW                       0
LIGHT SNOW                0     SLEET                      0
FOG                       1     FOG W/VIS <= 1/4 MILE      0
HAZE                      0

-  INDICATES NEGATIVE NUMBERS.
R  INDICATES RECORD WAS SET OR TIED.
MM INDICATES DATA IS MISSING.
T  INDICATES TRACE AMOUNT.

$$
