000
CXUS51 KBTV 011616
CLMBTV

CLIMATE REPORT
NATIONAL WEATHER SERVICE BURLINGTON VT
1109 AM EST SUN FEB 1 2015

...................................

...THE BURLINGTON VT CLIMATE SUMMARY FOR THE MONTH OF JANUARY 2015...

CLIMATE NORMAL PERIOD 1981 TO 2010
CLIMATE RECORD PERIOD 1884 TO 2015

WEATHER         OBSERVED          NORMAL  DEPART  LAST YEAR`S
                 VALUE   DATE(S)  VALUE   FROM    VALUE  DATE(S)
                                          NORMAL
................................................................
TEMPERATURE (F)
RECORD
 HIGH              66   01/15/1995
 LOW              -30   01/15/1957
HIGHEST            46   01/04        25      21       52  01/11
LOWEST            -11   01/08         8     -19      -15  01/23
                                                          01/04
                                                          01/03
AVG. MAXIMUM     25.6              27.2    -1.6     26.3
AVG. MINIMUM      6.1              10.2    -4.1     10.3
MEAN             15.9              18.7    -2.8     18.3
DAYS MAX >= 90      0               0.0     0.0        0
DAYS MAX <= 32     25              19.5     5.5       20
DAYS MIN <= 32     31              29.0     2.0       28
DAYS MIN <= 0      10               8.0     2.0        9

PRECIPITATION (INCHES)
RECORD
 MAXIMUM         5.15   1998
 MINIMUM         0.42   1989
TOTALS           1.29              2.06   -0.77     2.45
DAILY AVG.       0.04              0.07   -0.03     0.08
DAYS >= .01        12              14.5    -2.5       11
DAYS >= .10         4               5.1    -1.1        6
DAYS >= .50         1               1.1    -0.1        2
DAYS >= 1.00        0               0.3    -0.3        1
GREATEST
 24 HR. TOTAL    0.61   01/18 TO 01/19           01/11 TO 01/11
                                                          01/11 TO 01/11
                                                          01/11 TO 01/11
 STORM TOTAL       MM                                 MM
 (MM/DD(HH))            MM                    01/11(00) TO 01/11(00)
                                                 01/11(00) TO 01/11(00)1
                                                 01/11(00) TO 01/11(00)1

SNOWFALL (INCHES)
RECORDS
 TOTAL           48.4   2010
TOTALS           20.7              21.1    -0.4     12.5
SINCE 7/1        53.2              44.4     8.8     34.2
SNOWDEPTH AVG.      1                 5      -4        4
DAYS >= 1.0         6               6.0     0.0        4
GREATEST
 SNOW DEPTH         7   01/31                          7  01/05
                                                          01/04
                                                          01/03
 24 HR TOTAL      7.5   01/30 TO 01/30           01/11 TO 01/11
                                                          01/11 TO 01/11
                                                          01/11 TO 01/11

DEGREE_DAYS
HEATING TOTAL    1515              1435      80     1443
 SINCE 7/1       3918              4194    -276     4216
COOLING TOTAL       0                 0       0        0
 SINCE 1/1          0                 0       0        0
..................................................

WIND (MPH)
AVERAGE WIND SPEED              10.3
HIGHEST WIND SPEED/DIRECTION    31/180    DATE  01/18
HIGHEST GUST SPEED/DIRECTION    45/290    DATE  01/05

SKY COVER
POSSIBLE SUNSHINE (PERCENT)   MM
AVERAGE SKY COVER           0.60
NUMBER OF DAYS FAIR            6
NUMBER OF DAYS PC             12
NUMBER OF DAYS CLOUDY         13

AVERAGE RH (PERCENT)     61

WEATHER CONDITIONS. NUMBER OF DAYS WITH
THUNDERSTORM              0     MIXED PRECIP               0
HEAVY RAIN                0     RAIN                       1
LIGHT RAIN                2     FREEZING RAIN              0
LT FREEZING RAIN          2     HAIL                       0
HEAVY SNOW                2     SNOW                       5
LIGHT SNOW               22     SLEET                      0
FOG                      10     FOG W/VIS <= 1/4 MILE      0
HAZE                     13

-  INDICATES NEGATIVE NUMBERS.
R  INDICATES RECORD WAS SET OR TIED.
MM INDICATES DATA IS MISSING.
T  INDICATES TRACE AMOUNT.

$$
