000
CXUS55 KCYS 021523
CLMCHY


CLIMATE REPORT
NATIONAL WEATHER SERVICE CHEYENNE WY
923 AM MDT SUN AUG 2 2015

...................................

...THE CHEYENNE WY CLIMATE SUMMARY FOR THE MONTH OF JULY 2015...

CLIMATE NORMAL PERIOD 1981 TO 2010
CLIMATE RECORD PERIOD 1871 TO 2015

WEATHER         OBSERVED          NORMAL  DEPART  LAST YEAR`S
                 VALUE   DATE(S)  VALUE   FROM    VALUE
                                          NORMAL
.............................................................
TEMPERATURE (F)
RECORD
 HIGH             100   07/11/1939
                        07/15/1881
                        07/14/1881
 LOW               33   07/04/1915
HIGHEST            92   07/27        82      10       93
LOWEST             47   07/29        55      -8       43
AVG. MAXIMUM     81.7              83.4    -1.7     82.2
AVG. MINIMUM     54.5              55.5    -1.0     55.8
MEAN             68.1              69.4    -1.3     69.0
DAYS MAX >= 90      3               6.3    -3.3        7
DAYS MAX <= 32      0               0.0     0.0        0
DAYS MIN <= 32      0               0.0     0.0        0
DAYS MIN <= 0       0               0.0     0.0        0

PRECIPITATION (INCHES)
RECORD
 MAXIMUM         6.35   1896
 MINIMUM         0.43   2008
                        1877
TOTALS           1.85              2.19   -0.34     3.24
DAYS >= .01        14              10.7     3.3        6
DAYS >= .10         6               5.3     0.7        6
DAYS >= .50         0               1.3    -1.3        2
DAYS >= 1.00        0               0.4    -0.4        1
GREATEST
 24 HR. TOTAL    0.48   07/05 TO 07/06

DEGREE_DAYS
HEATING TOTAL      27                22       5       29
 SINCE 7/1         27                22       5       29
COOLING TOTAL     130               160     -30      158
 SINCE 1/1        192               210     -18      173

FREEZE DATES
RECORD
 EARLIEST     08/24/1910
 LATEST       06/19/1876
EARLIEST                        09/24
LATEST                          05/20
..............................................................

WIND (MPH)
AVERAGE WIND SPEED              9.5
HIGHEST WIND SPEED/DIRECTION    32/290    DATE  07/15
HIGHEST GUST SPEED/DIRECTION    45/170    DATE  07/03

SKY COVER
POSSIBLE SUNSHINE (PERCENT)   MM
AVERAGE SKY COVER           0.30
NUMBER OF DAYS FAIR           23
NUMBER OF DAYS PC              5
NUMBER OF DAYS CLOUDY          3

AVERAGE RH (PERCENT)     57

WEATHER CONDITIONS. NUMBER OF DAYS WITH
THUNDERSTORM              0     MIXED PRECIP               0
HEAVY RAIN                3     RAIN                       6
LIGHT RAIN               17     FREEZING RAIN              0
LT FREEZING RAIN          0     HAIL                       0
HEAVY SNOW                0     SNOW                       0
LIGHT SNOW                0     SLEET                      0
FOG                      10     FOG W/VIS <= 1/4 MILE      1
HAZE                      3

-  INDICATES NEGATIVE NUMBERS.
R  INDICATES RECORD WAS SET OR TIED.
MM INDICATES DATA IS MISSING.
T  INDICATES TRACE AMOUNT.
...................................

...THE DOUGLAS WY AIRPORT CLIMATE SUMMARY FOR THE MONTH OF JULY 2015...

CLIMATE NORMAL PERIOD 1981 TO 2010
CLIMATE RECORD PERIOD 1998 TO 2015

WEATHER         OBSERVED          NORMAL  DEPART  LAST YEAR`S
                 VALUE   DATE(S)  VALUE   FROM    VALUE
                                          NORMAL
.............................................................
TEMPERATURE (F)
RECORD
 HIGH             105   07/29/2006
                        07/18/2006
                        07/16/2005
 LOW               40   07/02/2014
                        07/08/2010
                        07/12/2008
HIGHEST            97   07/27        MM      MM       98
LOWEST             41   07/29        MM      MM       40
AVG. MAXIMUM     86.6              88.3    -1.7     87.9
AVG. MINIMUM     52.0              54.0    -2.0     54.2
MEAN             69.3              71.1    -1.8     71.0
DAYS MAX >= 90     12              14.1    -2.1       14
DAYS MAX <= 32      0               0.0     0.0        0
DAYS MIN <= 32      0               0.0     0.0        0
DAYS MIN <= 0       0               0.0     0.0        0

PRECIPITATION (INCHES)
RECORD
 MAXIMUM           MM   MM
 MINIMUM           MM   MM
TOTALS           0.82              1.36   -0.54     2.15
DAYS >= .01         9                MM      MM        6
DAYS >= .10         4                MM      MM        5
DAYS >= .50         0                MM      MM        2
DAYS >= 1.00        0                MM      MM        0
GREATEST
 24 HR. TOTAL    0.27   07/01 TO 07/02

DEGREE_DAYS
HEATING TOTAL      13                15      -2       14
 SINCE 7/1         13                15      -2       14
COOLING TOTAL     154               205     -51      206
 SINCE 1/1        239               282     -43      238

FREEZE DATES
RECORD
 EARLIEST     MM
 LATEST       MM
EARLIEST                        MM
LATEST                          MM
..............................................................

WIND (MPH)
AVERAGE WIND SPEED              8.5
HIGHEST WIND SPEED/DIRECTION    46/290    DATE  07/15
HIGHEST GUST SPEED/DIRECTION    64/290    DATE  07/15

SKY COVER
POSSIBLE SUNSHINE (PERCENT)   MM
AVERAGE SKY COVER           0.20
NUMBER OF DAYS FAIR           26
NUMBER OF DAYS PC              5
NUMBER OF DAYS CLOUDY          0

AVERAGE RH (PERCENT)     54

WEATHER CONDITIONS. NUMBER OF DAYS WITH
THUNDERSTORM              0     MIXED PRECIP               0
HEAVY RAIN                3     RAIN                       1
LIGHT RAIN               12     FREEZING RAIN              0
LT FREEZING RAIN          0     HAIL                       0
HEAVY SNOW                0     SNOW                       0
LIGHT SNOW                0     SLEET                      0
FOG                       8     FOG W/VIS <= 1/4 MILE      0
HAZE                      6

-  INDICATES NEGATIVE NUMBERS.
R  INDICATES RECORD WAS SET OR TIED.
MM INDICATES DATA IS MISSING.
T  INDICATES TRACE AMOUNT.
...................................

...THE LARAMIE WY AIRPORT CLIMATE SUMMARY FOR THE MONTH OF JULY 2015...

CLIMATE NORMAL PERIOD 1981 TO 2010
CLIMATE RECORD PERIOD 1948 TO 2015

WEATHER         OBSERVED          NORMAL  DEPART  LAST YEAR`S
                 VALUE   DATE(S)  VALUE   FROM    VALUE
                                          NORMAL
.............................................................
TEMPERATURE (F)
RECORD
 HIGH              94   07/22/1982
 LOW               32   07/07/1993
                        07/07/1952
HIGHEST            87   07/04        MM      MM       89
LOWEST             39   07/30        MM      MM       36
                        07/20
AVG. MAXIMUM     78.1              80.1    -2.0     80.1
AVG. MINIMUM     47.6              48.0    -0.4     49.9
MEAN             62.9              64.0    -1.1     65.0
DAYS MAX >= 90      0               1.2    -1.2        0
DAYS MAX <= 32      0               0.0     0.0        0
DAYS MIN <= 32      0               0.0     0.0        0
DAYS MIN <= 0       0               0.0     0.0        0

PRECIPITATION (INCHES)
RECORD
 MAXIMUM         4.43   1998
 MINIMUM         0.17   1997
TOTALS           2.39              1.43    0.96     3.32
DAYS >= .01        14               9.2     4.8       10
DAYS >= .10         7               4.0     3.0        7
DAYS >= .50         2               0.7     1.3        2
DAYS >= 1.00        0               0.1    -0.1        1
GREATEST
 24 HR. TOTAL    1.10   07/05 TO 07/06

DEGREE_DAYS
HEATING TOTAL      78                69       9       55
 SINCE 7/1         78                69       9       55
COOLING TOTAL      20                40     -20       62
 SINCE 1/1         34                47     -13       65

FREEZE DATES
RECORD
 EARLIEST     MM
 LATEST       MM
EARLIEST                        MM
LATEST                          MM
..............................................................

WIND (MPH)
AVERAGE WIND SPEED              10.0
HIGHEST WIND SPEED/DIRECTION    43/210    DATE  07/11
HIGHEST GUST SPEED/DIRECTION    53/210    DATE  07/27

SKY COVER
POSSIBLE SUNSHINE (PERCENT)   MM
AVERAGE SKY COVER           0.30
NUMBER OF DAYS FAIR           23
NUMBER OF DAYS PC              5
NUMBER OF DAYS CLOUDY          3

AVERAGE RH (PERCENT)     56

WEATHER CONDITIONS. NUMBER OF DAYS WITH
THUNDERSTORM              0     MIXED PRECIP               0
HEAVY RAIN                6     RAIN                       5
LIGHT RAIN               16     FREEZING RAIN              0
LT FREEZING RAIN          0     HAIL                       0
HEAVY SNOW                0     SNOW                       0
LIGHT SNOW                0     SLEET                      0
FOG                       6     FOG W/VIS <= 1/4 MILE      0
HAZE                      1

-  INDICATES NEGATIVE NUMBERS.
R  INDICATES RECORD WAS SET OR TIED.
MM INDICATES DATA IS MISSING.
T  INDICATES TRACE AMOUNT.
...................................

...THE RAWLINS WY AIRPORT CLIMATE SUMMARY FOR THE MONTH OF JULY 2015...

CLIMATE NORMAL PERIOD 1981 TO 2010
CLIMATE RECORD PERIOD 1951 TO 2015

WEATHER         OBSERVED          NORMAL  DEPART  LAST YEAR`S
                 VALUE   DATE(S)  VALUE   FROM    VALUE
                                          NORMAL
.............................................................
TEMPERATURE (F)
RECORD
 HIGH              98   07/12/1954
                        07/11/1954
 LOW               32   07/07/1993
HIGHEST            90   07/04        MM      MM       96
LOWEST             37   07/29        MM      MM       39
AVG. MAXIMUM     80.9              83.7    -2.8     86.0
AVG. MINIMUM     50.1              50.4    -0.3     52.5
MEAN             65.5              67.0    -1.5     69.3
DAYS MAX >= 90      1               4.9    -3.9       12
DAYS MAX <= 32      0               0.0     0.0        0
DAYS MIN <= 32      0               0.0     0.0        0
DAYS MIN <= 0       0               0.0     0.0        0

PRECIPITATION (INCHES)
RECORD
 MAXIMUM         2.56   1981
 MINIMUM         0.02   1955
TOTALS           0.95              0.84    0.11     0.50
DAYS >= .01         8               6.5     1.5        7
DAYS >= .10         3               2.4     0.6        1
DAYS >= .50         0               0.3    -0.3        0
DAYS >= 1.00        0               0.1    -0.1        0
GREATEST
 24 HR. TOTAL    0.51   07/05 TO 07/06

DEGREE_DAYS
HEATING TOTAL      37                35       2       26
 SINCE 7/1         37                35       2       26
COOLING TOTAL      61                98     -37      164
 SINCE 1/1        122               117       5      177

FREEZE DATES
RECORD
 EARLIEST     MM
 LATEST       MM
EARLIEST                        MM
LATEST                          MM
..............................................................

WIND (MPH)
AVERAGE WIND SPEED              9.8
HIGHEST WIND SPEED/DIRECTION    48/190    DATE  07/27
HIGHEST GUST SPEED/DIRECTION    62/190    DATE  07/27

SKY COVER
POSSIBLE SUNSHINE (PERCENT)   MM
AVERAGE SKY COVER           0.20
NUMBER OF DAYS FAIR           23
NUMBER OF DAYS PC              6
NUMBER OF DAYS CLOUDY          1

AVERAGE RH (PERCENT)     46

WEATHER CONDITIONS. NUMBER OF DAYS WITH
THUNDERSTORM              0     MIXED PRECIP               0
HEAVY RAIN                2     RAIN                       5
LIGHT RAIN               13     FREEZING RAIN              0
LT FREEZING RAIN          0     HAIL                       0
HEAVY SNOW                0     SNOW                       0
LIGHT SNOW                0     SLEET                      0
FOG                       5     FOG W/VIS <= 1/4 MILE      0
HAZE                      1

-  INDICATES NEGATIVE NUMBERS.
R  INDICATES RECORD WAS SET OR TIED.
MM INDICATES DATA IS MISSING.
T  INDICATES TRACE AMOUNT.
...................................

...THE TORRINGTON WY AIRPORT CLIMATE SUMMARY FOR THE MONTH OF JULY 2015...

CLIMATE NORMAL PERIOD 1981 TO 2010
CLIMATE RECORD PERIOD 1998 TO 2015

WEATHER         OBSERVED          NORMAL  DEPART  LAST YEAR`S
                 VALUE   DATE(S)  VALUE   FROM    VALUE
                                          NORMAL
.............................................................
TEMPERATURE (F)
RECORD
 HIGH             107   07/16/2006
                        07/15/2006
 LOW               42   07/30/2009
HIGHEST            98   07/26        MM      MM      103
LOWEST             46   07/29        MM      MM       43
AVG. MAXIMUM     86.9              90.0    -3.1     88.6
AVG. MINIMUM     56.4              57.8    -1.4     57.1
MEAN             71.7              73.9    -2.2     72.8
DAYS MAX >= 90     16              17.7    -1.7       16
DAYS MAX <= 32      0               0.0     0.0        0
DAYS MIN <= 32      0               0.0     0.0        0
DAYS MIN <= 0       0               0.0     0.0        0

PRECIPITATION (INCHES)
RECORD
 MAXIMUM           MM   MM
 MINIMUM           MM   MM
TOTALS           1.92              1.80    0.12     1.35
DAYS >= .01         9                MM      MM        9
DAYS >= .10         7                MM      MM        6
DAYS >= .50         1                MM      MM        0
DAYS >= 1.00        0                MM      MM        0
GREATEST
 24 HR. TOTAL    0.96   07/05 TO 07/06

DEGREE_DAYS
HEATING TOTAL       8                 6       2        7
 SINCE 7/1          8                 6       2        7
COOLING TOTAL     222               282     -60      258
 SINCE 1/1        372               416     -44      336

FREEZE DATES
RECORD
 EARLIEST     MM
 LATEST       MM
EARLIEST                        MM
LATEST                          MM
..............................................................

WIND (MPH)
AVERAGE WIND SPEED              8.1
HIGHEST WIND SPEED/DIRECTION    40/160    DATE  07/27
HIGHEST GUST SPEED/DIRECTION    48/160    DATE  07/27

SKY COVER
POSSIBLE SUNSHINE (PERCENT)   MM
AVERAGE SKY COVER           0.20
NUMBER OF DAYS FAIR           25
NUMBER OF DAYS PC              4
NUMBER OF DAYS CLOUDY          2

AVERAGE RH (PERCENT)     58

WEATHER CONDITIONS. NUMBER OF DAYS WITH
THUNDERSTORM              0     MIXED PRECIP               0
HEAVY RAIN                2     RAIN                       5
LIGHT RAIN               14     FREEZING RAIN              0
LT FREEZING RAIN          0     HAIL                       0
HEAVY SNOW                0     SNOW                       0
LIGHT SNOW                0     SLEET                      0
FOG                       8     FOG W/VIS <= 1/4 MILE      0
HAZE                      4

-  INDICATES NEGATIVE NUMBERS.
R  INDICATES RECORD WAS SET OR TIED.
MM INDICATES DATA IS MISSING.
T  INDICATES TRACE AMOUNT.

$$
