000
CXUS53 KDVN 011418
CLMCID

CLIMATE REPORT
NATIONAL WEATHER SERVICE QUAD CITIES IA IL
709 AM CDT MON JUN 1 2015

...................................

...THE CEDAR RAPIDS IA CLIMATE SUMMARY FOR THE MONTH OF MAY 2015...

CLIMATE NORMAL PERIOD 1981 TO 2010
CLIMATE RECORD PERIOD 1891 TO 2015

WEATHER         OBSERVED          NORMAL  DEPART
                 VALUE   DATE(S)  VALUE   FROM
                                          NORMAL
................................................
TEMPERATURE (F)
RECORD
 HIGH             104   05/31/1934
 LOW               24   05/07/1925
HIGHEST            82   05/03        76       6
LOWEST             35   05/21        44      -9
AVG. MAXIMUM     71.5              71.3     0.2
AVG. MINIMUM     51.7              49.0     2.7
MEAN             61.6              60.1     1.5
DAYS MAX >= 90      0
DAYS MAX <= 32      0
DAYS MIN <= 32      0
DAYS MIN <= 0       0

PRECIPITATION (INCHES)
TOTALS           3.63              4.15   -0.52
DAILY AVG.       0.12              0.13   -0.01
DAYS >= .01        16
DAYS >= .10        11
DAYS >= .50         2
DAYS >= 1.00        0
GREATEST
 24 HR. TOTAL    0.81   05/24 TO 05/25

DEGREE_DAYS
HEATING TOTAL     139               192     -53
 SINCE 7/1       6957              6837     120
COOLING TOTAL      50                42       8
 SINCE 1/1         50                49       1
.................................................

WIND (MPH)
AVERAGE WIND SPEED              11.1
HIGHEST WIND SPEED/DIRECTION    37/190    DATE  05/06
HIGHEST GUST SPEED/DIRECTION    47/180    DATE  05/06

SKY COVER
POSSIBLE SUNSHINE (PERCENT)   MM
AVERAGE SKY COVER           0.50
NUMBER OF DAYS FAIR            8
NUMBER OF DAYS PC             15
NUMBER OF DAYS CLOUDY          8

AVERAGE RH (PERCENT)     74

WEATHER CONDITIONS. NUMBER OF DAYS WITH
THUNDERSTORM              6     HAIL                       0
SLEET                     0     FOG                       20
FOG W/VIS <= 1/4 MILE     2     HAZE                       3

-  INDICATES NEGATIVE NUMBERS.
R  INDICATES RECORD WAS SET OR TIED.
MM INDICATES DATA IS MISSING.
T  INDICATES TRACE AMOUNT.

CONTAINS PRECIPITATION DATA FROM SUPPLIMENTAL CLIMATE SITE - MAY 3-4

$$
