000
CXUS53 KTOP 011429
CLMCNK


CLIMATE REPORT
NATIONAL WEATHER SERVICE TOPEKA KS
824 AM CST MON DEC 1 2014

...................................

...THE CONCORDIA KS CLIMATE SUMMARY FOR THE MONTH OF NOVEMBER 2014...

CLIMATE NORMAL PERIOD 1981 TO 2010
CLIMATE RECORD PERIOD 1885 TO 2014

WEATHER         OBSERVED          NORMAL  DEPART  LAST YEAR`S
                 VALUE   DATE(S)  VALUE   FROM    VALUE
                                          NORMAL
.............................................................
TEMPERATURE (F)
RECORD
 HIGH              85   11/08/2006
 LOW              -15   11/27/1887
HIGHEST            71   11/05        59      12       69
LOWEST              8   11/18        25     -17       10
AVG. MAXIMUM     49.3              52.2    -2.9     52.3
AVG. MINIMUM     24.8              31.1    -6.3     28.2
MEAN             37.0              41.6    -4.6     40.2
DAYS MAX >= 90      0               0.0     0.0        0
DAYS MAX <= 32      6               1.8     4.2        3
DAYS MIN <= 32     19              16.2     2.8       17
DAYS MIN <= 0       0               0.0     0.0        0

PRECIPITATION (INCHES)
RECORD
 MAXIMUM         4.88   1971
 MINIMUM         0.00   1989
                        1949
                        1936
TOTALS           0.11              1.11   -1.00     1.15
DAILY AVG.       0.00              0.04   -0.04     0.04
DAYS >= .01         4               5.2    -1.2        2
DAYS >= .10         0               2.5    -2.5        1
DAYS >= .50         0               0.5    -0.5        1
DAYS >= 1.00        0               0.3    -0.3        1
GREATEST
 24 HR. TOTAL    0.05   11/15 TO 11/15              1.09

SNOWFALL (INCHES)
RECORDS
 TOTAL           10.4   1957
TOTALS            1.1               2.5    -1.4        T
SINCE 7/1         1.1               2.7    -1.6        T
SNOWDEPTH AVG.      0                                  0
DAYS >= 1.0         0               0.7    -0.7        0
GREATEST
 SNOW DEPTH         1   11/16                          0
 24 HR TOTAL      0.8   MM                             T

DEGREE_DAYS
HEATING TOTAL     832               701     131      712
 SINCE 7/1       1163              1092      71     1056
COOLING TOTAL       0                 1      -1        0
 SINCE 1/1       1368              1349      19     1359
..............................................................

WIND (MPH)
AVERAGE WIND SPEED              11.8
HIGHEST WIND SPEED/DIRECTION    35/350    DATE  11/10
HIGHEST GUST SPEED/DIRECTION    45/330    DATE  11/10

SKY COVER
POSSIBLE SUNSHINE (PERCENT)   MM
AVERAGE SKY COVER           0.20
NUMBER OF DAYS FAIR           22
NUMBER OF DAYS PC              7
NUMBER OF DAYS CLOUDY          1

AVERAGE RH (PERCENT)     61

WEATHER CONDITIONS. NUMBER OF DAYS WITH
THUNDERSTORM              0     MIXED PRECIP               0
HEAVY RAIN                0     RAIN                       0
LIGHT RAIN                1     FREEZING RAIN              0
LT FREEZING RAIN          0     HEAVY SNOW                 0
SNOW                      3     LIGHT SNOW                 3
FOG                       6     FOG W/VIS <= 1/4 MILE      2
HAZE                      4

-  INDICATES NEGATIVE NUMBERS.
R  INDICATES RECORD WAS SET OR TIED.
MM INDICATES DATA IS MISSING.
T  INDICATES TRACE AMOUNT.

$$
